{"text_format":"1","workbook":"xlsx","n_sheets":8,"sheets":["School Info","Invoices","Facility Expenditure Report","Expenditure Overview","Eligible Costs","All schools","Instructions","FAQ"],"not_rendered":{"charts":0,"images":13,"macros":1,"external_links":0,"defined_names":12,"comments":0,"pivot_tables":0},"unopened":[],"bounds":{"document_bytes":16777216,"sheet_cells":100000,"rows_first":2000,"rows_last":500,"rows_between":2000,"halvings":0,"cell_chars":16384,"cell_head_chars":4096},"cells_cut":0,"cells_raw":0,"read":"whole","date_system":"1900"}

{"sheet":"School Info","index":0,"n_rows":33,"n_cols":12,"rows_kept":33,"cut":false,"hidden":false,"merged":[[26,5,26,10],[32,5,32,10],[17,5,17,10],[4,5,4,10],[5,5,5,10],[9,5,9,10],[11,5,11,10],[7,5,7,10],[13,5,13,10],[14,5,14,10],[15,5,15,10],[16,5,16,10],[20,5,20,10],[21,5,21,10],[22,5,22,10],[19,5,19,10],[27,5,27,10],[28,5,28,10],[29,5,29,10],[30,5,30,10],[31,5,31,10],[1,1,1,2],[2,1,2,2],[23,5,23,10],[24,5,24,10],[25,5,25,10],[18,5,18,10]]}
[]
[null,"CSFA Invoice Template Wizard"]
[null,"Filll in all applicable fields starting with CDS Code"]
[null,"STEP 1 → ","County-District-School (CDS) Code:",null,null,null,"-",null,"-",null,null,{"$f":"VALUE(F4&H4&J4)","v":{"$error":"#VALUE!"}}]
[null,null,"Charter School Name:",null,null,{"$f":"L5","v":""},null,null,null,null,null,{"$f":"IFERROR(VLOOKUP($L$4,'All schools'!A:C,2,FALSE),\"\")","v":""}]
[null,null,"Charter School Number",null,null,{"$f":"L6","v":""},null,null,null,null,null,{"$f":"IFERROR(VLOOKUP($L$4,'All schools'!A:C,3,FALSE),\"\")","v":""}]
[]
[null,null,"Contact Person Name:"]
[]
[null,null,"Phone Number:"]
[]
[null,null,"E-mail Address:"]
[]
[null,null,"Address of Facility(ies) claiming additional costs","Facility 1","F1"]
[null,null,null,"Facility 2","F2"]
[null,null,null,"Facility 3","F3"]
[null,null,null,"⇩ ","F4"]
[null,null,null,null,"F5"]
[null,null,null,null,"F6"]
[null,null,null,null,"F7"]
[null,null,null,null,"F8"]
[null,null,null,null,"F9"]
[null,null,null,null,"F10"]
[null,null,null,null,"F11"]
[null,null,null,null,"F12"]
[null,null,null,null,"F13"]
[null,null,null,null,"F14"]
[null,null,null,null,"F15"]
[null,null,null,null,"F16"]
[null,null,null,null,"F17"]
[null,null,null,null,"F18"]
[null,null,null,null,"F19"]
[null,null,null,null,"F20"]

{"sheet":"Invoices","index":1,"n_rows":105,"n_cols":16,"rows_kept":105,"cut":false,"hidden":false,"merged":[[3,13,104,13],[0,1,1,4],[2,1,2,3]]}
[null,{"$f":"'Facility Expenditure Report'!F8","v":""}]
[null,null,null,null,null,null,null,null,null,null,null,null,null,null,"2014-07-01"]
[null,"Invoices 14-15 True Up",null,null,null,null,null,null,null,null,null,null,null,null,"2015-06-30"]
[null,"PDF Page(s)","Invoice #","Invoice Date","Vendor","Facility\n(Drop-down)","Project Description","Project Type\n(Drop-down)",null,"Requested Costs","Eligible Amount","Comments/ Further Project Description",null,"            AUTHORITY USE ONLY                         AUTHORITY USE ONLY                          AUTHORITY USE ONLY                          AUTHORITY USE ONLY                          AUTHORITY USE ONLY                                   AUTHORITY USE ONLY                                        AUTHORITY USE ONLY                                         AUTHORITY USE ONLY                                                      AUTHORITY USE ONLY                                  AUTHORITY USE ONLY","Eligible Cost Cost (Y/N)","Authority Comments"]
[1,null,null,null,null,null,null,null,{"$f":"INDEX(Costz,M5)","v":0},null,{"$f":"IF(OR(H5=\"Ineligible Costs\",O5=\"N\",O5=\"No\"),0,IF(AND(D5>=$O$2,D5<=$O$3),J5,0))","v":0},null,1]
[2,null,null,null,null,null,null,null,{"$f":"TEXT(H6,)","v":""},null,{"$f":"IF(OR(H6=\"Ineligible Costs\",O6=\"N\",O6=\"No\"),0,IF(AND(D6>=$O$2,D6<=$O$3),J6,0))","v":0}]
[3,null,null,null,null,null,null,null,{"$f":"TEXT(H7,)","v":""},null,0]
[4,null,null,null,null,null,null,null,"",null,0]
[5,null,null,null,null,null,null,null,"",null,0]
[6,null,null,null,null,null,null,null,"",null,0]
[7,null,null,null,null,null,null,null,"",null,0]
[8,null,null,null,null,null,null,null,"",null,0]
[9,null,null,null,null,null,null,null,"",null,0]
[10,null,null,null,null,null,null,null,"",null,0]
[11,null,null,null,null,null,null,null,"",null,0]
[12,null,null,null,null,null,null,null,"",null,0]
[13,null,null,null,null,null,null,null,"",null,0]
[14,null,null,null,null,null,null,null,"",null,0]
[15,null,null,null,null,null,null,null,"",null,0]
[16,null,null,null,null,null,null,null,"",null,0]
[17,null,null,null,null,null,null,null,"",null,0]
[18,null,null,null,null,null,null,null,"",null,0]
[19,null,null,null,null,null,null,null,"",null,0]
[20,null,null,null,null,null,null,null,"",null,0]
[21,null,null,null,null,null,null,null,"",null,0]
[22,null,null,null,null,null,null,null,"",null,0]
[23,null,null,null,null,null,null,null,"",null,0]
[24,null,null,null,null,null,null,null,"",null,0]
[25,null,null,null,null,null,null,null,"",null,0]
[26,null,null,null,null,null,null,null,"",null,0]
[27,null,null,null,null,null,null,null,"",null,0]
[28,null,null,null,null,null,null,null,"",null,0]
[29,null,null,null,null,null,null,null,"",null,0]
[30,null,null,null,null,null,null,null,"",null,0]
[31,null,null,null,null,null,null,null,"",null,0]
[32,null,null,null,null,null,null,null,"",null,0]
[33,null,null,null,null,null,null,null,"",null,0]
[34,null,null,null,null,null,null,null,"",null,0]
[35,null,null,null,null,null,null,null,"",null,0]
[36,null,null,null,null,null,null,null,"",null,0]
[37,null,null,null,null,null,null,null,"",null,0]
[38,null,null,null,null,null,null,null,"",null,0]
[39,null,null,null,null,null,null,null,"",null,0]
[40,null,null,null,null,null,null,null,"",null,0]
[41,null,null,null,null,null,null,null,"",null,0]
[42,null,null,null,null,null,null,null,"",null,0]
[43,null,null,null,null,null,null,null,"",null,0]
[44,null,null,null,null,null,null,null,"",null,0]
[45,null,null,null,null,null,null,null,"",null,0]
[46,null,null,null,null,null,null,null,"",null,0]
[47,null,null,null,null,null,null,null,"",null,0]
[48,null,null,null,null,null,null,null,"",null,0]
[49,null,null,null,null,null,null,null,"",null,0]
[50,null,null,null,null,null,null,null,"",null,0]
[51,null,null,null,null,null,null,null,"",null,0]
[52,null,null,null,null,null,null,null,"",null,0]
[53,null,null,null,null,null,null,null,"",null,0]
[54,null,null,null,null,null,null,null,"",null,0]
[55,null,null,null,null,null,null,null,"",null,0]
[56,null,null,null,null,null,null,null,"",null,0]
[57,null,null,null,null,null,null,null,"",null,0]
[58,null,null,null,null,null,null,null,"",null,0]
[59,null,null,null,null,null,null,null,"",null,0]
[60,null,null,null,null,null,null,null,"",null,0]
[61,null,null,null,null,null,null,null,"",null,0]
[62,null,null,null,null,null,null,null,"",null,0]
[63,null,null,null,null,null,null,null,"",null,0]
[64,null,null,null,null,null,null,null,"",null,0]
[65,null,null,null,null,null,null,null,"",null,0]
[66,null,null,null,null,null,null,null,"",null,{"$f":"IF(OR(H70=\"Ineligible Costs\",O70=\"N\",O70=\"No\"),0,IF(AND(D70>=$O$2,D70<=$O$3),J70,0))","v":0}]
[67,null,null,null,null,null,null,null,{"$f":"TEXT(H71,)","v":""},null,0]
[68,null,null,null,null,null,null,null,"",null,0]
[69,null,null,null,null,null,null,null,"",null,0]
[70,null,null,null,null,null,null,null,"",null,0]
[71,null,null,null,null,null,null,null,"",null,0]
[72,null,null,null,null,null,null,null,"",null,0]
[73,null,null,null,null,null,null,null,"",null,0]
[74,null,null,null,null,null,null,null,"",null,0]
[75,null,null,null,null,null,null,null,"",null,0]
[76,null,null,null,null,null,null,null,"",null,0]
[77,null,null,null,null,null,null,null,"",null,0]
[78,null,null,null,null,null,null,null,"",null,0]
[79,null,null,null,null,null,null,null,"",null,0]
[80,null,null,null,null,null,null,null,"",null,0]
[81,null,null,null,null,null,null,null,"",null,0]
[82,null,null,null,null,null,null,null,"",null,0]
[83,null,null,null,null,null,null,null,"",null,0]
[84,null,null,null,null,null,null,null,"",null,0]
[85,null,null,null,null,null,null,null,"",null,0]
[86,null,null,null,null,null,null,null,"",null,0]
[87,null,null,null,null,null,null,null,"",null,0]
[88,null,null,null,null,null,null,null,"",null,0]
[89,null,null,null,null,null,null,null,"",null,0]
[90,null,null,null,null,null,null,null,"",null,0]
[91,null,null,null,null,null,null,null,"",null,0]
[92,null,null,null,null,null,null,null,"",null,0]
[93,null,null,null,null,null,null,null,"",null,0]
[94,null,null,null,null,null,null,null,"",null,0]
[95,null,null,null,null,null,null,null,"",null,0]
[96,null,null,null,null,null,null,null,"",null,0]
[97,null,null,null,null,null,null,null,"",null,0]
[98,null,null,null,null,null,null,null,"",null,0]
[99,null,null,null,null,null,null,null,"",null,0]
[100,null,null,null,null,null,null,null,"",null,0]
[null,null,null,null,null,null,null,null,null,{"$f":"SUM(J5:J104)","v":0},null,null,null,null,{"$f":"SUM(K5:K104)","v":0}]

{"sheet":"Facility Expenditure Report","index":2,"n_rows":52,"n_cols":13,"rows_kept":52,"cut":false,"hidden":false,"merged":[[11,11,15,13],[10,10,10,11],[38,1,38,7],[39,1,39,7],[40,1,40,7],[41,1,41,7],[43,1,43,7],[14,1,14,5],[15,0,15,8],[37,0,37,8],[16,1,16,7],[19,2,19,5],[20,2,20,5],[21,2,21,5],[22,2,22,5],[23,2,23,5],[26,0,26,8],[27,1,27,7],[32,1,32,5],[34,1,34,5],[35,1,35,5],[8,1,8,4],[8,5,8,7],[9,1,9,4],[9,5,9,7],[12,5,12,7],[10,1,10,4],[10,5,10,7],[11,1,11,2],[11,5,11,7],[3,0,3,8],[4,1,4,7],[5,1,5,7],[6,0,6,8],[7,1,7,4],[7,5,7,7]]}
[null,null,null,null,null,null,null,null,null,"    Complete All Steps to Submit Invoices"]
["California School Finance Authority",null,null,null,null,null,null,null,null,"STEP 1"]
["Revised February 2015"]
["Charter School Facility Grant Program\n2014–15 Facility Invoice Expenditure Report",null,null,null,null,null,null,null,null,"STEP 2"]
[null,"To request final reimbursement for additional fiscal year 2014–15 facility expenditures",null,null,null,null,null,null,null," Click here→"]
[null,"(Education Code Section 47614.5)"]
["SECTION 1.  CHARTER SCHOOL INFORMATION:",null,null,null,null,null,null,null,null,"STEP 3"]
[null,"Charter School Name:",null,null,null,{"$f":"'School Info'!F5","v":""},null,null,null," Click here→"]
[null,"County-District-School (CDS) Code:",null,null,null,{"$f":"IFERROR('School Info'!L4,\"\")","v":""}]
[null,"Charter School Number:",null,null,null,{"$f":"'School Info'!F6","v":""},null,null,null,null,"If the above button doesn't work, simply email this excel file to"]
[null,"Contact Person Name/Title:",null,null,null,{"$f":"'School Info'!F8","v":0},null,null,null,null,"CSFA@treasurer.ca.gov",null,"with the following Attachments:"]
[null,"Phone Number:",null,null,null,{"$f":"'School Info'!F10","v":0},null,null,null,null,null,{"$f":"\"-Signed Signature page\n-Supporting Invoices, receipts, Contracts, and work orders\"","v":"-Signed Signature page\n-Supporting Invoices, receipts, Contracts, and work orders"}]
[null,"E-mail Address:",null,null,null,{"$f":"'School Info'!F12","v":0}]
[]
[]
["SECTION 2.  2014–15 TOTAL EXPENDITURES CLAIMED FOR REIMBURSEMENT"]
[null,"I hereby certify that to the best of my knowledge and belief,  categories A through E below, report the actual amount of expenditures incurred during fiscal year 2014–15 and are not representative of facility's lease rent costs. Each expenditure in the report is  accompanied by an evidence of expenditure and payment including but not limited to, copies of invoices, canceled checks, bank statements. I understand the information provided on this report is subject to audit."]
[null,null,null,null,null,null,"Expenditure Amount"]
[]
[null,"A.  ",{"$f":"'Eligible Costs'!A2","v":"Remodeling"},null,null,null,{"$f":"SUMIF(Invoices!$I:$I,'Facility Expenditure Report'!C20,Invoices!$K:$K)","v":0}]
[null,"B.  ",{"$f":"'Eligible Costs'!A3","v":"Deferred Maintenance"},null,null,null,{"$f":"SUMIF(Invoices!$I:$I,'Facility Expenditure Report'!C21,Invoices!$K:$K)","v":0}]
[null,"C.  ",{"$f":"'Eligible Costs'!A4","v":"Installation"},null,null,null,{"$f":"SUMIF(Invoices!$I:$I,'Facility Expenditure Report'!C22,Invoices!$K:$K)","v":0}]
[null,"D.  ",{"$f":"'Eligible Costs'!A5","v":"Materials"},null,null,null,{"$f":"SUMIF(Invoices!$I:$I,'Facility Expenditure Report'!C23,Invoices!$K:$K)","v":0}]
[null,"E.  ",{"$f":"'Eligible Costs'!A6","v":"Maintaining/Repairing Common Areas"},null,null,null,{"$f":"SUMIF(Invoices!$I:$I,'Facility Expenditure Report'!C24,Invoices!$K:$K)","v":0}]
[null,null,null,"Total:",null,null,{"$f":"SUM(G20:G24)","v":0}]
[]
["SECTION 4.  CHARTER SCHOOL CERTIFICATION"]
[null,"I hereby certify that to the best of my knowledge and belief, this data is true and correct and that all data reported on this certification have been compiled and reported in accordance with state and federal laws and regulations, general legal assurances, and instructions for this report form."]
[]
[]
[null,"Signature of Authorized Charter School Representative",null,null,null,null,"Date"]
[]
[null,"Ana Ponce, CEO"]
[null,"Printed Name and Title"]
[null,"Ana.Ponce@CaminoNuevo.org"]
[null,"E-mail Address"]
[]
["SECTION 5.  Submit completed expenditure report by August 24, 2012 to:  "]
[null,"Noel Davis"]
[null,"Charter Schools Division"]
[null,"California Department of Education"]
[null,"1430 N Street, Suite 5401"]
[null,null,null,null,null,"Sacramento, CA  95814-5901"]
[]
[]
[]
[null,null,"Signature of Principal, CEO, or Lead Administrator",null,null,null,null,"Date"]
[]
[]
[]
[]
[null,null,"Print or Type Name"]

{"sheet":"Expenditure Overview","index":3,"n_rows":109,"n_cols":20,"rows_kept":109,"cut":false,"hidden":false,"merged":[]}
[{"$f":"'Facility Expenditure Report'!F8","v":""}]
["14-15 SB 740 Eligible Expenses "]
[]
[null,null,{"$f":"COUNTIF(Invoices!$I:$I,C5)","v":0},null,null,null,{"$f":"COUNTIF(Invoices!$I:$I,G5)","v":0},null,null,null,{"$f":"COUNTIF(Invoices!$I:$I,K5)","v":0},null,null,null,{"$f":"COUNTIF(Invoices!$I:$I,O5)","v":0},null,null,null,{"$f":"COUNTIF(Invoices!$I:$I,S5)","v":0}]
[null,"Invoice # ",{"$f":"'Eligible Costs'!A2","v":"Remodeling"},"Amounts",null,"Invoice # ",{"$f":"'Eligible Costs'!A3","v":"Deferred Maintenance"},"Amounts",null,"Invoice # ",{"$f":"'Eligible Costs'!A4","v":"Installation"},"Amounts",null,"Invoice # ",{"$f":"'Eligible Costs'!A5","v":"Materials"},"Amounts",null,"Invoice # ",{"$f":"'Eligible Costs'!A6","v":"Maintaining/Repairing Common Areas"},"Amounts"]
[null,{"$f":"IF(ROWS(B$6:B6)<=C$4,INDEX(Invoices!$C$5:$C$104,SMALL(IF(Invoices!$I$5:$I$104=C$5,ROW(Invoices!$C$5:$C$104)-ROW(Invoices!$C$5)+1),ROWS(B$6:B6))),\"\")","v":""},{"$f":"IFERROR(VLOOKUP(B6,Invoices!$C:$L,5,FALSE),\"\")","v":""},{"$f":"IFERROR(VLOOKUP(B6,Invoices!$C:$L,9,FALSE),\"\")","v":""},null,{"$f":"IF(ROWS(F$6:F6)<=G$4,INDEX(Invoices!$C$5:$C$104,SMALL(IF(Invoices!$I$5:$I$104=G$5,ROW(Invoices!$C$5:$C$104)-ROW(Invoices!$C$5)+1),ROWS(F$6:F6))),\"\")","v":""},{"$f":"IFERROR(VLOOKUP(F6,Invoices!$C:$L,5,FALSE),\"\")","v":""},{"$f":"IFERROR(VLOOKUP(F6,Invoices!$C:$L,9,FALSE),\"\")","v":""},null,{"$f":"IF(ROWS(J$6:J6)<=K$4,INDEX(Invoices!$C$5:$C$104,SMALL(IF(Invoices!$I$5:$I$104=K$5,ROW(Invoices!$C$5:$C$104)-ROW(Invoices!$C$5)+1),ROWS(J$6:J6))),\"\")","v":""},{"$f":"IFERROR(VLOOKUP(J6,Invoices!$C:$L,5,FALSE),\"\")","v":""},{"$f":"IFERROR(VLOOKUP(J6,Invoices!$C:$L,9,FALSE),\"\")","v":""},null,{"$f":"IF(ROWS(N$6:N6)<=O$4,INDEX(Invoices!$C$5:$C$104,SMALL(IF(Invoices!$I$5:$I$104=O$5,ROW(Invoices!$C$5:$C$104)-ROW(Invoices!$C$5)+1),ROWS(N$6:N6))),\"\")","v":""},{"$f":"IFERROR(VLOOKUP(N6,Invoices!$C:$L,5,FALSE),\"\")","v":""},{"$f":"IFERROR(VLOOKUP(N6,Invoices!$C:$L,9,FALSE),\"\")","v":""},null,{"$f":"IF(ROWS(R$6:R6)<=S$4,INDEX(Invoices!$C$5:$C$104,SMALL(IF(Invoices!$I$5:$I$104=S$5,ROW(Invoices!$C$5:$C$104)-ROW(Invoices!$C$5)+1),ROWS(R$6:R6))),\"\")","v":""},{"$f":"IFERROR(VLOOKUP(R6,Invoices!$C:$L,5,FALSE),\"\")","v":""},{"$f":"IFERROR(VLOOKUP(R6,Invoices!$C:$L,9,FALSE),\"\")","v":""}]
[null,{"$f":"IF(ROWS(B$6:B7)<=C$4,INDEX(Invoices!$C$5:$C$104,SMALL(IF(Invoices!$I$5:$I$104=C$5,ROW(Invoices!$C$5:$C$104)-ROW(Invoices!$C$5)+1),ROWS(B$6:B7))),\"\")","v":""},{"$f":"IFERROR(VLOOKUP(B7,Invoices!$C:$L,5,FALSE),\"\")","v":""},{"$f":"IFERROR(VLOOKUP(B7,Invoices!$C:$L,9,FALSE),\"\")","v":""},null,{"$f":"IF(ROWS(F$6:F7)<=G$4,INDEX(Invoices!$C$5:$C$104,SMALL(IF(Invoices!$I$5:$I$104=G$5,ROW(Invoices!$C$5:$C$104)-ROW(Invoices!$C$5)+1),ROWS(F$6:F7))),\"\")","v":""},{"$f":"IFERROR(VLOOKUP(F7,Invoices!$C:$L,5,FALSE),\"\")","v":""},{"$f":"IFERROR(VLOOKUP(F7,Invoices!$C:$L,9,FALSE),\"\")","v":""},null,{"$f":"IF(ROWS(J$6:J7)<=K$4,INDEX(Invoices!$C$5:$C$104,SMALL(IF(Invoices!$I$5:$I$104=K$5,ROW(Invoices!$C$5:$C$104)-ROW(Invoices!$C$5)+1),ROWS(J$6:J7))),\"\")","v":""},{"$f":"IFERROR(VLOOKUP(J7,Invoices!$C:$L,5,FALSE),\"\")","v":""},{"$f":"IFERROR(VLOOKUP(J7,Invoices!$C:$L,9,FALSE),\"\")","v":""},null,{"$f":"IF(ROWS(N$6:N7)<=O$4,INDEX(Invoices!$C$5:$C$104,SMALL(IF(Invoices!$I$5:$I$104=O$5,ROW(Invoices!$C$5:$C$104)-ROW(Invoices!$C$5)+1),ROWS(N$6:N7))),\"\")","v":""},{"$f":"IFERROR(VLOOKUP(N7,Invoices!$C:$L,5,FALSE),\"\")","v":""},{"$f":"IFERROR(VLOOKUP(N7,Invoices!$C:$L,9,FALSE),\"\")","v":""},null,{"$f":"IF(ROWS(R$6:R7)<=S$4,INDEX(Invoices!$C$5:$C$104,SMALL(IF(Invoices!$I$5:$I$104=S$5,ROW(Invoices!$C$5:$C$104)-ROW(Invoices!$C$5)+1),ROWS(R$6:R7))),\"\")","v":""},{"$f":"IFERROR(VLOOKUP(R7,Invoices!$C:$L,5,FALSE),\"\")","v":""},{"$f":"IFERROR(VLOOKUP(R7,Invoices!$C:$L,9,FALSE),\"\")","v":""}]
[null,{"$f":"IF(ROWS(B$6:B8)<=C$4,INDEX(Invoices!$C$5:$C$104,SMALL(IF(Invoices!$I$5:$I$104=C$5,ROW(Invoices!$C$5:$C$104)-ROW(Invoices!$C$5)+1),ROWS(B$6:B8))),\"\")","v":""},{"$f":"IFERROR(VLOOKUP(B8,Invoices!$C:$L,5,FALSE),\"\")","v":""},{"$f":"IFERROR(VLOOKUP(B8,Invoices!$C:$L,9,FALSE),\"\")","v":""},null,{"$f":"IF(ROWS(F$6:F8)<=G$4,INDEX(Invoices!$C$5:$C$104,SMALL(IF(Invoices!$I$5:$I$104=G$5,ROW(Invoices!$C$5:$C$104)-ROW(Invoices!$C$5)+1),ROWS(F$6:F8))),\"\")","v":""},{"$f":"IFERROR(VLOOKUP(F8,Invoices!$C:$L,5,FALSE),\"\")","v":""},{"$f":"IFERROR(VLOOKUP(F8,Invoices!$C:$L,9,FALSE),\"\")","v":""},null,{"$f":"IF(ROWS(J$6:J8)<=K$4,INDEX(Invoices!$C$5:$C$104,SMALL(IF(Invoices!$I$5:$I$104=K$5,ROW(Invoices!$C$5:$C$104)-ROW(Invoices!$C$5)+1),ROWS(J$6:J8))),\"\")","v":""},{"$f":"IFERROR(VLOOKUP(J8,Invoices!$C:$L,5,FALSE),\"\")","v":""},{"$f":"IFERROR(VLOOKUP(J8,Invoices!$C:$L,9,FALSE),\"\")","v":""},null,{"$f":"IF(ROWS(N$6:N8)<=O$4,INDEX(Invoices!$C$5:$C$104,SMALL(IF(Invoices!$I$5:$I$104=O$5,ROW(Invoices!$C$5:$C$104)-ROW(Invoices!$C$5)+1),ROWS(N$6:N8))),\"\")","v":""},{"$f":"IFERROR(VLOOKUP(N8,Invoices!$C:$L,5,FALSE),\"\")","v":""},{"$f":"IFERROR(VLOOKUP(N8,Invoices!$C:$L,9,FALSE),\"\")","v":""},null,{"$f":"IF(ROWS(R$6:R8)<=S$4,INDEX(Invoices!$C$5:$C$104,SMALL(IF(Invoices!$I$5:$I$104=S$5,ROW(Invoices!$C$5:$C$104)-ROW(Invoices!$C$5)+1),ROWS(R$6:R8))),\"\")","v":""},{"$f":"IFERROR(VLOOKUP(R8,Invoices!$C:$L,5,FALSE),\"\")","v":""},{"$f":"IFERROR(VLOOKUP(R8,Invoices!$C:$L,9,FALSE),\"\")","v":""}]
[null,{"$f":"IF(ROWS(B$6:B9)<=C$4,INDEX(Invoices!$C$5:$C$104,SMALL(IF(Invoices!$I$5:$I$104=C$5,ROW(Invoices!$C$5:$C$104)-ROW(Invoices!$C$5)+1),ROWS(B$6:B9))),\"\")","v":""},{"$f":"IFERROR(VLOOKUP(B9,Invoices!$C:$L,5,FALSE),\"\")","v":""},{"$f":"IFERROR(VLOOKUP(B9,Invoices!$C:$L,9,FALSE),\"\")","v":""},null,{"$f":"IF(ROWS(F$6:F9)<=G$4,INDEX(Invoices!$C$5:$C$104,SMALL(IF(Invoices!$I$5:$I$104=G$5,ROW(Invoices!$C$5:$C$104)-ROW(Invoices!$C$5)+1),ROWS(F$6:F9))),\"\")","v":""},{"$f":"IFERROR(VLOOKUP(F9,Invoices!$C:$L,5,FALSE),\"\")","v":""},{"$f":"IFERROR(VLOOKUP(F9,Invoices!$C:$L,9,FALSE),\"\")","v":""},null,{"$f":"IF(ROWS(J$6:J9)<=K$4,INDEX(Invoices!$C$5:$C$104,SMALL(IF(Invoices!$I$5:$I$104=K$5,ROW(Invoices!$C$5:$C$104)-ROW(Invoices!$C$5)+1),ROWS(J$6:J9))),\"\")","v":""},{"$f":"IFERROR(VLOOKUP(J9,Invoices!$C:$L,5,FALSE),\"\")","v":""},{"$f":"IFERROR(VLOOKUP(J9,Invoices!$C:$L,9,FALSE),\"\")","v":""},null,{"$f":"IF(ROWS(N$6:N9)<=O$4,INDEX(Invoices!$C$5:$C$104,SMALL(IF(Invoices!$I$5:$I$104=O$5,ROW(Invoices!$C$5:$C$104)-ROW(Invoices!$C$5)+1),ROWS(N$6:N9))),\"\")","v":""},{"$f":"IFERROR(VLOOKUP(N9,Invoices!$C:$L,5,FALSE),\"\")","v":""},{"$f":"IFERROR(VLOOKUP(N9,Invoices!$C:$L,9,FALSE),\"\")","v":""},null,{"$f":"IF(ROWS(R$6:R9)<=S$4,INDEX(Invoices!$C$5:$C$104,SMALL(IF(Invoices!$I$5:$I$104=S$5,ROW(Invoices!$C$5:$C$104)-ROW(Invoices!$C$5)+1),ROWS(R$6:R9))),\"\")","v":""},{"$f":"IFERROR(VLOOKUP(R9,Invoices!$C:$L,5,FALSE),\"\")","v":""},{"$f":"IFERROR(VLOOKUP(R9,Invoices!$C:$L,9,FALSE),\"\")","v":""}]
[null,{"$f":"IF(ROWS(B$6:B10)<=C$4,INDEX(Invoices!$C$5:$C$104,SMALL(IF(Invoices!$I$5:$I$104=C$5,ROW(Invoices!$C$5:$C$104)-ROW(Invoices!$C$5)+1),ROWS(B$6:B10))),\"\")","v":""},{"$f":"IFERROR(VLOOKUP(B10,Invoices!$C:$L,5,FALSE),\"\")","v":""},{"$f":"IFERROR(VLOOKUP(B10,Invoices!$C:$L,9,FALSE),\"\")","v":""},null,{"$f":"IF(ROWS(F$6:F10)<=G$4,INDEX(Invoices!$C$5:$C$104,SMALL(IF(Invoices!$I$5:$I$104=G$5,ROW(Invoices!$C$5:$C$104)-ROW(Invoices!$C$5)+1),ROWS(F$6:F10))),\"\")","v":""},{"$f":"IFERROR(VLOOKUP(F10,Invoices!$C:$L,5,FALSE),\"\")","v":""},{"$f":"IFERROR(VLOOKUP(F10,Invoices!$C:$L,9,FALSE),\"\")","v":""},null,{"$f":"IF(ROWS(J$6:J10)<=K$4,INDEX(Invoices!$C$5:$C$104,SMALL(IF(Invoices!$I$5:$I$104=K$5,ROW(Invoices!$C$5:$C$104)-ROW(Invoices!$C$5)+1),ROWS(J$6:J10))),\"\")","v":""},{"$f":"IFERROR(VLOOKUP(J10,Invoices!$C:$L,5,FALSE),\"\")","v":""},{"$f":"IFERROR(VLOOKUP(J10,Invoices!$C:$L,9,FALSE),\"\")","v":""},null,{"$f":"IF(ROWS(N$6:N10)<=O$4,INDEX(Invoices!$C$5:$C$104,SMALL(IF(Invoices!$I$5:$I$104=O$5,ROW(Invoices!$C$5:$C$104)-ROW(Invoices!$C$5)+1),ROWS(N$6:N10))),\"\")","v":""},{"$f":"IFERROR(VLOOKUP(N10,Invoices!$C:$L,5,FALSE),\"\")","v":""},{"$f":"IFERROR(VLOOKUP(N10,Invoices!$C:$L,9,FALSE),\"\")","v":""},null,{"$f":"IF(ROWS(R$6:R10)<=S$4,INDEX(Invoices!$C$5:$C$104,SMALL(IF(Invoices!$I$5:$I$104=S$5,ROW(Invoices!$C$5:$C$104)-ROW(Invoices!$C$5)+1),ROWS(R$6:R10))),\"\")","v":""},{"$f":"IFERROR(VLOOKUP(R10,Invoices!$C:$L,5,FALSE),\"\")","v":""},{"$f":"IFERROR(VLOOKUP(R10,Invoices!$C:$L,9,FALSE),\"\")","v":""}]
[null,{"$f":"IF(ROWS(B$6:B11)<=C$4,INDEX(Invoices!$C$5:$C$104,SMALL(IF(Invoices!$I$5:$I$104=C$5,ROW(Invoices!$C$5:$C$104)-ROW(Invoices!$C$5)+1),ROWS(B$6:B11))),\"\")","v":""},{"$f":"IFERROR(VLOOKUP(B11,Invoices!$C:$L,5,FALSE),\"\")","v":""},{"$f":"IFERROR(VLOOKUP(B11,Invoices!$C:$L,9,FALSE),\"\")","v":""},null,{"$f":"IF(ROWS(F$6:F11)<=G$4,INDEX(Invoices!$C$5:$C$104,SMALL(IF(Invoices!$I$5:$I$104=G$5,ROW(Invoices!$C$5:$C$104)-ROW(Invoices!$C$5)+1),ROWS(F$6:F11))),\"\")","v":""},{"$f":"IFERROR(VLOOKUP(F11,Invoices!$C:$L,5,FALSE),\"\")","v":""},{"$f":"IFERROR(VLOOKUP(F11,Invoices!$C:$L,9,FALSE),\"\")","v":""},null,{"$f":"IF(ROWS(J$6:J11)<=K$4,INDEX(Invoices!$C$5:$C$104,SMALL(IF(Invoices!$I$5:$I$104=K$5,ROW(Invoices!$C$5:$C$104)-ROW(Invoices!$C$5)+1),ROWS(J$6:J11))),\"\")","v":""},{"$f":"IFERROR(VLOOKUP(J11,Invoices!$C:$L,5,FALSE),\"\")","v":""},{"$f":"IFERROR(VLOOKUP(J11,Invoices!$C:$L,9,FALSE),\"\")","v":""},null,{"$f":"IF(ROWS(N$6:N11)<=O$4,INDEX(Invoices!$C$5:$C$104,SMALL(IF(Invoices!$I$5:$I$104=O$5,ROW(Invoices!$C$5:$C$104)-ROW(Invoices!$C$5)+1),ROWS(N$6:N11))),\"\")","v":""},{"$f":"IFERROR(VLOOKUP(N11,Invoices!$C:$L,5,FALSE),\"\")","v":""},{"$f":"IFERROR(VLOOKUP(N11,Invoices!$C:$L,9,FALSE),\"\")","v":""},null,{"$f":"IF(ROWS(R$6:R11)<=S$4,INDEX(Invoices!$C$5:$C$104,SMALL(IF(Invoices!$I$5:$I$104=S$5,ROW(Invoices!$C$5:$C$104)-ROW(Invoices!$C$5)+1),ROWS(R$6:R11))),\"\")","v":""},{"$f":"IFERROR(VLOOKUP(R11,Invoices!$C:$L,5,FALSE),\"\")","v":""},{"$f":"IFERROR(VLOOKUP(R11,Invoices!$C:$L,9,FALSE),\"\")","v":""}]
[null,{"$f":"IF(ROWS(B$6:B12)<=C$4,INDEX(Invoices!$C$5:$C$104,SMALL(IF(Invoices!$I$5:$I$104=C$5,ROW(Invoices!$C$5:$C$104)-ROW(Invoices!$C$5)+1),ROWS(B$6:B12))),\"\")","v":""},{"$f":"IFERROR(VLOOKUP(B12,Invoices!$C:$L,5,FALSE),\"\")","v":""},{"$f":"IFERROR(VLOOKUP(B12,Invoices!$C:$L,9,FALSE),\"\")","v":""},null,{"$f":"IF(ROWS(F$6:F12)<=G$4,INDEX(Invoices!$C$5:$C$104,SMALL(IF(Invoices!$I$5:$I$104=G$5,ROW(Invoices!$C$5:$C$104)-ROW(Invoices!$C$5)+1),ROWS(F$6:F12))),\"\")","v":""},{"$f":"IFERROR(VLOOKUP(F12,Invoices!$C:$L,5,FALSE),\"\")","v":""},{"$f":"IFERROR(VLOOKUP(F12,Invoices!$C:$L,9,FALSE),\"\")","v":""},null,{"$f":"IF(ROWS(J$6:J12)<=K$4,INDEX(Invoices!$C$5:$C$104,SMALL(IF(Invoices!$I$5:$I$104=K$5,ROW(Invoices!$C$5:$C$104)-ROW(Invoices!$C$5)+1),ROWS(J$6:J12))),\"\")","v":""},{"$f":"IFERROR(VLOOKUP(J12,Invoices!$C:$L,5,FALSE),\"\")","v":""},{"$f":"IFERROR(VLOOKUP(J12,Invoices!$C:$L,9,FALSE),\"\")","v":""},null,{"$f":"IF(ROWS(N$6:N12)<=O$4,INDEX(Invoices!$C$5:$C$104,SMALL(IF(Invoices!$I$5:$I$104=O$5,ROW(Invoices!$C$5:$C$104)-ROW(Invoices!$C$5)+1),ROWS(N$6:N12))),\"\")","v":""},{"$f":"IFERROR(VLOOKUP(N12,Invoices!$C:$L,5,FALSE),\"\")","v":""},{"$f":"IFERROR(VLOOKUP(N12,Invoices!$C:$L,9,FALSE),\"\")","v":""},null,{"$f":"IF(ROWS(R$6:R12)<=S$4,INDEX(Invoices!$C$5:$C$104,SMALL(IF(Invoices!$I$5:$I$104=S$5,ROW(Invoices!$C$5:$C$104)-ROW(Invoices!$C$5)+1),ROWS(R$6:R12))),\"\")","v":""},{"$f":"IFERROR(VLOOKUP(R12,Invoices!$C:$L,5,FALSE),\"\")","v":""},{"$f":"IFERROR(VLOOKUP(R12,Invoices!$C:$L,9,FALSE),\"\")","v":""}]
[null,{"$f":"IF(ROWS(B$6:B13)<=C$4,INDEX(Invoices!$C$5:$C$104,SMALL(IF(Invoices!$I$5:$I$104=C$5,ROW(Invoices!$C$5:$C$104)-ROW(Invoices!$C$5)+1),ROWS(B$6:B13))),\"\")","v":""},{"$f":"IFERROR(VLOOKUP(B13,Invoices!$C:$L,5,FALSE),\"\")","v":""},{"$f":"IFERROR(VLOOKUP(B13,Invoices!$C:$L,9,FALSE),\"\")","v":""},null,{"$f":"IF(ROWS(F$6:F13)<=G$4,INDEX(Invoices!$C$5:$C$104,SMALL(IF(Invoices!$I$5:$I$104=G$5,ROW(Invoices!$C$5:$C$104)-ROW(Invoices!$C$5)+1),ROWS(F$6:F13))),\"\")","v":""},{"$f":"IFERROR(VLOOKUP(F13,Invoices!$C:$L,5,FALSE),\"\")","v":""},{"$f":"IFERROR(VLOOKUP(F13,Invoices!$C:$L,9,FALSE),\"\")","v":""},null,{"$f":"IF(ROWS(J$6:J13)<=K$4,INDEX(Invoices!$C$5:$C$104,SMALL(IF(Invoices!$I$5:$I$104=K$5,ROW(Invoices!$C$5:$C$104)-ROW(Invoices!$C$5)+1),ROWS(J$6:J13))),\"\")","v":""},{"$f":"IFERROR(VLOOKUP(J13,Invoices!$C:$L,5,FALSE),\"\")","v":""},{"$f":"IFERROR(VLOOKUP(J13,Invoices!$C:$L,9,FALSE),\"\")","v":""},null,{"$f":"IF(ROWS(N$6:N13)<=O$4,INDEX(Invoices!$C$5:$C$104,SMALL(IF(Invoices!$I$5:$I$104=O$5,ROW(Invoices!$C$5:$C$104)-ROW(Invoices!$C$5)+1),ROWS(N$6:N13))),\"\")","v":""},{"$f":"IFERROR(VLOOKUP(N13,Invoices!$C:$L,5,FALSE),\"\")","v":""},{"$f":"IFERROR(VLOOKUP(N13,Invoices!$C:$L,9,FALSE),\"\")","v":""},null,{"$f":"IF(ROWS(R$6:R13)<=S$4,INDEX(Invoices!$C$5:$C$104,SMALL(IF(Invoices!$I$5:$I$104=S$5,ROW(Invoices!$C$5:$C$104)-ROW(Invoices!$C$5)+1),ROWS(R$6:R13))),\"\")","v":""},{"$f":"IFERROR(VLOOKUP(R13,Invoices!$C:$L,5,FALSE),\"\")","v":""},{"$f":"IFERROR(VLOOKUP(R13,Invoices!$C:$L,9,FALSE),\"\")","v":""}]
[null,{"$f":"IF(ROWS(B$6:B14)<=C$4,INDEX(Invoices!$C$5:$C$104,SMALL(IF(Invoices!$I$5:$I$104=C$5,ROW(Invoices!$C$5:$C$104)-ROW(Invoices!$C$5)+1),ROWS(B$6:B14))),\"\")","v":""},{"$f":"IFERROR(VLOOKUP(B14,Invoices!$C:$L,5,FALSE),\"\")","v":""},{"$f":"IFERROR(VLOOKUP(B14,Invoices!$C:$L,9,FALSE),\"\")","v":""},null,{"$f":"IF(ROWS(F$6:F14)<=G$4,INDEX(Invoices!$C$5:$C$104,SMALL(IF(Invoices!$I$5:$I$104=G$5,ROW(Invoices!$C$5:$C$104)-ROW(Invoices!$C$5)+1),ROWS(F$6:F14))),\"\")","v":""},{"$f":"IFERROR(VLOOKUP(F14,Invoices!$C:$L,5,FALSE),\"\")","v":""},{"$f":"IFERROR(VLOOKUP(F14,Invoices!$C:$L,9,FALSE),\"\")","v":""},null,{"$f":"IF(ROWS(J$6:J14)<=K$4,INDEX(Invoices!$C$5:$C$104,SMALL(IF(Invoices!$I$5:$I$104=K$5,ROW(Invoices!$C$5:$C$104)-ROW(Invoices!$C$5)+1),ROWS(J$6:J14))),\"\")","v":""},{"$f":"IFERROR(VLOOKUP(J14,Invoices!$C:$L,5,FALSE),\"\")","v":""},{"$f":"IFERROR(VLOOKUP(J14,Invoices!$C:$L,9,FALSE),\"\")","v":""},null,{"$f":"IF(ROWS(N$6:N14)<=O$4,INDEX(Invoices!$C$5:$C$104,SMALL(IF(Invoices!$I$5:$I$104=O$5,ROW(Invoices!$C$5:$C$104)-ROW(Invoices!$C$5)+1),ROWS(N$6:N14))),\"\")","v":""},{"$f":"IFERROR(VLOOKUP(N14,Invoices!$C:$L,5,FALSE),\"\")","v":""},{"$f":"IFERROR(VLOOKUP(N14,Invoices!$C:$L,9,FALSE),\"\")","v":""},null,{"$f":"IF(ROWS(R$6:R14)<=S$4,INDEX(Invoices!$C$5:$C$104,SMALL(IF(Invoices!$I$5:$I$104=S$5,ROW(Invoices!$C$5:$C$104)-ROW(Invoices!$C$5)+1),ROWS(R$6:R14))),\"\")","v":""},{"$f":"IFERROR(VLOOKUP(R14,Invoices!$C:$L,5,FALSE),\"\")","v":""},{"$f":"IFERROR(VLOOKUP(R14,Invoices!$C:$L,9,FALSE),\"\")","v":""}]
[null,{"$f":"IF(ROWS(B$6:B15)<=C$4,INDEX(Invoices!$C$5:$C$104,SMALL(IF(Invoices!$I$5:$I$104=C$5,ROW(Invoices!$C$5:$C$104)-ROW(Invoices!$C$5)+1),ROWS(B$6:B15))),\"\")","v":""},{"$f":"IFERROR(VLOOKUP(B15,Invoices!$C:$L,5,FALSE),\"\")","v":""},{"$f":"IFERROR(VLOOKUP(B15,Invoices!$C:$L,9,FALSE),\"\")","v":""},null,{"$f":"IF(ROWS(F$6:F15)<=G$4,INDEX(Invoices!$C$5:$C$104,SMALL(IF(Invoices!$I$5:$I$104=G$5,ROW(Invoices!$C$5:$C$104)-ROW(Invoices!$C$5)+1),ROWS(F$6:F15))),\"\")","v":""},{"$f":"IFERROR(VLOOKUP(F15,Invoices!$C:$L,5,FALSE),\"\")","v":""},{"$f":"IFERROR(VLOOKUP(F15,Invoices!$C:$L,9,FALSE),\"\")","v":""},null,{"$f":"IF(ROWS(J$6:J15)<=K$4,INDEX(Invoices!$C$5:$C$104,SMALL(IF(Invoices!$I$5:$I$104=K$5,ROW(Invoices!$C$5:$C$104)-ROW(Invoices!$C$5)+1),ROWS(J$6:J15))),\"\")","v":""},{"$f":"IFERROR(VLOOKUP(J15,Invoices!$C:$L,5,FALSE),\"\")","v":""},{"$f":"IFERROR(VLOOKUP(J15,Invoices!$C:$L,9,FALSE),\"\")","v":""},null,{"$f":"IF(ROWS(N$6:N15)<=O$4,INDEX(Invoices!$C$5:$C$104,SMALL(IF(Invoices!$I$5:$I$104=O$5,ROW(Invoices!$C$5:$C$104)-ROW(Invoices!$C$5)+1),ROWS(N$6:N15))),\"\")","v":""},{"$f":"IFERROR(VLOOKUP(N15,Invoices!$C:$L,5,FALSE),\"\")","v":""},{"$f":"IFERROR(VLOOKUP(N15,Invoices!$C:$L,9,FALSE),\"\")","v":""},null,{"$f":"IF(ROWS(R$6:R15)<=S$4,INDEX(Invoices!$C$5:$C$104,SMALL(IF(Invoices!$I$5:$I$104=S$5,ROW(Invoices!$C$5:$C$104)-ROW(Invoices!$C$5)+1),ROWS(R$6:R15))),\"\")","v":""},{"$f":"IFERROR(VLOOKUP(R15,Invoices!$C:$L,5,FALSE),\"\")","v":""},{"$f":"IFERROR(VLOOKUP(R15,Invoices!$C:$L,9,FALSE),\"\")","v":""}]
[null,{"$f":"IF(ROWS(B$6:B16)<=C$4,INDEX(Invoices!$C$5:$C$104,SMALL(IF(Invoices!$I$5:$I$104=C$5,ROW(Invoices!$C$5:$C$104)-ROW(Invoices!$C$5)+1),ROWS(B$6:B16))),\"\")","v":""},{"$f":"IFERROR(VLOOKUP(B16,Invoices!$C:$L,5,FALSE),\"\")","v":""},{"$f":"IFERROR(VLOOKUP(B16,Invoices!$C:$L,9,FALSE),\"\")","v":""},null,{"$f":"IF(ROWS(F$6:F16)<=G$4,INDEX(Invoices!$C$5:$C$104,SMALL(IF(Invoices!$I$5:$I$104=G$5,ROW(Invoices!$C$5:$C$104)-ROW(Invoices!$C$5)+1),ROWS(F$6:F16))),\"\")","v":""},{"$f":"IFERROR(VLOOKUP(F16,Invoices!$C:$L,5,FALSE),\"\")","v":""},{"$f":"IFERROR(VLOOKUP(F16,Invoices!$C:$L,9,FALSE),\"\")","v":""},null,{"$f":"IF(ROWS(J$6:J16)<=K$4,INDEX(Invoices!$C$5:$C$104,SMALL(IF(Invoices!$I$5:$I$104=K$5,ROW(Invoices!$C$5:$C$104)-ROW(Invoices!$C$5)+1),ROWS(J$6:J16))),\"\")","v":""},{"$f":"IFERROR(VLOOKUP(J16,Invoices!$C:$L,5,FALSE),\"\")","v":""},{"$f":"IFERROR(VLOOKUP(J16,Invoices!$C:$L,9,FALSE),\"\")","v":""},null,{"$f":"IF(ROWS(N$6:N16)<=O$4,INDEX(Invoices!$C$5:$C$104,SMALL(IF(Invoices!$I$5:$I$104=O$5,ROW(Invoices!$C$5:$C$104)-ROW(Invoices!$C$5)+1),ROWS(N$6:N16))),\"\")","v":""},{"$f":"IFERROR(VLOOKUP(N16,Invoices!$C:$L,5,FALSE),\"\")","v":""},{"$f":"IFERROR(VLOOKUP(N16,Invoices!$C:$L,9,FALSE),\"\")","v":""},null,{"$f":"IF(ROWS(R$6:R16)<=S$4,INDEX(Invoices!$C$5:$C$104,SMALL(IF(Invoices!$I$5:$I$104=S$5,ROW(Invoices!$C$5:$C$104)-ROW(Invoices!$C$5)+1),ROWS(R$6:R16))),\"\")","v":""},{"$f":"IFERROR(VLOOKUP(R16,Invoices!$C:$L,5,FALSE),\"\")","v":""},{"$f":"IFERROR(VLOOKUP(R16,Invoices!$C:$L,9,FALSE),\"\")","v":""}]
[null,{"$f":"IF(ROWS(B$6:B17)<=C$4,INDEX(Invoices!$C$5:$C$104,SMALL(IF(Invoices!$I$5:$I$104=C$5,ROW(Invoices!$C$5:$C$104)-ROW(Invoices!$C$5)+1),ROWS(B$6:B17))),\"\")","v":""},{"$f":"IFERROR(VLOOKUP(B17,Invoices!$C:$L,5,FALSE),\"\")","v":""},{"$f":"IFERROR(VLOOKUP(B17,Invoices!$C:$L,9,FALSE),\"\")","v":""},null,{"$f":"IF(ROWS(F$6:F17)<=G$4,INDEX(Invoices!$C$5:$C$104,SMALL(IF(Invoices!$I$5:$I$104=G$5,ROW(Invoices!$C$5:$C$104)-ROW(Invoices!$C$5)+1),ROWS(F$6:F17))),\"\")","v":""},{"$f":"IFERROR(VLOOKUP(F17,Invoices!$C:$L,5,FALSE),\"\")","v":""},{"$f":"IFERROR(VLOOKUP(F17,Invoices!$C:$L,9,FALSE),\"\")","v":""},null,{"$f":"IF(ROWS(J$6:J17)<=K$4,INDEX(Invoices!$C$5:$C$104,SMALL(IF(Invoices!$I$5:$I$104=K$5,ROW(Invoices!$C$5:$C$104)-ROW(Invoices!$C$5)+1),ROWS(J$6:J17))),\"\")","v":""},{"$f":"IFERROR(VLOOKUP(J17,Invoices!$C:$L,5,FALSE),\"\")","v":""},{"$f":"IFERROR(VLOOKUP(J17,Invoices!$C:$L,9,FALSE),\"\")","v":""},null,{"$f":"IF(ROWS(N$6:N17)<=O$4,INDEX(Invoices!$C$5:$C$104,SMALL(IF(Invoices!$I$5:$I$104=O$5,ROW(Invoices!$C$5:$C$104)-ROW(Invoices!$C$5)+1),ROWS(N$6:N17))),\"\")","v":""},{"$f":"IFERROR(VLOOKUP(N17,Invoices!$C:$L,5,FALSE),\"\")","v":""},{"$f":"IFERROR(VLOOKUP(N17,Invoices!$C:$L,9,FALSE),\"\")","v":""},null,{"$f":"IF(ROWS(R$6:R17)<=S$4,INDEX(Invoices!$C$5:$C$104,SMALL(IF(Invoices!$I$5:$I$104=S$5,ROW(Invoices!$C$5:$C$104)-ROW(Invoices!$C$5)+1),ROWS(R$6:R17))),\"\")","v":""},{"$f":"IFERROR(VLOOKUP(R17,Invoices!$C:$L,5,FALSE),\"\")","v":""},{"$f":"IFERROR(VLOOKUP(R17,Invoices!$C:$L,9,FALSE),\"\")","v":""}]
[null,{"$f":"IF(ROWS(B$6:B18)<=C$4,INDEX(Invoices!$C$5:$C$104,SMALL(IF(Invoices!$I$5:$I$104=C$5,ROW(Invoices!$C$5:$C$104)-ROW(Invoices!$C$5)+1),ROWS(B$6:B18))),\"\")","v":""},{"$f":"IFERROR(VLOOKUP(B18,Invoices!$C:$L,5,FALSE),\"\")","v":""},{"$f":"IFERROR(VLOOKUP(B18,Invoices!$C:$L,9,FALSE),\"\")","v":""},null,{"$f":"IF(ROWS(F$6:F18)<=G$4,INDEX(Invoices!$C$5:$C$104,SMALL(IF(Invoices!$I$5:$I$104=G$5,ROW(Invoices!$C$5:$C$104)-ROW(Invoices!$C$5)+1),ROWS(F$6:F18))),\"\")","v":""},{"$f":"IFERROR(VLOOKUP(F18,Invoices!$C:$L,5,FALSE),\"\")","v":""},{"$f":"IFERROR(VLOOKUP(F18,Invoices!$C:$L,9,FALSE),\"\")","v":""},null,{"$f":"IF(ROWS(J$6:J18)<=K$4,INDEX(Invoices!$C$5:$C$104,SMALL(IF(Invoices!$I$5:$I$104=K$5,ROW(Invoices!$C$5:$C$104)-ROW(Invoices!$C$5)+1),ROWS(J$6:J18))),\"\")","v":""},{"$f":"IFERROR(VLOOKUP(J18,Invoices!$C:$L,5,FALSE),\"\")","v":""},{"$f":"IFERROR(VLOOKUP(J18,Invoices!$C:$L,9,FALSE),\"\")","v":""},null,{"$f":"IF(ROWS(N$6:N18)<=O$4,INDEX(Invoices!$C$5:$C$104,SMALL(IF(Invoices!$I$5:$I$104=O$5,ROW(Invoices!$C$5:$C$104)-ROW(Invoices!$C$5)+1),ROWS(N$6:N18))),\"\")","v":""},{"$f":"IFERROR(VLOOKUP(N18,Invoices!$C:$L,5,FALSE),\"\")","v":""},{"$f":"IFERROR(VLOOKUP(N18,Invoices!$C:$L,9,FALSE),\"\")","v":""},null,{"$f":"IF(ROWS(R$6:R18)<=S$4,INDEX(Invoices!$C$5:$C$104,SMALL(IF(Invoices!$I$5:$I$104=S$5,ROW(Invoices!$C$5:$C$104)-ROW(Invoices!$C$5)+1),ROWS(R$6:R18))),\"\")","v":""},{"$f":"IFERROR(VLOOKUP(R18,Invoices!$C:$L,5,FALSE),\"\")","v":""},{"$f":"IFERROR(VLOOKUP(R18,Invoices!$C:$L,9,FALSE),\"\")","v":""}]
[null,{"$f":"IF(ROWS(B$6:B19)<=C$4,INDEX(Invoices!$C$5:$C$104,SMALL(IF(Invoices!$I$5:$I$104=C$5,ROW(Invoices!$C$5:$C$104)-ROW(Invoices!$C$5)+1),ROWS(B$6:B19))),\"\")","v":""},{"$f":"IFERROR(VLOOKUP(B19,Invoices!$C:$L,5,FALSE),\"\")","v":""},{"$f":"IFERROR(VLOOKUP(B19,Invoices!$C:$L,9,FALSE),\"\")","v":""},null,{"$f":"IF(ROWS(F$6:F19)<=G$4,INDEX(Invoices!$C$5:$C$104,SMALL(IF(Invoices!$I$5:$I$104=G$5,ROW(Invoices!$C$5:$C$104)-ROW(Invoices!$C$5)+1),ROWS(F$6:F19))),\"\")","v":""},{"$f":"IFERROR(VLOOKUP(F19,Invoices!$C:$L,5,FALSE),\"\")","v":""},{"$f":"IFERROR(VLOOKUP(F19,Invoices!$C:$L,9,FALSE),\"\")","v":""},null,{"$f":"IF(ROWS(J$6:J19)<=K$4,INDEX(Invoices!$C$5:$C$104,SMALL(IF(Invoices!$I$5:$I$104=K$5,ROW(Invoices!$C$5:$C$104)-ROW(Invoices!$C$5)+1),ROWS(J$6:J19))),\"\")","v":""},{"$f":"IFERROR(VLOOKUP(J19,Invoices!$C:$L,5,FALSE),\"\")","v":""},{"$f":"IFERROR(VLOOKUP(J19,Invoices!$C:$L,9,FALSE),\"\")","v":""},null,{"$f":"IF(ROWS(N$6:N19)<=O$4,INDEX(Invoices!$C$5:$C$104,SMALL(IF(Invoices!$I$5:$I$104=O$5,ROW(Invoices!$C$5:$C$104)-ROW(Invoices!$C$5)+1),ROWS(N$6:N19))),\"\")","v":""},{"$f":"IFERROR(VLOOKUP(N19,Invoices!$C:$L,5,FALSE),\"\")","v":""},{"$f":"IFERROR(VLOOKUP(N19,Invoices!$C:$L,9,FALSE),\"\")","v":""},null,{"$f":"IF(ROWS(R$6:R19)<=S$4,INDEX(Invoices!$C$5:$C$104,SMALL(IF(Invoices!$I$5:$I$104=S$5,ROW(Invoices!$C$5:$C$104)-ROW(Invoices!$C$5)+1),ROWS(R$6:R19))),\"\")","v":""},{"$f":"IFERROR(VLOOKUP(R19,Invoices!$C:$L,5,FALSE),\"\")","v":""},{"$f":"IFERROR(VLOOKUP(R19,Invoices!$C:$L,9,FALSE),\"\")","v":""}]
[null,{"$f":"IF(ROWS(B$6:B20)<=C$4,INDEX(Invoices!$C$5:$C$104,SMALL(IF(Invoices!$I$5:$I$104=C$5,ROW(Invoices!$C$5:$C$104)-ROW(Invoices!$C$5)+1),ROWS(B$6:B20))),\"\")","v":""},{"$f":"IFERROR(VLOOKUP(B20,Invoices!$C:$L,5,FALSE),\"\")","v":""},{"$f":"IFERROR(VLOOKUP(B20,Invoices!$C:$L,9,FALSE),\"\")","v":""},null,{"$f":"IF(ROWS(F$6:F20)<=G$4,INDEX(Invoices!$C$5:$C$104,SMALL(IF(Invoices!$I$5:$I$104=G$5,ROW(Invoices!$C$5:$C$104)-ROW(Invoices!$C$5)+1),ROWS(F$6:F20))),\"\")","v":""},{"$f":"IFERROR(VLOOKUP(F20,Invoices!$C:$L,5,FALSE),\"\")","v":""},{"$f":"IFERROR(VLOOKUP(F20,Invoices!$C:$L,9,FALSE),\"\")","v":""},null,{"$f":"IF(ROWS(J$6:J20)<=K$4,INDEX(Invoices!$C$5:$C$104,SMALL(IF(Invoices!$I$5:$I$104=K$5,ROW(Invoices!$C$5:$C$104)-ROW(Invoices!$C$5)+1),ROWS(J$6:J20))),\"\")","v":""},{"$f":"IFERROR(VLOOKUP(J20,Invoices!$C:$L,5,FALSE),\"\")","v":""},{"$f":"IFERROR(VLOOKUP(J20,Invoices!$C:$L,9,FALSE),\"\")","v":""},null,{"$f":"IF(ROWS(N$6:N20)<=O$4,INDEX(Invoices!$C$5:$C$104,SMALL(IF(Invoices!$I$5:$I$104=O$5,ROW(Invoices!$C$5:$C$104)-ROW(Invoices!$C$5)+1),ROWS(N$6:N20))),\"\")","v":""},{"$f":"IFERROR(VLOOKUP(N20,Invoices!$C:$L,5,FALSE),\"\")","v":""},{"$f":"IFERROR(VLOOKUP(N20,Invoices!$C:$L,9,FALSE),\"\")","v":""},null,{"$f":"IF(ROWS(R$6:R20)<=S$4,INDEX(Invoices!$C$5:$C$104,SMALL(IF(Invoices!$I$5:$I$104=S$5,ROW(Invoices!$C$5:$C$104)-ROW(Invoices!$C$5)+1),ROWS(R$6:R20))),\"\")","v":""},{"$f":"IFERROR(VLOOKUP(R20,Invoices!$C:$L,5,FALSE),\"\")","v":""},{"$f":"IFERROR(VLOOKUP(R20,Invoices!$C:$L,9,FALSE),\"\")","v":""}]
[null,{"$f":"IF(ROWS(B$6:B21)<=C$4,INDEX(Invoices!$C$5:$C$104,SMALL(IF(Invoices!$I$5:$I$104=C$5,ROW(Invoices!$C$5:$C$104)-ROW(Invoices!$C$5)+1),ROWS(B$6:B21))),\"\")","v":""},{"$f":"IFERROR(VLOOKUP(B21,Invoices!$C:$L,5,FALSE),\"\")","v":""},{"$f":"IFERROR(VLOOKUP(B21,Invoices!$C:$L,9,FALSE),\"\")","v":""},null,{"$f":"IF(ROWS(F$6:F21)<=G$4,INDEX(Invoices!$C$5:$C$104,SMALL(IF(Invoices!$I$5:$I$104=G$5,ROW(Invoices!$C$5:$C$104)-ROW(Invoices!$C$5)+1),ROWS(F$6:F21))),\"\")","v":""},{"$f":"IFERROR(VLOOKUP(F21,Invoices!$C:$L,5,FALSE),\"\")","v":""},{"$f":"IFERROR(VLOOKUP(F21,Invoices!$C:$L,9,FALSE),\"\")","v":""},null,{"$f":"IF(ROWS(J$6:J21)<=K$4,INDEX(Invoices!$C$5:$C$104,SMALL(IF(Invoices!$I$5:$I$104=K$5,ROW(Invoices!$C$5:$C$104)-ROW(Invoices!$C$5)+1),ROWS(J$6:J21))),\"\")","v":""},{"$f":"IFERROR(VLOOKUP(J21,Invoices!$C:$L,5,FALSE),\"\")","v":""},{"$f":"IFERROR(VLOOKUP(J21,Invoices!$C:$L,9,FALSE),\"\")","v":""},null,{"$f":"IF(ROWS(N$6:N21)<=O$4,INDEX(Invoices!$C$5:$C$104,SMALL(IF(Invoices!$I$5:$I$104=O$5,ROW(Invoices!$C$5:$C$104)-ROW(Invoices!$C$5)+1),ROWS(N$6:N21))),\"\")","v":""},{"$f":"IFERROR(VLOOKUP(N21,Invoices!$C:$L,5,FALSE),\"\")","v":""},{"$f":"IFERROR(VLOOKUP(N21,Invoices!$C:$L,9,FALSE),\"\")","v":""},null,{"$f":"IF(ROWS(R$6:R21)<=S$4,INDEX(Invoices!$C$5:$C$104,SMALL(IF(Invoices!$I$5:$I$104=S$5,ROW(Invoices!$C$5:$C$104)-ROW(Invoices!$C$5)+1),ROWS(R$6:R21))),\"\")","v":""},{"$f":"IFERROR(VLOOKUP(R21,Invoices!$C:$L,5,FALSE),\"\")","v":""},{"$f":"IFERROR(VLOOKUP(R21,Invoices!$C:$L,9,FALSE),\"\")","v":""}]
[null,{"$f":"IF(ROWS(B$6:B22)<=C$4,INDEX(Invoices!$C$5:$C$104,SMALL(IF(Invoices!$I$5:$I$104=C$5,ROW(Invoices!$C$5:$C$104)-ROW(Invoices!$C$5)+1),ROWS(B$6:B22))),\"\")","v":""},{"$f":"IFERROR(VLOOKUP(B22,Invoices!$C:$L,5,FALSE),\"\")","v":""},{"$f":"IFERROR(VLOOKUP(B22,Invoices!$C:$L,9,FALSE),\"\")","v":""},null,{"$f":"IF(ROWS(F$6:F22)<=G$4,INDEX(Invoices!$C$5:$C$104,SMALL(IF(Invoices!$I$5:$I$104=G$5,ROW(Invoices!$C$5:$C$104)-ROW(Invoices!$C$5)+1),ROWS(F$6:F22))),\"\")","v":""},{"$f":"IFERROR(VLOOKUP(F22,Invoices!$C:$L,5,FALSE),\"\")","v":""},{"$f":"IFERROR(VLOOKUP(F22,Invoices!$C:$L,9,FALSE),\"\")","v":""},null,{"$f":"IF(ROWS(J$6:J22)<=K$4,INDEX(Invoices!$C$5:$C$104,SMALL(IF(Invoices!$I$5:$I$104=K$5,ROW(Invoices!$C$5:$C$104)-ROW(Invoices!$C$5)+1),ROWS(J$6:J22))),\"\")","v":""},{"$f":"IFERROR(VLOOKUP(J22,Invoices!$C:$L,5,FALSE),\"\")","v":""},{"$f":"IFERROR(VLOOKUP(J22,Invoices!$C:$L,9,FALSE),\"\")","v":""},null,{"$f":"IF(ROWS(N$6:N22)<=O$4,INDEX(Invoices!$C$5:$C$104,SMALL(IF(Invoices!$I$5:$I$104=O$5,ROW(Invoices!$C$5:$C$104)-ROW(Invoices!$C$5)+1),ROWS(N$6:N22))),\"\")","v":""},{"$f":"IFERROR(VLOOKUP(N22,Invoices!$C:$L,5,FALSE),\"\")","v":""},{"$f":"IFERROR(VLOOKUP(N22,Invoices!$C:$L,9,FALSE),\"\")","v":""},null,{"$f":"IF(ROWS(R$6:R22)<=S$4,INDEX(Invoices!$C$5:$C$104,SMALL(IF(Invoices!$I$5:$I$104=S$5,ROW(Invoices!$C$5:$C$104)-ROW(Invoices!$C$5)+1),ROWS(R$6:R22))),\"\")","v":""},{"$f":"IFERROR(VLOOKUP(R22,Invoices!$C:$L,5,FALSE),\"\")","v":""},{"$f":"IFERROR(VLOOKUP(R22,Invoices!$C:$L,9,FALSE),\"\")","v":""}]
[null,{"$f":"IF(ROWS(B$6:B23)<=C$4,INDEX(Invoices!$C$5:$C$104,SMALL(IF(Invoices!$I$5:$I$104=C$5,ROW(Invoices!$C$5:$C$104)-ROW(Invoices!$C$5)+1),ROWS(B$6:B23))),\"\")","v":""},{"$f":"IFERROR(VLOOKUP(B23,Invoices!$C:$L,5,FALSE),\"\")","v":""},{"$f":"IFERROR(VLOOKUP(B23,Invoices!$C:$L,9,FALSE),\"\")","v":""},null,{"$f":"IF(ROWS(F$6:F23)<=G$4,INDEX(Invoices!$C$5:$C$104,SMALL(IF(Invoices!$I$5:$I$104=G$5,ROW(Invoices!$C$5:$C$104)-ROW(Invoices!$C$5)+1),ROWS(F$6:F23))),\"\")","v":""},{"$f":"IFERROR(VLOOKUP(F23,Invoices!$C:$L,5,FALSE),\"\")","v":""},{"$f":"IFERROR(VLOOKUP(F23,Invoices!$C:$L,9,FALSE),\"\")","v":""},null,{"$f":"IF(ROWS(J$6:J23)<=K$4,INDEX(Invoices!$C$5:$C$104,SMALL(IF(Invoices!$I$5:$I$104=K$5,ROW(Invoices!$C$5:$C$104)-ROW(Invoices!$C$5)+1),ROWS(J$6:J23))),\"\")","v":""},{"$f":"IFERROR(VLOOKUP(J23,Invoices!$C:$L,5,FALSE),\"\")","v":""},{"$f":"IFERROR(VLOOKUP(J23,Invoices!$C:$L,9,FALSE),\"\")","v":""},null,{"$f":"IF(ROWS(N$6:N23)<=O$4,INDEX(Invoices!$C$5:$C$104,SMALL(IF(Invoices!$I$5:$I$104=O$5,ROW(Invoices!$C$5:$C$104)-ROW(Invoices!$C$5)+1),ROWS(N$6:N23))),\"\")","v":""},{"$f":"IFERROR(VLOOKUP(N23,Invoices!$C:$L,5,FALSE),\"\")","v":""},{"$f":"IFERROR(VLOOKUP(N23,Invoices!$C:$L,9,FALSE),\"\")","v":""},null,{"$f":"IF(ROWS(R$6:R23)<=S$4,INDEX(Invoices!$C$5:$C$104,SMALL(IF(Invoices!$I$5:$I$104=S$5,ROW(Invoices!$C$5:$C$104)-ROW(Invoices!$C$5)+1),ROWS(R$6:R23))),\"\")","v":""},{"$f":"IFERROR(VLOOKUP(R23,Invoices!$C:$L,5,FALSE),\"\")","v":""},{"$f":"IFERROR(VLOOKUP(R23,Invoices!$C:$L,9,FALSE),\"\")","v":""}]
[null,{"$f":"IF(ROWS(B$6:B24)<=C$4,INDEX(Invoices!$C$5:$C$104,SMALL(IF(Invoices!$I$5:$I$104=C$5,ROW(Invoices!$C$5:$C$104)-ROW(Invoices!$C$5)+1),ROWS(B$6:B24))),\"\")","v":""},{"$f":"IFERROR(VLOOKUP(B24,Invoices!$C:$L,5,FALSE),\"\")","v":""},{"$f":"IFERROR(VLOOKUP(B24,Invoices!$C:$L,9,FALSE),\"\")","v":""},null,{"$f":"IF(ROWS(F$6:F24)<=G$4,INDEX(Invoices!$C$5:$C$104,SMALL(IF(Invoices!$I$5:$I$104=G$5,ROW(Invoices!$C$5:$C$104)-ROW(Invoices!$C$5)+1),ROWS(F$6:F24))),\"\")","v":""},{"$f":"IFERROR(VLOOKUP(F24,Invoices!$C:$L,5,FALSE),\"\")","v":""},{"$f":"IFERROR(VLOOKUP(F24,Invoices!$C:$L,9,FALSE),\"\")","v":""},null,{"$f":"IF(ROWS(J$6:J24)<=K$4,INDEX(Invoices!$C$5:$C$104,SMALL(IF(Invoices!$I$5:$I$104=K$5,ROW(Invoices!$C$5:$C$104)-ROW(Invoices!$C$5)+1),ROWS(J$6:J24))),\"\")","v":""},{"$f":"IFERROR(VLOOKUP(J24,Invoices!$C:$L,5,FALSE),\"\")","v":""},{"$f":"IFERROR(VLOOKUP(J24,Invoices!$C:$L,9,FALSE),\"\")","v":""},null,{"$f":"IF(ROWS(N$6:N24)<=O$4,INDEX(Invoices!$C$5:$C$104,SMALL(IF(Invoices!$I$5:$I$104=O$5,ROW(Invoices!$C$5:$C$104)-ROW(Invoices!$C$5)+1),ROWS(N$6:N24))),\"\")","v":""},{"$f":"IFERROR(VLOOKUP(N24,Invoices!$C:$L,5,FALSE),\"\")","v":""},{"$f":"IFERROR(VLOOKUP(N24,Invoices!$C:$L,9,FALSE),\"\")","v":""},null,{"$f":"IF(ROWS(R$6:R24)<=S$4,INDEX(Invoices!$C$5:$C$104,SMALL(IF(Invoices!$I$5:$I$104=S$5,ROW(Invoices!$C$5:$C$104)-ROW(Invoices!$C$5)+1),ROWS(R$6:R24))),\"\")","v":""},{"$f":"IFERROR(VLOOKUP(R24,Invoices!$C:$L,5,FALSE),\"\")","v":""},{"$f":"IFERROR(VLOOKUP(R24,Invoices!$C:$L,9,FALSE),\"\")","v":""}]
[null,{"$f":"IF(ROWS(B$6:B25)<=C$4,INDEX(Invoices!$C$5:$C$104,SMALL(IF(Invoices!$I$5:$I$104=C$5,ROW(Invoices!$C$5:$C$104)-ROW(Invoices!$C$5)+1),ROWS(B$6:B25))),\"\")","v":""},{"$f":"IFERROR(VLOOKUP(B25,Invoices!$C:$L,5,FALSE),\"\")","v":""},{"$f":"IFERROR(VLOOKUP(B25,Invoices!$C:$L,9,FALSE),\"\")","v":""},null,{"$f":"IF(ROWS(F$6:F25)<=G$4,INDEX(Invoices!$C$5:$C$104,SMALL(IF(Invoices!$I$5:$I$104=G$5,ROW(Invoices!$C$5:$C$104)-ROW(Invoices!$C$5)+1),ROWS(F$6:F25))),\"\")","v":""},{"$f":"IFERROR(VLOOKUP(F25,Invoices!$C:$L,5,FALSE),\"\")","v":""},{"$f":"IFERROR(VLOOKUP(F25,Invoices!$C:$L,9,FALSE),\"\")","v":""},null,{"$f":"IF(ROWS(J$6:J25)<=K$4,INDEX(Invoices!$C$5:$C$104,SMALL(IF(Invoices!$I$5:$I$104=K$5,ROW(Invoices!$C$5:$C$104)-ROW(Invoices!$C$5)+1),ROWS(J$6:J25))),\"\")","v":""},{"$f":"IFERROR(VLOOKUP(J25,Invoices!$C:$L,5,FALSE),\"\")","v":""},{"$f":"IFERROR(VLOOKUP(J25,Invoices!$C:$L,9,FALSE),\"\")","v":""},null,{"$f":"IF(ROWS(N$6:N25)<=O$4,INDEX(Invoices!$C$5:$C$104,SMALL(IF(Invoices!$I$5:$I$104=O$5,ROW(Invoices!$C$5:$C$104)-ROW(Invoices!$C$5)+1),ROWS(N$6:N25))),\"\")","v":""},{"$f":"IFERROR(VLOOKUP(N25,Invoices!$C:$L,5,FALSE),\"\")","v":""},{"$f":"IFERROR(VLOOKUP(N25,Invoices!$C:$L,9,FALSE),\"\")","v":""},null,{"$f":"IF(ROWS(R$6:R25)<=S$4,INDEX(Invoices!$C$5:$C$104,SMALL(IF(Invoices!$I$5:$I$104=S$5,ROW(Invoices!$C$5:$C$104)-ROW(Invoices!$C$5)+1),ROWS(R$6:R25))),\"\")","v":""},{"$f":"IFERROR(VLOOKUP(R25,Invoices!$C:$L,5,FALSE),\"\")","v":""},{"$f":"IFERROR(VLOOKUP(R25,Invoices!$C:$L,9,FALSE),\"\")","v":""}]
[null,{"$f":"IF(ROWS(B$6:B26)<=C$4,INDEX(Invoices!$C$5:$C$104,SMALL(IF(Invoices!$I$5:$I$104=C$5,ROW(Invoices!$C$5:$C$104)-ROW(Invoices!$C$5)+1),ROWS(B$6:B26))),\"\")","v":""},{"$f":"IFERROR(VLOOKUP(B26,Invoices!$C:$L,5,FALSE),\"\")","v":""},{"$f":"IFERROR(VLOOKUP(B26,Invoices!$C:$L,9,FALSE),\"\")","v":""},null,{"$f":"IF(ROWS(F$6:F26)<=G$4,INDEX(Invoices!$C$5:$C$104,SMALL(IF(Invoices!$I$5:$I$104=G$5,ROW(Invoices!$C$5:$C$104)-ROW(Invoices!$C$5)+1),ROWS(F$6:F26))),\"\")","v":""},{"$f":"IFERROR(VLOOKUP(F26,Invoices!$C:$L,5,FALSE),\"\")","v":""},{"$f":"IFERROR(VLOOKUP(F26,Invoices!$C:$L,9,FALSE),\"\")","v":""},null,{"$f":"IF(ROWS(J$6:J26)<=K$4,INDEX(Invoices!$C$5:$C$104,SMALL(IF(Invoices!$I$5:$I$104=K$5,ROW(Invoices!$C$5:$C$104)-ROW(Invoices!$C$5)+1),ROWS(J$6:J26))),\"\")","v":""},{"$f":"IFERROR(VLOOKUP(J26,Invoices!$C:$L,5,FALSE),\"\")","v":""},{"$f":"IFERROR(VLOOKUP(J26,Invoices!$C:$L,9,FALSE),\"\")","v":""},null,{"$f":"IF(ROWS(N$6:N26)<=O$4,INDEX(Invoices!$C$5:$C$104,SMALL(IF(Invoices!$I$5:$I$104=O$5,ROW(Invoices!$C$5:$C$104)-ROW(Invoices!$C$5)+1),ROWS(N$6:N26))),\"\")","v":""},{"$f":"IFERROR(VLOOKUP(N26,Invoices!$C:$L,5,FALSE),\"\")","v":""},{"$f":"IFERROR(VLOOKUP(N26,Invoices!$C:$L,9,FALSE),\"\")","v":""},null,{"$f":"IF(ROWS(R$6:R26)<=S$4,INDEX(Invoices!$C$5:$C$104,SMALL(IF(Invoices!$I$5:$I$104=S$5,ROW(Invoices!$C$5:$C$104)-ROW(Invoices!$C$5)+1),ROWS(R$6:R26))),\"\")","v":""},{"$f":"IFERROR(VLOOKUP(R26,Invoices!$C:$L,5,FALSE),\"\")","v":""},{"$f":"IFERROR(VLOOKUP(R26,Invoices!$C:$L,9,FALSE),\"\")","v":""}]
[null,{"$f":"IF(ROWS(B$6:B27)<=C$4,INDEX(Invoices!$C$5:$C$104,SMALL(IF(Invoices!$I$5:$I$104=C$5,ROW(Invoices!$C$5:$C$104)-ROW(Invoices!$C$5)+1),ROWS(B$6:B27))),\"\")","v":""},{"$f":"IFERROR(VLOOKUP(B27,Invoices!$C:$L,5,FALSE),\"\")","v":""},{"$f":"IFERROR(VLOOKUP(B27,Invoices!$C:$L,9,FALSE),\"\")","v":""},null,{"$f":"IF(ROWS(F$6:F27)<=G$4,INDEX(Invoices!$C$5:$C$104,SMALL(IF(Invoices!$I$5:$I$104=G$5,ROW(Invoices!$C$5:$C$104)-ROW(Invoices!$C$5)+1),ROWS(F$6:F27))),\"\")","v":""},{"$f":"IFERROR(VLOOKUP(F27,Invoices!$C:$L,5,FALSE),\"\")","v":""},{"$f":"IFERROR(VLOOKUP(F27,Invoices!$C:$L,9,FALSE),\"\")","v":""},null,{"$f":"IF(ROWS(J$6:J27)<=K$4,INDEX(Invoices!$C$5:$C$104,SMALL(IF(Invoices!$I$5:$I$104=K$5,ROW(Invoices!$C$5:$C$104)-ROW(Invoices!$C$5)+1),ROWS(J$6:J27))),\"\")","v":""},{"$f":"IFERROR(VLOOKUP(J27,Invoices!$C:$L,5,FALSE),\"\")","v":""},{"$f":"IFERROR(VLOOKUP(J27,Invoices!$C:$L,9,FALSE),\"\")","v":""},null,{"$f":"IF(ROWS(N$6:N27)<=O$4,INDEX(Invoices!$C$5:$C$104,SMALL(IF(Invoices!$I$5:$I$104=O$5,ROW(Invoices!$C$5:$C$104)-ROW(Invoices!$C$5)+1),ROWS(N$6:N27))),\"\")","v":""},{"$f":"IFERROR(VLOOKUP(N27,Invoices!$C:$L,5,FALSE),\"\")","v":""},{"$f":"IFERROR(VLOOKUP(N27,Invoices!$C:$L,9,FALSE),\"\")","v":""},null,{"$f":"IF(ROWS(R$6:R27)<=S$4,INDEX(Invoices!$C$5:$C$104,SMALL(IF(Invoices!$I$5:$I$104=S$5,ROW(Invoices!$C$5:$C$104)-ROW(Invoices!$C$5)+1),ROWS(R$6:R27))),\"\")","v":""},{"$f":"IFERROR(VLOOKUP(R27,Invoices!$C:$L,5,FALSE),\"\")","v":""},{"$f":"IFERROR(VLOOKUP(R27,Invoices!$C:$L,9,FALSE),\"\")","v":""}]
[null,{"$f":"IF(ROWS(B$6:B28)<=C$4,INDEX(Invoices!$C$5:$C$104,SMALL(IF(Invoices!$I$5:$I$104=C$5,ROW(Invoices!$C$5:$C$104)-ROW(Invoices!$C$5)+1),ROWS(B$6:B28))),\"\")","v":""},{"$f":"IFERROR(VLOOKUP(B28,Invoices!$C:$L,5,FALSE),\"\")","v":""},{"$f":"IFERROR(VLOOKUP(B28,Invoices!$C:$L,9,FALSE),\"\")","v":""},null,{"$f":"IF(ROWS(F$6:F28)<=G$4,INDEX(Invoices!$C$5:$C$104,SMALL(IF(Invoices!$I$5:$I$104=G$5,ROW(Invoices!$C$5:$C$104)-ROW(Invoices!$C$5)+1),ROWS(F$6:F28))),\"\")","v":""},{"$f":"IFERROR(VLOOKUP(F28,Invoices!$C:$L,5,FALSE),\"\")","v":""},{"$f":"IFERROR(VLOOKUP(F28,Invoices!$C:$L,9,FALSE),\"\")","v":""},null,{"$f":"IF(ROWS(J$6:J28)<=K$4,INDEX(Invoices!$C$5:$C$104,SMALL(IF(Invoices!$I$5:$I$104=K$5,ROW(Invoices!$C$5:$C$104)-ROW(Invoices!$C$5)+1),ROWS(J$6:J28))),\"\")","v":""},{"$f":"IFERROR(VLOOKUP(J28,Invoices!$C:$L,5,FALSE),\"\")","v":""},{"$f":"IFERROR(VLOOKUP(J28,Invoices!$C:$L,9,FALSE),\"\")","v":""},null,{"$f":"IF(ROWS(N$6:N28)<=O$4,INDEX(Invoices!$C$5:$C$104,SMALL(IF(Invoices!$I$5:$I$104=O$5,ROW(Invoices!$C$5:$C$104)-ROW(Invoices!$C$5)+1),ROWS(N$6:N28))),\"\")","v":""},{"$f":"IFERROR(VLOOKUP(N28,Invoices!$C:$L,5,FALSE),\"\")","v":""},{"$f":"IFERROR(VLOOKUP(N28,Invoices!$C:$L,9,FALSE),\"\")","v":""},null,{"$f":"IF(ROWS(R$6:R28)<=S$4,INDEX(Invoices!$C$5:$C$104,SMALL(IF(Invoices!$I$5:$I$104=S$5,ROW(Invoices!$C$5:$C$104)-ROW(Invoices!$C$5)+1),ROWS(R$6:R28))),\"\")","v":""},{"$f":"IFERROR(VLOOKUP(R28,Invoices!$C:$L,5,FALSE),\"\")","v":""},{"$f":"IFERROR(VLOOKUP(R28,Invoices!$C:$L,9,FALSE),\"\")","v":""}]
[null,{"$f":"IF(ROWS(B$6:B29)<=C$4,INDEX(Invoices!$C$5:$C$104,SMALL(IF(Invoices!$I$5:$I$104=C$5,ROW(Invoices!$C$5:$C$104)-ROW(Invoices!$C$5)+1),ROWS(B$6:B29))),\"\")","v":""},{"$f":"IFERROR(VLOOKUP(B29,Invoices!$C:$L,5,FALSE),\"\")","v":""},{"$f":"IFERROR(VLOOKUP(B29,Invoices!$C:$L,9,FALSE),\"\")","v":""},null,{"$f":"IF(ROWS(F$6:F29)<=G$4,INDEX(Invoices!$C$5:$C$104,SMALL(IF(Invoices!$I$5:$I$104=G$5,ROW(Invoices!$C$5:$C$104)-ROW(Invoices!$C$5)+1),ROWS(F$6:F29))),\"\")","v":""},{"$f":"IFERROR(VLOOKUP(F29,Invoices!$C:$L,5,FALSE),\"\")","v":""},{"$f":"IFERROR(VLOOKUP(F29,Invoices!$C:$L,9,FALSE),\"\")","v":""},null,{"$f":"IF(ROWS(J$6:J29)<=K$4,INDEX(Invoices!$C$5:$C$104,SMALL(IF(Invoices!$I$5:$I$104=K$5,ROW(Invoices!$C$5:$C$104)-ROW(Invoices!$C$5)+1),ROWS(J$6:J29))),\"\")","v":""},{"$f":"IFERROR(VLOOKUP(J29,Invoices!$C:$L,5,FALSE),\"\")","v":""},{"$f":"IFERROR(VLOOKUP(J29,Invoices!$C:$L,9,FALSE),\"\")","v":""},null,{"$f":"IF(ROWS(N$6:N29)<=O$4,INDEX(Invoices!$C$5:$C$104,SMALL(IF(Invoices!$I$5:$I$104=O$5,ROW(Invoices!$C$5:$C$104)-ROW(Invoices!$C$5)+1),ROWS(N$6:N29))),\"\")","v":""},{"$f":"IFERROR(VLOOKUP(N29,Invoices!$C:$L,5,FALSE),\"\")","v":""},{"$f":"IFERROR(VLOOKUP(N29,Invoices!$C:$L,9,FALSE),\"\")","v":""},null,{"$f":"IF(ROWS(R$6:R29)<=S$4,INDEX(Invoices!$C$5:$C$104,SMALL(IF(Invoices!$I$5:$I$104=S$5,ROW(Invoices!$C$5:$C$104)-ROW(Invoices!$C$5)+1),ROWS(R$6:R29))),\"\")","v":""},{"$f":"IFERROR(VLOOKUP(R29,Invoices!$C:$L,5,FALSE),\"\")","v":""},{"$f":"IFERROR(VLOOKUP(R29,Invoices!$C:$L,9,FALSE),\"\")","v":""}]
[null,{"$f":"IF(ROWS(B$6:B30)<=C$4,INDEX(Invoices!$C$5:$C$104,SMALL(IF(Invoices!$I$5:$I$104=C$5,ROW(Invoices!$C$5:$C$104)-ROW(Invoices!$C$5)+1),ROWS(B$6:B30))),\"\")","v":""},{"$f":"IFERROR(VLOOKUP(B30,Invoices!$C:$L,5,FALSE),\"\")","v":""},{"$f":"IFERROR(VLOOKUP(B30,Invoices!$C:$L,9,FALSE),\"\")","v":""},null,{"$f":"IF(ROWS(F$6:F30)<=G$4,INDEX(Invoices!$C$5:$C$104,SMALL(IF(Invoices!$I$5:$I$104=G$5,ROW(Invoices!$C$5:$C$104)-ROW(Invoices!$C$5)+1),ROWS(F$6:F30))),\"\")","v":""},{"$f":"IFERROR(VLOOKUP(F30,Invoices!$C:$L,5,FALSE),\"\")","v":""},{"$f":"IFERROR(VLOOKUP(F30,Invoices!$C:$L,9,FALSE),\"\")","v":""},null,{"$f":"IF(ROWS(J$6:J30)<=K$4,INDEX(Invoices!$C$5:$C$104,SMALL(IF(Invoices!$I$5:$I$104=K$5,ROW(Invoices!$C$5:$C$104)-ROW(Invoices!$C$5)+1),ROWS(J$6:J30))),\"\")","v":""},{"$f":"IFERROR(VLOOKUP(J30,Invoices!$C:$L,5,FALSE),\"\")","v":""},{"$f":"IFERROR(VLOOKUP(J30,Invoices!$C:$L,9,FALSE),\"\")","v":""},null,{"$f":"IF(ROWS(N$6:N30)<=O$4,INDEX(Invoices!$C$5:$C$104,SMALL(IF(Invoices!$I$5:$I$104=O$5,ROW(Invoices!$C$5:$C$104)-ROW(Invoices!$C$5)+1),ROWS(N$6:N30))),\"\")","v":""},{"$f":"IFERROR(VLOOKUP(N30,Invoices!$C:$L,5,FALSE),\"\")","v":""},{"$f":"IFERROR(VLOOKUP(N30,Invoices!$C:$L,9,FALSE),\"\")","v":""},null,{"$f":"IF(ROWS(R$6:R30)<=S$4,INDEX(Invoices!$C$5:$C$104,SMALL(IF(Invoices!$I$5:$I$104=S$5,ROW(Invoices!$C$5:$C$104)-ROW(Invoices!$C$5)+1),ROWS(R$6:R30))),\"\")","v":""},{"$f":"IFERROR(VLOOKUP(R30,Invoices!$C:$L,5,FALSE),\"\")","v":""},{"$f":"IFERROR(VLOOKUP(R30,Invoices!$C:$L,9,FALSE),\"\")","v":""}]
[null,{"$f":"IF(ROWS(B$6:B31)<=C$4,INDEX(Invoices!$C$5:$C$104,SMALL(IF(Invoices!$I$5:$I$104=C$5,ROW(Invoices!$C$5:$C$104)-ROW(Invoices!$C$5)+1),ROWS(B$6:B31))),\"\")","v":""},{"$f":"IFERROR(VLOOKUP(B31,Invoices!$C:$L,5,FALSE),\"\")","v":""},{"$f":"IFERROR(VLOOKUP(B31,Invoices!$C:$L,9,FALSE),\"\")","v":""},null,{"$f":"IF(ROWS(F$6:F31)<=G$4,INDEX(Invoices!$C$5:$C$104,SMALL(IF(Invoices!$I$5:$I$104=G$5,ROW(Invoices!$C$5:$C$104)-ROW(Invoices!$C$5)+1),ROWS(F$6:F31))),\"\")","v":""},{"$f":"IFERROR(VLOOKUP(F31,Invoices!$C:$L,5,FALSE),\"\")","v":""},{"$f":"IFERROR(VLOOKUP(F31,Invoices!$C:$L,9,FALSE),\"\")","v":""},null,{"$f":"IF(ROWS(J$6:J31)<=K$4,INDEX(Invoices!$C$5:$C$104,SMALL(IF(Invoices!$I$5:$I$104=K$5,ROW(Invoices!$C$5:$C$104)-ROW(Invoices!$C$5)+1),ROWS(J$6:J31))),\"\")","v":""},{"$f":"IFERROR(VLOOKUP(J31,Invoices!$C:$L,5,FALSE),\"\")","v":""},{"$f":"IFERROR(VLOOKUP(J31,Invoices!$C:$L,9,FALSE),\"\")","v":""},null,{"$f":"IF(ROWS(N$6:N31)<=O$4,INDEX(Invoices!$C$5:$C$104,SMALL(IF(Invoices!$I$5:$I$104=O$5,ROW(Invoices!$C$5:$C$104)-ROW(Invoices!$C$5)+1),ROWS(N$6:N31))),\"\")","v":""},{"$f":"IFERROR(VLOOKUP(N31,Invoices!$C:$L,5,FALSE),\"\")","v":""},{"$f":"IFERROR(VLOOKUP(N31,Invoices!$C:$L,9,FALSE),\"\")","v":""},null,{"$f":"IF(ROWS(R$6:R31)<=S$4,INDEX(Invoices!$C$5:$C$104,SMALL(IF(Invoices!$I$5:$I$104=S$5,ROW(Invoices!$C$5:$C$104)-ROW(Invoices!$C$5)+1),ROWS(R$6:R31))),\"\")","v":""},{"$f":"IFERROR(VLOOKUP(R31,Invoices!$C:$L,5,FALSE),\"\")","v":""},{"$f":"IFERROR(VLOOKUP(R31,Invoices!$C:$L,9,FALSE),\"\")","v":""}]
[null,{"$f":"IF(ROWS(B$6:B32)<=C$4,INDEX(Invoices!$C$5:$C$104,SMALL(IF(Invoices!$I$5:$I$104=C$5,ROW(Invoices!$C$5:$C$104)-ROW(Invoices!$C$5)+1),ROWS(B$6:B32))),\"\")","v":""},{"$f":"IFERROR(VLOOKUP(B32,Invoices!$C:$L,5,FALSE),\"\")","v":""},{"$f":"IFERROR(VLOOKUP(B32,Invoices!$C:$L,9,FALSE),\"\")","v":""},null,{"$f":"IF(ROWS(F$6:F32)<=G$4,INDEX(Invoices!$C$5:$C$104,SMALL(IF(Invoices!$I$5:$I$104=G$5,ROW(Invoices!$C$5:$C$104)-ROW(Invoices!$C$5)+1),ROWS(F$6:F32))),\"\")","v":""},{"$f":"IFERROR(VLOOKUP(F32,Invoices!$C:$L,5,FALSE),\"\")","v":""},{"$f":"IFERROR(VLOOKUP(F32,Invoices!$C:$L,9,FALSE),\"\")","v":""},null,{"$f":"IF(ROWS(J$6:J32)<=K$4,INDEX(Invoices!$C$5:$C$104,SMALL(IF(Invoices!$I$5:$I$104=K$5,ROW(Invoices!$C$5:$C$104)-ROW(Invoices!$C$5)+1),ROWS(J$6:J32))),\"\")","v":""},{"$f":"IFERROR(VLOOKUP(J32,Invoices!$C:$L,5,FALSE),\"\")","v":""},{"$f":"IFERROR(VLOOKUP(J32,Invoices!$C:$L,9,FALSE),\"\")","v":""},null,{"$f":"IF(ROWS(N$6:N32)<=O$4,INDEX(Invoices!$C$5:$C$104,SMALL(IF(Invoices!$I$5:$I$104=O$5,ROW(Invoices!$C$5:$C$104)-ROW(Invoices!$C$5)+1),ROWS(N$6:N32))),\"\")","v":""},{"$f":"IFERROR(VLOOKUP(N32,Invoices!$C:$L,5,FALSE),\"\")","v":""},{"$f":"IFERROR(VLOOKUP(N32,Invoices!$C:$L,9,FALSE),\"\")","v":""},null,{"$f":"IF(ROWS(R$6:R32)<=S$4,INDEX(Invoices!$C$5:$C$104,SMALL(IF(Invoices!$I$5:$I$104=S$5,ROW(Invoices!$C$5:$C$104)-ROW(Invoices!$C$5)+1),ROWS(R$6:R32))),\"\")","v":""},{"$f":"IFERROR(VLOOKUP(R32,Invoices!$C:$L,5,FALSE),\"\")","v":""},{"$f":"IFERROR(VLOOKUP(R32,Invoices!$C:$L,9,FALSE),\"\")","v":""}]
[null,{"$f":"IF(ROWS(B$6:B33)<=C$4,INDEX(Invoices!$C$5:$C$104,SMALL(IF(Invoices!$I$5:$I$104=C$5,ROW(Invoices!$C$5:$C$104)-ROW(Invoices!$C$5)+1),ROWS(B$6:B33))),\"\")","v":""},{"$f":"IFERROR(VLOOKUP(B33,Invoices!$C:$L,5,FALSE),\"\")","v":""},{"$f":"IFERROR(VLOOKUP(B33,Invoices!$C:$L,9,FALSE),\"\")","v":""},null,{"$f":"IF(ROWS(F$6:F33)<=G$4,INDEX(Invoices!$C$5:$C$104,SMALL(IF(Invoices!$I$5:$I$104=G$5,ROW(Invoices!$C$5:$C$104)-ROW(Invoices!$C$5)+1),ROWS(F$6:F33))),\"\")","v":""},{"$f":"IFERROR(VLOOKUP(F33,Invoices!$C:$L,5,FALSE),\"\")","v":""},{"$f":"IFERROR(VLOOKUP(F33,Invoices!$C:$L,9,FALSE),\"\")","v":""},null,{"$f":"IF(ROWS(J$6:J33)<=K$4,INDEX(Invoices!$C$5:$C$104,SMALL(IF(Invoices!$I$5:$I$104=K$5,ROW(Invoices!$C$5:$C$104)-ROW(Invoices!$C$5)+1),ROWS(J$6:J33))),\"\")","v":""},{"$f":"IFERROR(VLOOKUP(J33,Invoices!$C:$L,5,FALSE),\"\")","v":""},{"$f":"IFERROR(VLOOKUP(J33,Invoices!$C:$L,9,FALSE),\"\")","v":""},null,{"$f":"IF(ROWS(N$6:N33)<=O$4,INDEX(Invoices!$C$5:$C$104,SMALL(IF(Invoices!$I$5:$I$104=O$5,ROW(Invoices!$C$5:$C$104)-ROW(Invoices!$C$5)+1),ROWS(N$6:N33))),\"\")","v":""},{"$f":"IFERROR(VLOOKUP(N33,Invoices!$C:$L,5,FALSE),\"\")","v":""},{"$f":"IFERROR(VLOOKUP(N33,Invoices!$C:$L,9,FALSE),\"\")","v":""},null,{"$f":"IF(ROWS(R$6:R33)<=S$4,INDEX(Invoices!$C$5:$C$104,SMALL(IF(Invoices!$I$5:$I$104=S$5,ROW(Invoices!$C$5:$C$104)-ROW(Invoices!$C$5)+1),ROWS(R$6:R33))),\"\")","v":""},{"$f":"IFERROR(VLOOKUP(R33,Invoices!$C:$L,5,FALSE),\"\")","v":""},{"$f":"IFERROR(VLOOKUP(R33,Invoices!$C:$L,9,FALSE),\"\")","v":""}]
[null,{"$f":"IF(ROWS(B$6:B34)<=C$4,INDEX(Invoices!$C$5:$C$104,SMALL(IF(Invoices!$I$5:$I$104=C$5,ROW(Invoices!$C$5:$C$104)-ROW(Invoices!$C$5)+1),ROWS(B$6:B34))),\"\")","v":""},{"$f":"IFERROR(VLOOKUP(B34,Invoices!$C:$L,5,FALSE),\"\")","v":""},{"$f":"IFERROR(VLOOKUP(B34,Invoices!$C:$L,9,FALSE),\"\")","v":""},null,{"$f":"IF(ROWS(F$6:F34)<=G$4,INDEX(Invoices!$C$5:$C$104,SMALL(IF(Invoices!$I$5:$I$104=G$5,ROW(Invoices!$C$5:$C$104)-ROW(Invoices!$C$5)+1),ROWS(F$6:F34))),\"\")","v":""},{"$f":"IFERROR(VLOOKUP(F34,Invoices!$C:$L,5,FALSE),\"\")","v":""},{"$f":"IFERROR(VLOOKUP(F34,Invoices!$C:$L,9,FALSE),\"\")","v":""},null,{"$f":"IF(ROWS(J$6:J34)<=K$4,INDEX(Invoices!$C$5:$C$104,SMALL(IF(Invoices!$I$5:$I$104=K$5,ROW(Invoices!$C$5:$C$104)-ROW(Invoices!$C$5)+1),ROWS(J$6:J34))),\"\")","v":""},{"$f":"IFERROR(VLOOKUP(J34,Invoices!$C:$L,5,FALSE),\"\")","v":""},{"$f":"IFERROR(VLOOKUP(J34,Invoices!$C:$L,9,FALSE),\"\")","v":""},null,{"$f":"IF(ROWS(N$6:N34)<=O$4,INDEX(Invoices!$C$5:$C$104,SMALL(IF(Invoices!$I$5:$I$104=O$5,ROW(Invoices!$C$5:$C$104)-ROW(Invoices!$C$5)+1),ROWS(N$6:N34))),\"\")","v":""},{"$f":"IFERROR(VLOOKUP(N34,Invoices!$C:$L,5,FALSE),\"\")","v":""},{"$f":"IFERROR(VLOOKUP(N34,Invoices!$C:$L,9,FALSE),\"\")","v":""},null,{"$f":"IF(ROWS(R$6:R34)<=S$4,INDEX(Invoices!$C$5:$C$104,SMALL(IF(Invoices!$I$5:$I$104=S$5,ROW(Invoices!$C$5:$C$104)-ROW(Invoices!$C$5)+1),ROWS(R$6:R34))),\"\")","v":""},{"$f":"IFERROR(VLOOKUP(R34,Invoices!$C:$L,5,FALSE),\"\")","v":""},{"$f":"IFERROR(VLOOKUP(R34,Invoices!$C:$L,9,FALSE),\"\")","v":""}]
[null,{"$f":"IF(ROWS(B$6:B35)<=C$4,INDEX(Invoices!$C$5:$C$104,SMALL(IF(Invoices!$I$5:$I$104=C$5,ROW(Invoices!$C$5:$C$104)-ROW(Invoices!$C$5)+1),ROWS(B$6:B35))),\"\")","v":""},{"$f":"IFERROR(VLOOKUP(B35,Invoices!$C:$L,5,FALSE),\"\")","v":""},{"$f":"IFERROR(VLOOKUP(B35,Invoices!$C:$L,9,FALSE),\"\")","v":""},null,{"$f":"IF(ROWS(F$6:F35)<=G$4,INDEX(Invoices!$C$5:$C$104,SMALL(IF(Invoices!$I$5:$I$104=G$5,ROW(Invoices!$C$5:$C$104)-ROW(Invoices!$C$5)+1),ROWS(F$6:F35))),\"\")","v":""},{"$f":"IFERROR(VLOOKUP(F35,Invoices!$C:$L,5,FALSE),\"\")","v":""},{"$f":"IFERROR(VLOOKUP(F35,Invoices!$C:$L,9,FALSE),\"\")","v":""},null,{"$f":"IF(ROWS(J$6:J35)<=K$4,INDEX(Invoices!$C$5:$C$104,SMALL(IF(Invoices!$I$5:$I$104=K$5,ROW(Invoices!$C$5:$C$104)-ROW(Invoices!$C$5)+1),ROWS(J$6:J35))),\"\")","v":""},{"$f":"IFERROR(VLOOKUP(J35,Invoices!$C:$L,5,FALSE),\"\")","v":""},{"$f":"IFERROR(VLOOKUP(J35,Invoices!$C:$L,9,FALSE),\"\")","v":""},null,{"$f":"IF(ROWS(N$6:N35)<=O$4,INDEX(Invoices!$C$5:$C$104,SMALL(IF(Invoices!$I$5:$I$104=O$5,ROW(Invoices!$C$5:$C$104)-ROW(Invoices!$C$5)+1),ROWS(N$6:N35))),\"\")","v":""},{"$f":"IFERROR(VLOOKUP(N35,Invoices!$C:$L,5,FALSE),\"\")","v":""},{"$f":"IFERROR(VLOOKUP(N35,Invoices!$C:$L,9,FALSE),\"\")","v":""},null,{"$f":"IF(ROWS(R$6:R35)<=S$4,INDEX(Invoices!$C$5:$C$104,SMALL(IF(Invoices!$I$5:$I$104=S$5,ROW(Invoices!$C$5:$C$104)-ROW(Invoices!$C$5)+1),ROWS(R$6:R35))),\"\")","v":""},{"$f":"IFERROR(VLOOKUP(R35,Invoices!$C:$L,5,FALSE),\"\")","v":""},{"$f":"IFERROR(VLOOKUP(R35,Invoices!$C:$L,9,FALSE),\"\")","v":""}]
[null,{"$f":"IF(ROWS(B$6:B36)<=C$4,INDEX(Invoices!$C$5:$C$104,SMALL(IF(Invoices!$I$5:$I$104=C$5,ROW(Invoices!$C$5:$C$104)-ROW(Invoices!$C$5)+1),ROWS(B$6:B36))),\"\")","v":""},{"$f":"IFERROR(VLOOKUP(B36,Invoices!$C:$L,5,FALSE),\"\")","v":""},{"$f":"IFERROR(VLOOKUP(B36,Invoices!$C:$L,9,FALSE),\"\")","v":""},null,{"$f":"IF(ROWS(F$6:F36)<=G$4,INDEX(Invoices!$C$5:$C$104,SMALL(IF(Invoices!$I$5:$I$104=G$5,ROW(Invoices!$C$5:$C$104)-ROW(Invoices!$C$5)+1),ROWS(F$6:F36))),\"\")","v":""},{"$f":"IFERROR(VLOOKUP(F36,Invoices!$C:$L,5,FALSE),\"\")","v":""},{"$f":"IFERROR(VLOOKUP(F36,Invoices!$C:$L,9,FALSE),\"\")","v":""},null,{"$f":"IF(ROWS(J$6:J36)<=K$4,INDEX(Invoices!$C$5:$C$104,SMALL(IF(Invoices!$I$5:$I$104=K$5,ROW(Invoices!$C$5:$C$104)-ROW(Invoices!$C$5)+1),ROWS(J$6:J36))),\"\")","v":""},{"$f":"IFERROR(VLOOKUP(J36,Invoices!$C:$L,5,FALSE),\"\")","v":""},{"$f":"IFERROR(VLOOKUP(J36,Invoices!$C:$L,9,FALSE),\"\")","v":""},null,{"$f":"IF(ROWS(N$6:N36)<=O$4,INDEX(Invoices!$C$5:$C$104,SMALL(IF(Invoices!$I$5:$I$104=O$5,ROW(Invoices!$C$5:$C$104)-ROW(Invoices!$C$5)+1),ROWS(N$6:N36))),\"\")","v":""},{"$f":"IFERROR(VLOOKUP(N36,Invoices!$C:$L,5,FALSE),\"\")","v":""},{"$f":"IFERROR(VLOOKUP(N36,Invoices!$C:$L,9,FALSE),\"\")","v":""},null,{"$f":"IF(ROWS(R$6:R36)<=S$4,INDEX(Invoices!$C$5:$C$104,SMALL(IF(Invoices!$I$5:$I$104=S$5,ROW(Invoices!$C$5:$C$104)-ROW(Invoices!$C$5)+1),ROWS(R$6:R36))),\"\")","v":""},{"$f":"IFERROR(VLOOKUP(R36,Invoices!$C:$L,5,FALSE),\"\")","v":""},{"$f":"IFERROR(VLOOKUP(R36,Invoices!$C:$L,9,FALSE),\"\")","v":""}]
[null,{"$f":"IF(ROWS(B$6:B37)<=C$4,INDEX(Invoices!$C$5:$C$104,SMALL(IF(Invoices!$I$5:$I$104=C$5,ROW(Invoices!$C$5:$C$104)-ROW(Invoices!$C$5)+1),ROWS(B$6:B37))),\"\")","v":""},{"$f":"IFERROR(VLOOKUP(B37,Invoices!$C:$L,5,FALSE),\"\")","v":""},{"$f":"IFERROR(VLOOKUP(B37,Invoices!$C:$L,9,FALSE),\"\")","v":""},null,{"$f":"IF(ROWS(F$6:F37)<=G$4,INDEX(Invoices!$C$5:$C$104,SMALL(IF(Invoices!$I$5:$I$104=G$5,ROW(Invoices!$C$5:$C$104)-ROW(Invoices!$C$5)+1),ROWS(F$6:F37))),\"\")","v":""},{"$f":"IFERROR(VLOOKUP(F37,Invoices!$C:$L,5,FALSE),\"\")","v":""},{"$f":"IFERROR(VLOOKUP(F37,Invoices!$C:$L,9,FALSE),\"\")","v":""},null,{"$f":"IF(ROWS(J$6:J37)<=K$4,INDEX(Invoices!$C$5:$C$104,SMALL(IF(Invoices!$I$5:$I$104=K$5,ROW(Invoices!$C$5:$C$104)-ROW(Invoices!$C$5)+1),ROWS(J$6:J37))),\"\")","v":""},{"$f":"IFERROR(VLOOKUP(J37,Invoices!$C:$L,5,FALSE),\"\")","v":""},{"$f":"IFERROR(VLOOKUP(J37,Invoices!$C:$L,9,FALSE),\"\")","v":""},null,{"$f":"IF(ROWS(N$6:N37)<=O$4,INDEX(Invoices!$C$5:$C$104,SMALL(IF(Invoices!$I$5:$I$104=O$5,ROW(Invoices!$C$5:$C$104)-ROW(Invoices!$C$5)+1),ROWS(N$6:N37))),\"\")","v":""},{"$f":"IFERROR(VLOOKUP(N37,Invoices!$C:$L,5,FALSE),\"\")","v":""},{"$f":"IFERROR(VLOOKUP(N37,Invoices!$C:$L,9,FALSE),\"\")","v":""},null,{"$f":"IF(ROWS(R$6:R37)<=S$4,INDEX(Invoices!$C$5:$C$104,SMALL(IF(Invoices!$I$5:$I$104=S$5,ROW(Invoices!$C$5:$C$104)-ROW(Invoices!$C$5)+1),ROWS(R$6:R37))),\"\")","v":""},{"$f":"IFERROR(VLOOKUP(R37,Invoices!$C:$L,5,FALSE),\"\")","v":""},{"$f":"IFERROR(VLOOKUP(R37,Invoices!$C:$L,9,FALSE),\"\")","v":""}]
[null,{"$f":"IF(ROWS(B$6:B38)<=C$4,INDEX(Invoices!$C$5:$C$104,SMALL(IF(Invoices!$I$5:$I$104=C$5,ROW(Invoices!$C$5:$C$104)-ROW(Invoices!$C$5)+1),ROWS(B$6:B38))),\"\")","v":""},{"$f":"IFERROR(VLOOKUP(B38,Invoices!$C:$L,5,FALSE),\"\")","v":""},{"$f":"IFERROR(VLOOKUP(B38,Invoices!$C:$L,9,FALSE),\"\")","v":""},null,{"$f":"IF(ROWS(F$6:F38)<=G$4,INDEX(Invoices!$C$5:$C$104,SMALL(IF(Invoices!$I$5:$I$104=G$5,ROW(Invoices!$C$5:$C$104)-ROW(Invoices!$C$5)+1),ROWS(F$6:F38))),\"\")","v":""},{"$f":"IFERROR(VLOOKUP(F38,Invoices!$C:$L,5,FALSE),\"\")","v":""},{"$f":"IFERROR(VLOOKUP(F38,Invoices!$C:$L,9,FALSE),\"\")","v":""},null,{"$f":"IF(ROWS(J$6:J38)<=K$4,INDEX(Invoices!$C$5:$C$104,SMALL(IF(Invoices!$I$5:$I$104=K$5,ROW(Invoices!$C$5:$C$104)-ROW(Invoices!$C$5)+1),ROWS(J$6:J38))),\"\")","v":""},{"$f":"IFERROR(VLOOKUP(J38,Invoices!$C:$L,5,FALSE),\"\")","v":""},{"$f":"IFERROR(VLOOKUP(J38,Invoices!$C:$L,9,FALSE),\"\")","v":""},null,{"$f":"IF(ROWS(N$6:N38)<=O$4,INDEX(Invoices!$C$5:$C$104,SMALL(IF(Invoices!$I$5:$I$104=O$5,ROW(Invoices!$C$5:$C$104)-ROW(Invoices!$C$5)+1),ROWS(N$6:N38))),\"\")","v":""},{"$f":"IFERROR(VLOOKUP(N38,Invoices!$C:$L,5,FALSE),\"\")","v":""},{"$f":"IFERROR(VLOOKUP(N38,Invoices!$C:$L,9,FALSE),\"\")","v":""},null,{"$f":"IF(ROWS(R$6:R38)<=S$4,INDEX(Invoices!$C$5:$C$104,SMALL(IF(Invoices!$I$5:$I$104=S$5,ROW(Invoices!$C$5:$C$104)-ROW(Invoices!$C$5)+1),ROWS(R$6:R38))),\"\")","v":""},{"$f":"IFERROR(VLOOKUP(R38,Invoices!$C:$L,5,FALSE),\"\")","v":""},{"$f":"IFERROR(VLOOKUP(R38,Invoices!$C:$L,9,FALSE),\"\")","v":""}]
[null,{"$f":"IF(ROWS(B$6:B39)<=C$4,INDEX(Invoices!$C$5:$C$104,SMALL(IF(Invoices!$I$5:$I$104=C$5,ROW(Invoices!$C$5:$C$104)-ROW(Invoices!$C$5)+1),ROWS(B$6:B39))),\"\")","v":""},{"$f":"IFERROR(VLOOKUP(B39,Invoices!$C:$L,5,FALSE),\"\")","v":""},{"$f":"IFERROR(VLOOKUP(B39,Invoices!$C:$L,9,FALSE),\"\")","v":""},null,{"$f":"IF(ROWS(F$6:F39)<=G$4,INDEX(Invoices!$C$5:$C$104,SMALL(IF(Invoices!$I$5:$I$104=G$5,ROW(Invoices!$C$5:$C$104)-ROW(Invoices!$C$5)+1),ROWS(F$6:F39))),\"\")","v":""},{"$f":"IFERROR(VLOOKUP(F39,Invoices!$C:$L,5,FALSE),\"\")","v":""},{"$f":"IFERROR(VLOOKUP(F39,Invoices!$C:$L,9,FALSE),\"\")","v":""},null,{"$f":"IF(ROWS(J$6:J39)<=K$4,INDEX(Invoices!$C$5:$C$104,SMALL(IF(Invoices!$I$5:$I$104=K$5,ROW(Invoices!$C$5:$C$104)-ROW(Invoices!$C$5)+1),ROWS(J$6:J39))),\"\")","v":""},{"$f":"IFERROR(VLOOKUP(J39,Invoices!$C:$L,5,FALSE),\"\")","v":""},{"$f":"IFERROR(VLOOKUP(J39,Invoices!$C:$L,9,FALSE),\"\")","v":""},null,{"$f":"IF(ROWS(N$6:N39)<=O$4,INDEX(Invoices!$C$5:$C$104,SMALL(IF(Invoices!$I$5:$I$104=O$5,ROW(Invoices!$C$5:$C$104)-ROW(Invoices!$C$5)+1),ROWS(N$6:N39))),\"\")","v":""},{"$f":"IFERROR(VLOOKUP(N39,Invoices!$C:$L,5,FALSE),\"\")","v":""},{"$f":"IFERROR(VLOOKUP(N39,Invoices!$C:$L,9,FALSE),\"\")","v":""},null,{"$f":"IF(ROWS(R$6:R39)<=S$4,INDEX(Invoices!$C$5:$C$104,SMALL(IF(Invoices!$I$5:$I$104=S$5,ROW(Invoices!$C$5:$C$104)-ROW(Invoices!$C$5)+1),ROWS(R$6:R39))),\"\")","v":""},{"$f":"IFERROR(VLOOKUP(R39,Invoices!$C:$L,5,FALSE),\"\")","v":""},{"$f":"IFERROR(VLOOKUP(R39,Invoices!$C:$L,9,FALSE),\"\")","v":""}]
[null,{"$f":"IF(ROWS(B$6:B40)<=C$4,INDEX(Invoices!$C$5:$C$104,SMALL(IF(Invoices!$I$5:$I$104=C$5,ROW(Invoices!$C$5:$C$104)-ROW(Invoices!$C$5)+1),ROWS(B$6:B40))),\"\")","v":""},{"$f":"IFERROR(VLOOKUP(B40,Invoices!$C:$L,5,FALSE),\"\")","v":""},{"$f":"IFERROR(VLOOKUP(B40,Invoices!$C:$L,9,FALSE),\"\")","v":""},null,{"$f":"IF(ROWS(F$6:F40)<=G$4,INDEX(Invoices!$C$5:$C$104,SMALL(IF(Invoices!$I$5:$I$104=G$5,ROW(Invoices!$C$5:$C$104)-ROW(Invoices!$C$5)+1),ROWS(F$6:F40))),\"\")","v":""},{"$f":"IFERROR(VLOOKUP(F40,Invoices!$C:$L,5,FALSE),\"\")","v":""},{"$f":"IFERROR(VLOOKUP(F40,Invoices!$C:$L,9,FALSE),\"\")","v":""},null,{"$f":"IF(ROWS(J$6:J40)<=K$4,INDEX(Invoices!$C$5:$C$104,SMALL(IF(Invoices!$I$5:$I$104=K$5,ROW(Invoices!$C$5:$C$104)-ROW(Invoices!$C$5)+1),ROWS(J$6:J40))),\"\")","v":""},{"$f":"IFERROR(VLOOKUP(J40,Invoices!$C:$L,5,FALSE),\"\")","v":""},{"$f":"IFERROR(VLOOKUP(J40,Invoices!$C:$L,9,FALSE),\"\")","v":""},null,{"$f":"IF(ROWS(N$6:N40)<=O$4,INDEX(Invoices!$C$5:$C$104,SMALL(IF(Invoices!$I$5:$I$104=O$5,ROW(Invoices!$C$5:$C$104)-ROW(Invoices!$C$5)+1),ROWS(N$6:N40))),\"\")","v":""},{"$f":"IFERROR(VLOOKUP(N40,Invoices!$C:$L,5,FALSE),\"\")","v":""},{"$f":"IFERROR(VLOOKUP(N40,Invoices!$C:$L,9,FALSE),\"\")","v":""},null,{"$f":"IF(ROWS(R$6:R40)<=S$4,INDEX(Invoices!$C$5:$C$104,SMALL(IF(Invoices!$I$5:$I$104=S$5,ROW(Invoices!$C$5:$C$104)-ROW(Invoices!$C$5)+1),ROWS(R$6:R40))),\"\")","v":""},{"$f":"IFERROR(VLOOKUP(R40,Invoices!$C:$L,5,FALSE),\"\")","v":""},{"$f":"IFERROR(VLOOKUP(R40,Invoices!$C:$L,9,FALSE),\"\")","v":""}]
[null,{"$f":"IF(ROWS(B$6:B41)<=C$4,INDEX(Invoices!$C$5:$C$104,SMALL(IF(Invoices!$I$5:$I$104=C$5,ROW(Invoices!$C$5:$C$104)-ROW(Invoices!$C$5)+1),ROWS(B$6:B41))),\"\")","v":""},{"$f":"IFERROR(VLOOKUP(B41,Invoices!$C:$L,5,FALSE),\"\")","v":""},{"$f":"IFERROR(VLOOKUP(B41,Invoices!$C:$L,9,FALSE),\"\")","v":""},null,{"$f":"IF(ROWS(F$6:F41)<=G$4,INDEX(Invoices!$C$5:$C$104,SMALL(IF(Invoices!$I$5:$I$104=G$5,ROW(Invoices!$C$5:$C$104)-ROW(Invoices!$C$5)+1),ROWS(F$6:F41))),\"\")","v":""},{"$f":"IFERROR(VLOOKUP(F41,Invoices!$C:$L,5,FALSE),\"\")","v":""},{"$f":"IFERROR(VLOOKUP(F41,Invoices!$C:$L,9,FALSE),\"\")","v":""},null,{"$f":"IF(ROWS(J$6:J41)<=K$4,INDEX(Invoices!$C$5:$C$104,SMALL(IF(Invoices!$I$5:$I$104=K$5,ROW(Invoices!$C$5:$C$104)-ROW(Invoices!$C$5)+1),ROWS(J$6:J41))),\"\")","v":""},{"$f":"IFERROR(VLOOKUP(J41,Invoices!$C:$L,5,FALSE),\"\")","v":""},{"$f":"IFERROR(VLOOKUP(J41,Invoices!$C:$L,9,FALSE),\"\")","v":""},null,{"$f":"IF(ROWS(N$6:N41)<=O$4,INDEX(Invoices!$C$5:$C$104,SMALL(IF(Invoices!$I$5:$I$104=O$5,ROW(Invoices!$C$5:$C$104)-ROW(Invoices!$C$5)+1),ROWS(N$6:N41))),\"\")","v":""},{"$f":"IFERROR(VLOOKUP(N41,Invoices!$C:$L,5,FALSE),\"\")","v":""},{"$f":"IFERROR(VLOOKUP(N41,Invoices!$C:$L,9,FALSE),\"\")","v":""},null,{"$f":"IF(ROWS(R$6:R41)<=S$4,INDEX(Invoices!$C$5:$C$104,SMALL(IF(Invoices!$I$5:$I$104=S$5,ROW(Invoices!$C$5:$C$104)-ROW(Invoices!$C$5)+1),ROWS(R$6:R41))),\"\")","v":""},{"$f":"IFERROR(VLOOKUP(R41,Invoices!$C:$L,5,FALSE),\"\")","v":""},{"$f":"IFERROR(VLOOKUP(R41,Invoices!$C:$L,9,FALSE),\"\")","v":""}]
[null,{"$f":"IF(ROWS(B$6:B42)<=C$4,INDEX(Invoices!$C$5:$C$104,SMALL(IF(Invoices!$I$5:$I$104=C$5,ROW(Invoices!$C$5:$C$104)-ROW(Invoices!$C$5)+1),ROWS(B$6:B42))),\"\")","v":""},{"$f":"IFERROR(VLOOKUP(B42,Invoices!$C:$L,5,FALSE),\"\")","v":""},{"$f":"IFERROR(VLOOKUP(B42,Invoices!$C:$L,9,FALSE),\"\")","v":""},null,{"$f":"IF(ROWS(F$6:F42)<=G$4,INDEX(Invoices!$C$5:$C$104,SMALL(IF(Invoices!$I$5:$I$104=G$5,ROW(Invoices!$C$5:$C$104)-ROW(Invoices!$C$5)+1),ROWS(F$6:F42))),\"\")","v":""},{"$f":"IFERROR(VLOOKUP(F42,Invoices!$C:$L,5,FALSE),\"\")","v":""},{"$f":"IFERROR(VLOOKUP(F42,Invoices!$C:$L,9,FALSE),\"\")","v":""},null,{"$f":"IF(ROWS(J$6:J42)<=K$4,INDEX(Invoices!$C$5:$C$104,SMALL(IF(Invoices!$I$5:$I$104=K$5,ROW(Invoices!$C$5:$C$104)-ROW(Invoices!$C$5)+1),ROWS(J$6:J42))),\"\")","v":""},{"$f":"IFERROR(VLOOKUP(J42,Invoices!$C:$L,5,FALSE),\"\")","v":""},{"$f":"IFERROR(VLOOKUP(J42,Invoices!$C:$L,9,FALSE),\"\")","v":""},null,{"$f":"IF(ROWS(N$6:N42)<=O$4,INDEX(Invoices!$C$5:$C$104,SMALL(IF(Invoices!$I$5:$I$104=O$5,ROW(Invoices!$C$5:$C$104)-ROW(Invoices!$C$5)+1),ROWS(N$6:N42))),\"\")","v":""},{"$f":"IFERROR(VLOOKUP(N42,Invoices!$C:$L,5,FALSE),\"\")","v":""},{"$f":"IFERROR(VLOOKUP(N42,Invoices!$C:$L,9,FALSE),\"\")","v":""},null,{"$f":"IF(ROWS(R$6:R42)<=S$4,INDEX(Invoices!$C$5:$C$104,SMALL(IF(Invoices!$I$5:$I$104=S$5,ROW(Invoices!$C$5:$C$104)-ROW(Invoices!$C$5)+1),ROWS(R$6:R42))),\"\")","v":""},{"$f":"IFERROR(VLOOKUP(R42,Invoices!$C:$L,5,FALSE),\"\")","v":""},{"$f":"IFERROR(VLOOKUP(R42,Invoices!$C:$L,9,FALSE),\"\")","v":""}]
[null,{"$f":"IF(ROWS(B$6:B43)<=C$4,INDEX(Invoices!$C$5:$C$104,SMALL(IF(Invoices!$I$5:$I$104=C$5,ROW(Invoices!$C$5:$C$104)-ROW(Invoices!$C$5)+1),ROWS(B$6:B43))),\"\")","v":""},{"$f":"IFERROR(VLOOKUP(B43,Invoices!$C:$L,5,FALSE),\"\")","v":""},{"$f":"IFERROR(VLOOKUP(B43,Invoices!$C:$L,9,FALSE),\"\")","v":""},null,{"$f":"IF(ROWS(F$6:F43)<=G$4,INDEX(Invoices!$C$5:$C$104,SMALL(IF(Invoices!$I$5:$I$104=G$5,ROW(Invoices!$C$5:$C$104)-ROW(Invoices!$C$5)+1),ROWS(F$6:F43))),\"\")","v":""},{"$f":"IFERROR(VLOOKUP(F43,Invoices!$C:$L,5,FALSE),\"\")","v":""},{"$f":"IFERROR(VLOOKUP(F43,Invoices!$C:$L,9,FALSE),\"\")","v":""},null,{"$f":"IF(ROWS(J$6:J43)<=K$4,INDEX(Invoices!$C$5:$C$104,SMALL(IF(Invoices!$I$5:$I$104=K$5,ROW(Invoices!$C$5:$C$104)-ROW(Invoices!$C$5)+1),ROWS(J$6:J43))),\"\")","v":""},{"$f":"IFERROR(VLOOKUP(J43,Invoices!$C:$L,5,FALSE),\"\")","v":""},{"$f":"IFERROR(VLOOKUP(J43,Invoices!$C:$L,9,FALSE),\"\")","v":""},null,{"$f":"IF(ROWS(N$6:N43)<=O$4,INDEX(Invoices!$C$5:$C$104,SMALL(IF(Invoices!$I$5:$I$104=O$5,ROW(Invoices!$C$5:$C$104)-ROW(Invoices!$C$5)+1),ROWS(N$6:N43))),\"\")","v":""},{"$f":"IFERROR(VLOOKUP(N43,Invoices!$C:$L,5,FALSE),\"\")","v":""},{"$f":"IFERROR(VLOOKUP(N43,Invoices!$C:$L,9,FALSE),\"\")","v":""},null,{"$f":"IF(ROWS(R$6:R43)<=S$4,INDEX(Invoices!$C$5:$C$104,SMALL(IF(Invoices!$I$5:$I$104=S$5,ROW(Invoices!$C$5:$C$104)-ROW(Invoices!$C$5)+1),ROWS(R$6:R43))),\"\")","v":""},{"$f":"IFERROR(VLOOKUP(R43,Invoices!$C:$L,5,FALSE),\"\")","v":""},{"$f":"IFERROR(VLOOKUP(R43,Invoices!$C:$L,9,FALSE),\"\")","v":""}]
[null,{"$f":"IF(ROWS(B$6:B44)<=C$4,INDEX(Invoices!$C$5:$C$104,SMALL(IF(Invoices!$I$5:$I$104=C$5,ROW(Invoices!$C$5:$C$104)-ROW(Invoices!$C$5)+1),ROWS(B$6:B44))),\"\")","v":""},{"$f":"IFERROR(VLOOKUP(B44,Invoices!$C:$L,5,FALSE),\"\")","v":""},{"$f":"IFERROR(VLOOKUP(B44,Invoices!$C:$L,9,FALSE),\"\")","v":""},null,{"$f":"IF(ROWS(F$6:F44)<=G$4,INDEX(Invoices!$C$5:$C$104,SMALL(IF(Invoices!$I$5:$I$104=G$5,ROW(Invoices!$C$5:$C$104)-ROW(Invoices!$C$5)+1),ROWS(F$6:F44))),\"\")","v":""},{"$f":"IFERROR(VLOOKUP(F44,Invoices!$C:$L,5,FALSE),\"\")","v":""},{"$f":"IFERROR(VLOOKUP(F44,Invoices!$C:$L,9,FALSE),\"\")","v":""},null,{"$f":"IF(ROWS(J$6:J44)<=K$4,INDEX(Invoices!$C$5:$C$104,SMALL(IF(Invoices!$I$5:$I$104=K$5,ROW(Invoices!$C$5:$C$104)-ROW(Invoices!$C$5)+1),ROWS(J$6:J44))),\"\")","v":""},{"$f":"IFERROR(VLOOKUP(J44,Invoices!$C:$L,5,FALSE),\"\")","v":""},{"$f":"IFERROR(VLOOKUP(J44,Invoices!$C:$L,9,FALSE),\"\")","v":""},null,{"$f":"IF(ROWS(N$6:N44)<=O$4,INDEX(Invoices!$C$5:$C$104,SMALL(IF(Invoices!$I$5:$I$104=O$5,ROW(Invoices!$C$5:$C$104)-ROW(Invoices!$C$5)+1),ROWS(N$6:N44))),\"\")","v":""},{"$f":"IFERROR(VLOOKUP(N44,Invoices!$C:$L,5,FALSE),\"\")","v":""},{"$f":"IFERROR(VLOOKUP(N44,Invoices!$C:$L,9,FALSE),\"\")","v":""},null,{"$f":"IF(ROWS(R$6:R44)<=S$4,INDEX(Invoices!$C$5:$C$104,SMALL(IF(Invoices!$I$5:$I$104=S$5,ROW(Invoices!$C$5:$C$104)-ROW(Invoices!$C$5)+1),ROWS(R$6:R44))),\"\")","v":""},{"$f":"IFERROR(VLOOKUP(R44,Invoices!$C:$L,5,FALSE),\"\")","v":""},{"$f":"IFERROR(VLOOKUP(R44,Invoices!$C:$L,9,FALSE),\"\")","v":""}]
[null,{"$f":"IF(ROWS(B$6:B45)<=C$4,INDEX(Invoices!$C$5:$C$104,SMALL(IF(Invoices!$I$5:$I$104=C$5,ROW(Invoices!$C$5:$C$104)-ROW(Invoices!$C$5)+1),ROWS(B$6:B45))),\"\")","v":""},{"$f":"IFERROR(VLOOKUP(B45,Invoices!$C:$L,5,FALSE),\"\")","v":""},{"$f":"IFERROR(VLOOKUP(B45,Invoices!$C:$L,9,FALSE),\"\")","v":""},null,{"$f":"IF(ROWS(F$6:F45)<=G$4,INDEX(Invoices!$C$5:$C$104,SMALL(IF(Invoices!$I$5:$I$104=G$5,ROW(Invoices!$C$5:$C$104)-ROW(Invoices!$C$5)+1),ROWS(F$6:F45))),\"\")","v":""},{"$f":"IFERROR(VLOOKUP(F45,Invoices!$C:$L,5,FALSE),\"\")","v":""},{"$f":"IFERROR(VLOOKUP(F45,Invoices!$C:$L,9,FALSE),\"\")","v":""},null,{"$f":"IF(ROWS(J$6:J45)<=K$4,INDEX(Invoices!$C$5:$C$104,SMALL(IF(Invoices!$I$5:$I$104=K$5,ROW(Invoices!$C$5:$C$104)-ROW(Invoices!$C$5)+1),ROWS(J$6:J45))),\"\")","v":""},{"$f":"IFERROR(VLOOKUP(J45,Invoices!$C:$L,5,FALSE),\"\")","v":""},{"$f":"IFERROR(VLOOKUP(J45,Invoices!$C:$L,9,FALSE),\"\")","v":""},null,{"$f":"IF(ROWS(N$6:N45)<=O$4,INDEX(Invoices!$C$5:$C$104,SMALL(IF(Invoices!$I$5:$I$104=O$5,ROW(Invoices!$C$5:$C$104)-ROW(Invoices!$C$5)+1),ROWS(N$6:N45))),\"\")","v":""},{"$f":"IFERROR(VLOOKUP(N45,Invoices!$C:$L,5,FALSE),\"\")","v":""},{"$f":"IFERROR(VLOOKUP(N45,Invoices!$C:$L,9,FALSE),\"\")","v":""},null,{"$f":"IF(ROWS(R$6:R45)<=S$4,INDEX(Invoices!$C$5:$C$104,SMALL(IF(Invoices!$I$5:$I$104=S$5,ROW(Invoices!$C$5:$C$104)-ROW(Invoices!$C$5)+1),ROWS(R$6:R45))),\"\")","v":""},{"$f":"IFERROR(VLOOKUP(R45,Invoices!$C:$L,5,FALSE),\"\")","v":""},{"$f":"IFERROR(VLOOKUP(R45,Invoices!$C:$L,9,FALSE),\"\")","v":""}]
[null,{"$f":"IF(ROWS(B$6:B46)<=C$4,INDEX(Invoices!$C$5:$C$104,SMALL(IF(Invoices!$I$5:$I$104=C$5,ROW(Invoices!$C$5:$C$104)-ROW(Invoices!$C$5)+1),ROWS(B$6:B46))),\"\")","v":""},{"$f":"IFERROR(VLOOKUP(B46,Invoices!$C:$L,5,FALSE),\"\")","v":""},{"$f":"IFERROR(VLOOKUP(B46,Invoices!$C:$L,9,FALSE),\"\")","v":""},null,{"$f":"IF(ROWS(F$6:F46)<=G$4,INDEX(Invoices!$C$5:$C$104,SMALL(IF(Invoices!$I$5:$I$104=G$5,ROW(Invoices!$C$5:$C$104)-ROW(Invoices!$C$5)+1),ROWS(F$6:F46))),\"\")","v":""},{"$f":"IFERROR(VLOOKUP(F46,Invoices!$C:$L,5,FALSE),\"\")","v":""},{"$f":"IFERROR(VLOOKUP(F46,Invoices!$C:$L,9,FALSE),\"\")","v":""},null,{"$f":"IF(ROWS(J$6:J46)<=K$4,INDEX(Invoices!$C$5:$C$104,SMALL(IF(Invoices!$I$5:$I$104=K$5,ROW(Invoices!$C$5:$C$104)-ROW(Invoices!$C$5)+1),ROWS(J$6:J46))),\"\")","v":""},{"$f":"IFERROR(VLOOKUP(J46,Invoices!$C:$L,5,FALSE),\"\")","v":""},{"$f":"IFERROR(VLOOKUP(J46,Invoices!$C:$L,9,FALSE),\"\")","v":""},null,{"$f":"IF(ROWS(N$6:N46)<=O$4,INDEX(Invoices!$C$5:$C$104,SMALL(IF(Invoices!$I$5:$I$104=O$5,ROW(Invoices!$C$5:$C$104)-ROW(Invoices!$C$5)+1),ROWS(N$6:N46))),\"\")","v":""},{"$f":"IFERROR(VLOOKUP(N46,Invoices!$C:$L,5,FALSE),\"\")","v":""},{"$f":"IFERROR(VLOOKUP(N46,Invoices!$C:$L,9,FALSE),\"\")","v":""},null,{"$f":"IF(ROWS(R$6:R46)<=S$4,INDEX(Invoices!$C$5:$C$104,SMALL(IF(Invoices!$I$5:$I$104=S$5,ROW(Invoices!$C$5:$C$104)-ROW(Invoices!$C$5)+1),ROWS(R$6:R46))),\"\")","v":""},{"$f":"IFERROR(VLOOKUP(R46,Invoices!$C:$L,5,FALSE),\"\")","v":""},{"$f":"IFERROR(VLOOKUP(R46,Invoices!$C:$L,9,FALSE),\"\")","v":""}]
[null,{"$f":"IF(ROWS(B$6:B47)<=C$4,INDEX(Invoices!$C$5:$C$104,SMALL(IF(Invoices!$I$5:$I$104=C$5,ROW(Invoices!$C$5:$C$104)-ROW(Invoices!$C$5)+1),ROWS(B$6:B47))),\"\")","v":""},{"$f":"IFERROR(VLOOKUP(B47,Invoices!$C:$L,5,FALSE),\"\")","v":""},{"$f":"IFERROR(VLOOKUP(B47,Invoices!$C:$L,9,FALSE),\"\")","v":""},null,{"$f":"IF(ROWS(F$6:F47)<=G$4,INDEX(Invoices!$C$5:$C$104,SMALL(IF(Invoices!$I$5:$I$104=G$5,ROW(Invoices!$C$5:$C$104)-ROW(Invoices!$C$5)+1),ROWS(F$6:F47))),\"\")","v":""},{"$f":"IFERROR(VLOOKUP(F47,Invoices!$C:$L,5,FALSE),\"\")","v":""},{"$f":"IFERROR(VLOOKUP(F47,Invoices!$C:$L,9,FALSE),\"\")","v":""},null,{"$f":"IF(ROWS(J$6:J47)<=K$4,INDEX(Invoices!$C$5:$C$104,SMALL(IF(Invoices!$I$5:$I$104=K$5,ROW(Invoices!$C$5:$C$104)-ROW(Invoices!$C$5)+1),ROWS(J$6:J47))),\"\")","v":""},{"$f":"IFERROR(VLOOKUP(J47,Invoices!$C:$L,5,FALSE),\"\")","v":""},{"$f":"IFERROR(VLOOKUP(J47,Invoices!$C:$L,9,FALSE),\"\")","v":""},null,{"$f":"IF(ROWS(N$6:N47)<=O$4,INDEX(Invoices!$C$5:$C$104,SMALL(IF(Invoices!$I$5:$I$104=O$5,ROW(Invoices!$C$5:$C$104)-ROW(Invoices!$C$5)+1),ROWS(N$6:N47))),\"\")","v":""},{"$f":"IFERROR(VLOOKUP(N47,Invoices!$C:$L,5,FALSE),\"\")","v":""},{"$f":"IFERROR(VLOOKUP(N47,Invoices!$C:$L,9,FALSE),\"\")","v":""},null,{"$f":"IF(ROWS(R$6:R47)<=S$4,INDEX(Invoices!$C$5:$C$104,SMALL(IF(Invoices!$I$5:$I$104=S$5,ROW(Invoices!$C$5:$C$104)-ROW(Invoices!$C$5)+1),ROWS(R$6:R47))),\"\")","v":""},{"$f":"IFERROR(VLOOKUP(R47,Invoices!$C:$L,5,FALSE),\"\")","v":""},{"$f":"IFERROR(VLOOKUP(R47,Invoices!$C:$L,9,FALSE),\"\")","v":""}]
[null,{"$f":"IF(ROWS(B$6:B48)<=C$4,INDEX(Invoices!$C$5:$C$104,SMALL(IF(Invoices!$I$5:$I$104=C$5,ROW(Invoices!$C$5:$C$104)-ROW(Invoices!$C$5)+1),ROWS(B$6:B48))),\"\")","v":""},{"$f":"IFERROR(VLOOKUP(B48,Invoices!$C:$L,5,FALSE),\"\")","v":""},{"$f":"IFERROR(VLOOKUP(B48,Invoices!$C:$L,9,FALSE),\"\")","v":""},null,{"$f":"IF(ROWS(F$6:F48)<=G$4,INDEX(Invoices!$C$5:$C$104,SMALL(IF(Invoices!$I$5:$I$104=G$5,ROW(Invoices!$C$5:$C$104)-ROW(Invoices!$C$5)+1),ROWS(F$6:F48))),\"\")","v":""},{"$f":"IFERROR(VLOOKUP(F48,Invoices!$C:$L,5,FALSE),\"\")","v":""},{"$f":"IFERROR(VLOOKUP(F48,Invoices!$C:$L,9,FALSE),\"\")","v":""},null,{"$f":"IF(ROWS(J$6:J48)<=K$4,INDEX(Invoices!$C$5:$C$104,SMALL(IF(Invoices!$I$5:$I$104=K$5,ROW(Invoices!$C$5:$C$104)-ROW(Invoices!$C$5)+1),ROWS(J$6:J48))),\"\")","v":""},{"$f":"IFERROR(VLOOKUP(J48,Invoices!$C:$L,5,FALSE),\"\")","v":""},{"$f":"IFERROR(VLOOKUP(J48,Invoices!$C:$L,9,FALSE),\"\")","v":""},null,{"$f":"IF(ROWS(N$6:N48)<=O$4,INDEX(Invoices!$C$5:$C$104,SMALL(IF(Invoices!$I$5:$I$104=O$5,ROW(Invoices!$C$5:$C$104)-ROW(Invoices!$C$5)+1),ROWS(N$6:N48))),\"\")","v":""},{"$f":"IFERROR(VLOOKUP(N48,Invoices!$C:$L,5,FALSE),\"\")","v":""},{"$f":"IFERROR(VLOOKUP(N48,Invoices!$C:$L,9,FALSE),\"\")","v":""},null,{"$f":"IF(ROWS(R$6:R48)<=S$4,INDEX(Invoices!$C$5:$C$104,SMALL(IF(Invoices!$I$5:$I$104=S$5,ROW(Invoices!$C$5:$C$104)-ROW(Invoices!$C$5)+1),ROWS(R$6:R48))),\"\")","v":""},{"$f":"IFERROR(VLOOKUP(R48,Invoices!$C:$L,5,FALSE),\"\")","v":""},{"$f":"IFERROR(VLOOKUP(R48,Invoices!$C:$L,9,FALSE),\"\")","v":""}]
[null,{"$f":"IF(ROWS(B$6:B49)<=C$4,INDEX(Invoices!$C$5:$C$104,SMALL(IF(Invoices!$I$5:$I$104=C$5,ROW(Invoices!$C$5:$C$104)-ROW(Invoices!$C$5)+1),ROWS(B$6:B49))),\"\")","v":""},{"$f":"IFERROR(VLOOKUP(B49,Invoices!$C:$L,5,FALSE),\"\")","v":""},{"$f":"IFERROR(VLOOKUP(B49,Invoices!$C:$L,9,FALSE),\"\")","v":""},null,{"$f":"IF(ROWS(F$6:F49)<=G$4,INDEX(Invoices!$C$5:$C$104,SMALL(IF(Invoices!$I$5:$I$104=G$5,ROW(Invoices!$C$5:$C$104)-ROW(Invoices!$C$5)+1),ROWS(F$6:F49))),\"\")","v":""},{"$f":"IFERROR(VLOOKUP(F49,Invoices!$C:$L,5,FALSE),\"\")","v":""},{"$f":"IFERROR(VLOOKUP(F49,Invoices!$C:$L,9,FALSE),\"\")","v":""},null,{"$f":"IF(ROWS(J$6:J49)<=K$4,INDEX(Invoices!$C$5:$C$104,SMALL(IF(Invoices!$I$5:$I$104=K$5,ROW(Invoices!$C$5:$C$104)-ROW(Invoices!$C$5)+1),ROWS(J$6:J49))),\"\")","v":""},{"$f":"IFERROR(VLOOKUP(J49,Invoices!$C:$L,5,FALSE),\"\")","v":""},{"$f":"IFERROR(VLOOKUP(J49,Invoices!$C:$L,9,FALSE),\"\")","v":""},null,{"$f":"IF(ROWS(N$6:N49)<=O$4,INDEX(Invoices!$C$5:$C$104,SMALL(IF(Invoices!$I$5:$I$104=O$5,ROW(Invoices!$C$5:$C$104)-ROW(Invoices!$C$5)+1),ROWS(N$6:N49))),\"\")","v":""},{"$f":"IFERROR(VLOOKUP(N49,Invoices!$C:$L,5,FALSE),\"\")","v":""},{"$f":"IFERROR(VLOOKUP(N49,Invoices!$C:$L,9,FALSE),\"\")","v":""},null,{"$f":"IF(ROWS(R$6:R49)<=S$4,INDEX(Invoices!$C$5:$C$104,SMALL(IF(Invoices!$I$5:$I$104=S$5,ROW(Invoices!$C$5:$C$104)-ROW(Invoices!$C$5)+1),ROWS(R$6:R49))),\"\")","v":""},{"$f":"IFERROR(VLOOKUP(R49,Invoices!$C:$L,5,FALSE),\"\")","v":""},{"$f":"IFERROR(VLOOKUP(R49,Invoices!$C:$L,9,FALSE),\"\")","v":""}]
[null,{"$f":"IF(ROWS(B$6:B50)<=C$4,INDEX(Invoices!$C$5:$C$104,SMALL(IF(Invoices!$I$5:$I$104=C$5,ROW(Invoices!$C$5:$C$104)-ROW(Invoices!$C$5)+1),ROWS(B$6:B50))),\"\")","v":""},{"$f":"IFERROR(VLOOKUP(B50,Invoices!$C:$L,5,FALSE),\"\")","v":""},{"$f":"IFERROR(VLOOKUP(B50,Invoices!$C:$L,9,FALSE),\"\")","v":""},null,{"$f":"IF(ROWS(F$6:F50)<=G$4,INDEX(Invoices!$C$5:$C$104,SMALL(IF(Invoices!$I$5:$I$104=G$5,ROW(Invoices!$C$5:$C$104)-ROW(Invoices!$C$5)+1),ROWS(F$6:F50))),\"\")","v":""},{"$f":"IFERROR(VLOOKUP(F50,Invoices!$C:$L,5,FALSE),\"\")","v":""},{"$f":"IFERROR(VLOOKUP(F50,Invoices!$C:$L,9,FALSE),\"\")","v":""},null,{"$f":"IF(ROWS(J$6:J50)<=K$4,INDEX(Invoices!$C$5:$C$104,SMALL(IF(Invoices!$I$5:$I$104=K$5,ROW(Invoices!$C$5:$C$104)-ROW(Invoices!$C$5)+1),ROWS(J$6:J50))),\"\")","v":""},{"$f":"IFERROR(VLOOKUP(J50,Invoices!$C:$L,5,FALSE),\"\")","v":""},{"$f":"IFERROR(VLOOKUP(J50,Invoices!$C:$L,9,FALSE),\"\")","v":""},null,{"$f":"IF(ROWS(N$6:N50)<=O$4,INDEX(Invoices!$C$5:$C$104,SMALL(IF(Invoices!$I$5:$I$104=O$5,ROW(Invoices!$C$5:$C$104)-ROW(Invoices!$C$5)+1),ROWS(N$6:N50))),\"\")","v":""},{"$f":"IFERROR(VLOOKUP(N50,Invoices!$C:$L,5,FALSE),\"\")","v":""},{"$f":"IFERROR(VLOOKUP(N50,Invoices!$C:$L,9,FALSE),\"\")","v":""},null,{"$f":"IF(ROWS(R$6:R50)<=S$4,INDEX(Invoices!$C$5:$C$104,SMALL(IF(Invoices!$I$5:$I$104=S$5,ROW(Invoices!$C$5:$C$104)-ROW(Invoices!$C$5)+1),ROWS(R$6:R50))),\"\")","v":""},{"$f":"IFERROR(VLOOKUP(R50,Invoices!$C:$L,5,FALSE),\"\")","v":""},{"$f":"IFERROR(VLOOKUP(R50,Invoices!$C:$L,9,FALSE),\"\")","v":""}]
[null,{"$f":"IF(ROWS(B$6:B51)<=C$4,INDEX(Invoices!$C$5:$C$104,SMALL(IF(Invoices!$I$5:$I$104=C$5,ROW(Invoices!$C$5:$C$104)-ROW(Invoices!$C$5)+1),ROWS(B$6:B51))),\"\")","v":""},{"$f":"IFERROR(VLOOKUP(B51,Invoices!$C:$L,5,FALSE),\"\")","v":""},{"$f":"IFERROR(VLOOKUP(B51,Invoices!$C:$L,9,FALSE),\"\")","v":""},null,{"$f":"IF(ROWS(F$6:F51)<=G$4,INDEX(Invoices!$C$5:$C$104,SMALL(IF(Invoices!$I$5:$I$104=G$5,ROW(Invoices!$C$5:$C$104)-ROW(Invoices!$C$5)+1),ROWS(F$6:F51))),\"\")","v":""},{"$f":"IFERROR(VLOOKUP(F51,Invoices!$C:$L,5,FALSE),\"\")","v":""},{"$f":"IFERROR(VLOOKUP(F51,Invoices!$C:$L,9,FALSE),\"\")","v":""},null,{"$f":"IF(ROWS(J$6:J51)<=K$4,INDEX(Invoices!$C$5:$C$104,SMALL(IF(Invoices!$I$5:$I$104=K$5,ROW(Invoices!$C$5:$C$104)-ROW(Invoices!$C$5)+1),ROWS(J$6:J51))),\"\")","v":""},{"$f":"IFERROR(VLOOKUP(J51,Invoices!$C:$L,5,FALSE),\"\")","v":""},{"$f":"IFERROR(VLOOKUP(J51,Invoices!$C:$L,9,FALSE),\"\")","v":""},null,{"$f":"IF(ROWS(N$6:N51)<=O$4,INDEX(Invoices!$C$5:$C$104,SMALL(IF(Invoices!$I$5:$I$104=O$5,ROW(Invoices!$C$5:$C$104)-ROW(Invoices!$C$5)+1),ROWS(N$6:N51))),\"\")","v":""},{"$f":"IFERROR(VLOOKUP(N51,Invoices!$C:$L,5,FALSE),\"\")","v":""},{"$f":"IFERROR(VLOOKUP(N51,Invoices!$C:$L,9,FALSE),\"\")","v":""},null,{"$f":"IF(ROWS(R$6:R51)<=S$4,INDEX(Invoices!$C$5:$C$104,SMALL(IF(Invoices!$I$5:$I$104=S$5,ROW(Invoices!$C$5:$C$104)-ROW(Invoices!P50)+1),ROWS(R$6:R51))),\"\")","v":""},{"$f":"IFERROR(VLOOKUP(R51,Invoices!$C:$L,5,FALSE),\"\")","v":""},{"$f":"IFERROR(VLOOKUP(R51,Invoices!$C:$L,11,FALSE),\"\")","v":""}]
[null,{"$f":"IF(ROWS(B$6:B52)<=C$4,INDEX(Invoices!$C$5:$C$104,SMALL(IF(Invoices!$I$5:$I$104=C$5,ROW(Invoices!$C$5:$C$104)-ROW(Invoices!$C$5)+1),ROWS(B$6:B52))),\"\")","v":""},{"$f":"IFERROR(VLOOKUP(B52,Invoices!$C:$L,5,FALSE),\"\")","v":""},{"$f":"IFERROR(VLOOKUP(B52,Invoices!$C:$L,9,FALSE),\"\")","v":""},null,{"$f":"IF(ROWS(F$6:F52)<=G$4,INDEX(Invoices!$C$5:$C$104,SMALL(IF(Invoices!$I$5:$I$104=G$5,ROW(Invoices!$C$5:$C$104)-ROW(Invoices!$C$5)+1),ROWS(F$6:F52))),\"\")","v":""},{"$f":"IFERROR(VLOOKUP(F52,Invoices!$C:$L,5,FALSE),\"\")","v":""},{"$f":"IFERROR(VLOOKUP(F52,Invoices!$C:$L,9,FALSE),\"\")","v":""},null,{"$f":"IF(ROWS(J$6:J52)<=K$4,INDEX(Invoices!$C$5:$C$104,SMALL(IF(Invoices!$I$5:$I$104=K$5,ROW(Invoices!$C$5:$C$104)-ROW(Invoices!$C$5)+1),ROWS(J$6:J52))),\"\")","v":""},{"$f":"IFERROR(VLOOKUP(J52,Invoices!$C:$L,5,FALSE),\"\")","v":""},{"$f":"IFERROR(VLOOKUP(J52,Invoices!$C:$L,9,FALSE),\"\")","v":""},null,{"$f":"IF(ROWS(N$6:N52)<=O$4,INDEX(Invoices!$C$5:$C$104,SMALL(IF(Invoices!$I$5:$I$104=O$5,ROW(Invoices!$C$5:$C$104)-ROW(Invoices!$C$5)+1),ROWS(N$6:N52))),\"\")","v":""},{"$f":"IFERROR(VLOOKUP(N52,Invoices!$C:$L,5,FALSE),\"\")","v":""},{"$f":"IFERROR(VLOOKUP(N52,Invoices!$C:$L,9,FALSE),\"\")","v":""},null,{"$f":"IF(ROWS(R$6:R52)<=S$4,INDEX(Invoices!$C$5:$C$104,SMALL(IF(Invoices!$I$5:$I$104=S$5,ROW(Invoices!$C$5:$C$104)-ROW(Invoices!P51)+1),ROWS(R$6:R52))),\"\")","v":""},{"$f":"IFERROR(VLOOKUP(R52,Invoices!$C:$L,5,FALSE),\"\")","v":""},{"$f":"IFERROR(VLOOKUP(R52,Invoices!$C:$L,11,FALSE),\"\")","v":""}]
[null,{"$f":"IF(ROWS(B$6:B53)<=C$4,INDEX(Invoices!$C$5:$C$104,SMALL(IF(Invoices!$I$5:$I$104=C$5,ROW(Invoices!$C$5:$C$104)-ROW(Invoices!$C$5)+1),ROWS(B$6:B53))),\"\")","v":""},{"$f":"IFERROR(VLOOKUP(B53,Invoices!$C:$L,5,FALSE),\"\")","v":""},{"$f":"IFERROR(VLOOKUP(B53,Invoices!$C:$L,9,FALSE),\"\")","v":""},null,{"$f":"IF(ROWS(F$6:F53)<=G$4,INDEX(Invoices!$C$5:$C$104,SMALL(IF(Invoices!$I$5:$I$104=G$5,ROW(Invoices!$C$5:$C$104)-ROW(Invoices!$C$5)+1),ROWS(F$6:F53))),\"\")","v":""},{"$f":"IFERROR(VLOOKUP(F53,Invoices!$C:$L,5,FALSE),\"\")","v":""},{"$f":"IFERROR(VLOOKUP(F53,Invoices!$C:$L,9,FALSE),\"\")","v":""},null,{"$f":"IF(ROWS(J$6:J53)<=K$4,INDEX(Invoices!$C$5:$C$104,SMALL(IF(Invoices!$I$5:$I$104=K$5,ROW(Invoices!$C$5:$C$104)-ROW(Invoices!$C$5)+1),ROWS(J$6:J53))),\"\")","v":""},{"$f":"IFERROR(VLOOKUP(J53,Invoices!$C:$L,5,FALSE),\"\")","v":""},{"$f":"IFERROR(VLOOKUP(J53,Invoices!$C:$L,9,FALSE),\"\")","v":""},null,{"$f":"IF(ROWS(N$6:N53)<=O$4,INDEX(Invoices!$C$5:$C$104,SMALL(IF(Invoices!$I$5:$I$104=O$5,ROW(Invoices!$C$5:$C$104)-ROW(Invoices!$C$5)+1),ROWS(N$6:N53))),\"\")","v":""},{"$f":"IFERROR(VLOOKUP(N53,Invoices!$C:$L,5,FALSE),\"\")","v":""},{"$f":"IFERROR(VLOOKUP(N53,Invoices!$C:$L,9,FALSE),\"\")","v":""},null,{"$f":"IF(ROWS(R$6:R53)<=S$4,INDEX(Invoices!$C$5:$C$104,SMALL(IF(Invoices!$I$5:$I$104=S$5,ROW(Invoices!$C$5:$C$104)-ROW(Invoices!P52)+1),ROWS(R$6:R53))),\"\")","v":""},{"$f":"IFERROR(VLOOKUP(R53,Invoices!$C:$L,5,FALSE),\"\")","v":""},{"$f":"IFERROR(VLOOKUP(R53,Invoices!$C:$L,11,FALSE),\"\")","v":""}]
[null,{"$f":"IF(ROWS(B$6:B54)<=C$4,INDEX(Invoices!$C$5:$C$104,SMALL(IF(Invoices!$I$5:$I$104=C$5,ROW(Invoices!$C$5:$C$104)-ROW(Invoices!$C$5)+1),ROWS(B$6:B54))),\"\")","v":""},{"$f":"IFERROR(VLOOKUP(B54,Invoices!$C:$L,5,FALSE),\"\")","v":""},{"$f":"IFERROR(VLOOKUP(B54,Invoices!$C:$L,9,FALSE),\"\")","v":""},null,{"$f":"IF(ROWS(F$6:F54)<=G$4,INDEX(Invoices!$C$5:$C$104,SMALL(IF(Invoices!$I$5:$I$104=G$5,ROW(Invoices!$C$5:$C$104)-ROW(Invoices!$C$5)+1),ROWS(F$6:F54))),\"\")","v":""},{"$f":"IFERROR(VLOOKUP(F54,Invoices!$C:$L,5,FALSE),\"\")","v":""},{"$f":"IFERROR(VLOOKUP(F54,Invoices!$C:$L,9,FALSE),\"\")","v":""},null,{"$f":"IF(ROWS(J$6:J54)<=K$4,INDEX(Invoices!$C$5:$C$104,SMALL(IF(Invoices!$I$5:$I$104=K$5,ROW(Invoices!$C$5:$C$104)-ROW(Invoices!$C$5)+1),ROWS(J$6:J54))),\"\")","v":""},{"$f":"IFERROR(VLOOKUP(J54,Invoices!$C:$L,5,FALSE),\"\")","v":""},{"$f":"IFERROR(VLOOKUP(J54,Invoices!$C:$L,9,FALSE),\"\")","v":""},null,{"$f":"IF(ROWS(N$6:N54)<=O$4,INDEX(Invoices!$C$5:$C$104,SMALL(IF(Invoices!$I$5:$I$104=O$5,ROW(Invoices!$C$5:$C$104)-ROW(Invoices!$C$5)+1),ROWS(N$6:N54))),\"\")","v":""},{"$f":"IFERROR(VLOOKUP(N54,Invoices!$C:$L,5,FALSE),\"\")","v":""},{"$f":"IFERROR(VLOOKUP(N54,Invoices!$C:$L,9,FALSE),\"\")","v":""},null,{"$f":"IF(ROWS(R$6:R54)<=S$4,INDEX(Invoices!$C$5:$C$104,SMALL(IF(Invoices!$I$5:$I$104=S$5,ROW(Invoices!$C$5:$C$104)-ROW(Invoices!P53)+1),ROWS(R$6:R54))),\"\")","v":""},{"$f":"IFERROR(VLOOKUP(R54,Invoices!$C:$L,5,FALSE),\"\")","v":""},{"$f":"IFERROR(VLOOKUP(R54,Invoices!$C:$L,11,FALSE),\"\")","v":""}]
[null,{"$f":"IF(ROWS(B$6:B55)<=C$4,INDEX(Invoices!$C$5:$C$104,SMALL(IF(Invoices!$I$5:$I$104=C$5,ROW(Invoices!$C$5:$C$104)-ROW(Invoices!$C$5)+1),ROWS(B$6:B55))),\"\")","v":""},{"$f":"IFERROR(VLOOKUP(B55,Invoices!$C:$L,5,FALSE),\"\")","v":""},{"$f":"IFERROR(VLOOKUP(B55,Invoices!$C:$L,9,FALSE),\"\")","v":""},null,{"$f":"IF(ROWS(F$6:F55)<=G$4,INDEX(Invoices!$C$5:$C$104,SMALL(IF(Invoices!$I$5:$I$104=G$5,ROW(Invoices!$C$5:$C$104)-ROW(Invoices!$C$5)+1),ROWS(F$6:F55))),\"\")","v":""},{"$f":"IFERROR(VLOOKUP(F55,Invoices!$C:$L,5,FALSE),\"\")","v":""},{"$f":"IFERROR(VLOOKUP(F55,Invoices!$C:$L,9,FALSE),\"\")","v":""},null,{"$f":"IF(ROWS(J$6:J55)<=K$4,INDEX(Invoices!$C$5:$C$104,SMALL(IF(Invoices!$I$5:$I$104=K$5,ROW(Invoices!$C$5:$C$104)-ROW(Invoices!$C$5)+1),ROWS(J$6:J55))),\"\")","v":""},{"$f":"IFERROR(VLOOKUP(J55,Invoices!$C:$L,5,FALSE),\"\")","v":""},{"$f":"IFERROR(VLOOKUP(J55,Invoices!$C:$L,9,FALSE),\"\")","v":""},null,{"$f":"IF(ROWS(N$6:N55)<=O$4,INDEX(Invoices!$C$5:$C$104,SMALL(IF(Invoices!$I$5:$I$104=O$5,ROW(Invoices!$C$5:$C$104)-ROW(Invoices!$C$5)+1),ROWS(N$6:N55))),\"\")","v":""},{"$f":"IFERROR(VLOOKUP(N55,Invoices!$C:$L,5,FALSE),\"\")","v":""},{"$f":"IFERROR(VLOOKUP(N55,Invoices!$C:$L,9,FALSE),\"\")","v":""},null,{"$f":"IF(ROWS(R$6:R55)<=S$4,INDEX(Invoices!$C$5:$C$104,SMALL(IF(Invoices!$I$5:$I$104=S$5,ROW(Invoices!$C$5:$C$104)-ROW(Invoices!P54)+1),ROWS(R$6:R55))),\"\")","v":""},{"$f":"IFERROR(VLOOKUP(R55,Invoices!$C:$L,5,FALSE),\"\")","v":""},{"$f":"IFERROR(VLOOKUP(R55,Invoices!$C:$L,11,FALSE),\"\")","v":""}]
[null,{"$f":"IF(ROWS(B$6:B56)<=C$4,INDEX(Invoices!$C$5:$C$104,SMALL(IF(Invoices!$I$5:$I$104=C$5,ROW(Invoices!$C$5:$C$104)-ROW(Invoices!$C$5)+1),ROWS(B$6:B56))),\"\")","v":""},{"$f":"IFERROR(VLOOKUP(B56,Invoices!$C:$L,5,FALSE),\"\")","v":""},{"$f":"IFERROR(VLOOKUP(B56,Invoices!$C:$L,9,FALSE),\"\")","v":""},null,{"$f":"IF(ROWS(F$6:F56)<=G$4,INDEX(Invoices!$C$5:$C$104,SMALL(IF(Invoices!$I$5:$I$104=G$5,ROW(Invoices!$C$5:$C$104)-ROW(Invoices!$C$5)+1),ROWS(F$6:F56))),\"\")","v":""},{"$f":"IFERROR(VLOOKUP(F56,Invoices!$C:$L,5,FALSE),\"\")","v":""},{"$f":"IFERROR(VLOOKUP(F56,Invoices!$C:$L,9,FALSE),\"\")","v":""},null,{"$f":"IF(ROWS(J$6:J56)<=K$4,INDEX(Invoices!$C$5:$C$104,SMALL(IF(Invoices!$I$5:$I$104=K$5,ROW(Invoices!$C$5:$C$104)-ROW(Invoices!$C$5)+1),ROWS(J$6:J56))),\"\")","v":""},{"$f":"IFERROR(VLOOKUP(J56,Invoices!$C:$L,5,FALSE),\"\")","v":""},{"$f":"IFERROR(VLOOKUP(J56,Invoices!$C:$L,9,FALSE),\"\")","v":""},null,{"$f":"IF(ROWS(N$6:N56)<=O$4,INDEX(Invoices!$C$5:$C$104,SMALL(IF(Invoices!$I$5:$I$104=O$5,ROW(Invoices!$C$5:$C$104)-ROW(Invoices!$C$5)+1),ROWS(N$6:N56))),\"\")","v":""},{"$f":"IFERROR(VLOOKUP(N56,Invoices!$C:$L,5,FALSE),\"\")","v":""},{"$f":"IFERROR(VLOOKUP(N56,Invoices!$C:$L,9,FALSE),\"\")","v":""},null,{"$f":"IF(ROWS(R$6:R56)<=S$4,INDEX(Invoices!$C$5:$C$104,SMALL(IF(Invoices!$I$5:$I$104=S$5,ROW(Invoices!$C$5:$C$104)-ROW(Invoices!P55)+1),ROWS(R$6:R56))),\"\")","v":""},{"$f":"IFERROR(VLOOKUP(R56,Invoices!$C:$L,5,FALSE),\"\")","v":""},{"$f":"IFERROR(VLOOKUP(R56,Invoices!$C:$L,11,FALSE),\"\")","v":""}]
[null,{"$f":"IF(ROWS(B$6:B57)<=C$4,INDEX(Invoices!$C$5:$C$104,SMALL(IF(Invoices!$I$5:$I$104=C$5,ROW(Invoices!$C$5:$C$104)-ROW(Invoices!$C$5)+1),ROWS(B$6:B57))),\"\")","v":""},{"$f":"IFERROR(VLOOKUP(B57,Invoices!$C:$L,5,FALSE),\"\")","v":""},{"$f":"IFERROR(VLOOKUP(B57,Invoices!$C:$L,9,FALSE),\"\")","v":""},null,{"$f":"IF(ROWS(F$6:F57)<=G$4,INDEX(Invoices!$C$5:$C$104,SMALL(IF(Invoices!$I$5:$I$104=G$5,ROW(Invoices!$C$5:$C$104)-ROW(Invoices!$C$5)+1),ROWS(F$6:F57))),\"\")","v":""},{"$f":"IFERROR(VLOOKUP(F57,Invoices!$C:$L,5,FALSE),\"\")","v":""},{"$f":"IFERROR(VLOOKUP(F57,Invoices!$C:$L,9,FALSE),\"\")","v":""},null,{"$f":"IF(ROWS(J$6:J57)<=K$4,INDEX(Invoices!$C$5:$C$104,SMALL(IF(Invoices!$I$5:$I$104=K$5,ROW(Invoices!$C$5:$C$104)-ROW(Invoices!$C$5)+1),ROWS(J$6:J57))),\"\")","v":""},{"$f":"IFERROR(VLOOKUP(J57,Invoices!$C:$L,5,FALSE),\"\")","v":""},{"$f":"IFERROR(VLOOKUP(J57,Invoices!$C:$L,9,FALSE),\"\")","v":""},null,{"$f":"IF(ROWS(N$6:N57)<=O$4,INDEX(Invoices!$C$5:$C$104,SMALL(IF(Invoices!$I$5:$I$104=O$5,ROW(Invoices!$C$5:$C$104)-ROW(Invoices!$C$5)+1),ROWS(N$6:N57))),\"\")","v":""},{"$f":"IFERROR(VLOOKUP(N57,Invoices!$C:$L,5,FALSE),\"\")","v":""},{"$f":"IFERROR(VLOOKUP(N57,Invoices!$C:$L,9,FALSE),\"\")","v":""},null,{"$f":"IF(ROWS(R$6:R57)<=S$4,INDEX(Invoices!$C$5:$C$104,SMALL(IF(Invoices!$I$5:$I$104=S$5,ROW(Invoices!$C$5:$C$104)-ROW(Invoices!P56)+1),ROWS(R$6:R57))),\"\")","v":""},{"$f":"IFERROR(VLOOKUP(R57,Invoices!$C:$L,5,FALSE),\"\")","v":""},{"$f":"IFERROR(VLOOKUP(R57,Invoices!$C:$L,11,FALSE),\"\")","v":""}]
[null,{"$f":"IF(ROWS(B$6:B58)<=C$4,INDEX(Invoices!$C$5:$C$104,SMALL(IF(Invoices!$I$5:$I$104=C$5,ROW(Invoices!$C$5:$C$104)-ROW(Invoices!$C$5)+1),ROWS(B$6:B58))),\"\")","v":""},{"$f":"IFERROR(VLOOKUP(B58,Invoices!$C:$L,5,FALSE),\"\")","v":""},{"$f":"IFERROR(VLOOKUP(B58,Invoices!$C:$L,9,FALSE),\"\")","v":""},null,{"$f":"IF(ROWS(F$6:F58)<=G$4,INDEX(Invoices!$C$5:$C$104,SMALL(IF(Invoices!$I$5:$I$104=G$5,ROW(Invoices!$C$5:$C$104)-ROW(Invoices!$C$5)+1),ROWS(F$6:F58))),\"\")","v":""},{"$f":"IFERROR(VLOOKUP(F58,Invoices!$C:$L,5,FALSE),\"\")","v":""},{"$f":"IFERROR(VLOOKUP(F58,Invoices!$C:$L,9,FALSE),\"\")","v":""},null,{"$f":"IF(ROWS(J$6:J58)<=K$4,INDEX(Invoices!$C$5:$C$104,SMALL(IF(Invoices!$I$5:$I$104=K$5,ROW(Invoices!$C$5:$C$104)-ROW(Invoices!$C$5)+1),ROWS(J$6:J58))),\"\")","v":""},{"$f":"IFERROR(VLOOKUP(J58,Invoices!$C:$L,5,FALSE),\"\")","v":""},{"$f":"IFERROR(VLOOKUP(J58,Invoices!$C:$L,9,FALSE),\"\")","v":""},null,{"$f":"IF(ROWS(N$6:N58)<=O$4,INDEX(Invoices!$C$5:$C$104,SMALL(IF(Invoices!$I$5:$I$104=O$5,ROW(Invoices!$C$5:$C$104)-ROW(Invoices!$C$5)+1),ROWS(N$6:N58))),\"\")","v":""},{"$f":"IFERROR(VLOOKUP(N58,Invoices!$C:$L,5,FALSE),\"\")","v":""},{"$f":"IFERROR(VLOOKUP(N58,Invoices!$C:$L,9,FALSE),\"\")","v":""},null,{"$f":"IF(ROWS(R$6:R58)<=S$4,INDEX(Invoices!$C$5:$C$104,SMALL(IF(Invoices!$I$5:$I$104=S$5,ROW(Invoices!$C$5:$C$104)-ROW(Invoices!P57)+1),ROWS(R$6:R58))),\"\")","v":""},{"$f":"IFERROR(VLOOKUP(R58,Invoices!$C:$L,5,FALSE),\"\")","v":""},{"$f":"IFERROR(VLOOKUP(R58,Invoices!$C:$L,11,FALSE),\"\")","v":""}]
[null,{"$f":"IF(ROWS(B$6:B59)<=C$4,INDEX(Invoices!$C$5:$C$104,SMALL(IF(Invoices!$I$5:$I$104=C$5,ROW(Invoices!$C$5:$C$104)-ROW(Invoices!$C$5)+1),ROWS(B$6:B59))),\"\")","v":""},{"$f":"IFERROR(VLOOKUP(B59,Invoices!$C:$L,5,FALSE),\"\")","v":""},{"$f":"IFERROR(VLOOKUP(B59,Invoices!$C:$L,9,FALSE),\"\")","v":""},null,{"$f":"IF(ROWS(F$6:F59)<=G$4,INDEX(Invoices!$C$5:$C$104,SMALL(IF(Invoices!$I$5:$I$104=G$5,ROW(Invoices!$C$5:$C$104)-ROW(Invoices!$C$5)+1),ROWS(F$6:F59))),\"\")","v":""},{"$f":"IFERROR(VLOOKUP(F59,Invoices!$C:$L,5,FALSE),\"\")","v":""},{"$f":"IFERROR(VLOOKUP(F59,Invoices!$C:$L,9,FALSE),\"\")","v":""},null,{"$f":"IF(ROWS(J$6:J59)<=K$4,INDEX(Invoices!$C$5:$C$104,SMALL(IF(Invoices!$I$5:$I$104=K$5,ROW(Invoices!$C$5:$C$104)-ROW(Invoices!$C$5)+1),ROWS(J$6:J59))),\"\")","v":""},{"$f":"IFERROR(VLOOKUP(J59,Invoices!$C:$L,5,FALSE),\"\")","v":""},{"$f":"IFERROR(VLOOKUP(J59,Invoices!$C:$L,9,FALSE),\"\")","v":""},null,{"$f":"IF(ROWS(N$6:N59)<=O$4,INDEX(Invoices!$C$5:$C$104,SMALL(IF(Invoices!$I$5:$I$104=O$5,ROW(Invoices!$C$5:$C$104)-ROW(Invoices!$C$5)+1),ROWS(N$6:N59))),\"\")","v":""},{"$f":"IFERROR(VLOOKUP(N59,Invoices!$C:$L,5,FALSE),\"\")","v":""},{"$f":"IFERROR(VLOOKUP(N59,Invoices!$C:$L,9,FALSE),\"\")","v":""},null,{"$f":"IF(ROWS(R$6:R59)<=S$4,INDEX(Invoices!$C$5:$C$104,SMALL(IF(Invoices!$I$5:$I$104=S$5,ROW(Invoices!$C$5:$C$104)-ROW(Invoices!P58)+1),ROWS(R$6:R59))),\"\")","v":""},{"$f":"IFERROR(VLOOKUP(R59,Invoices!$C:$L,5,FALSE),\"\")","v":""},{"$f":"IFERROR(VLOOKUP(R59,Invoices!$C:$L,11,FALSE),\"\")","v":""}]
[null,{"$f":"IF(ROWS(B$6:B60)<=C$4,INDEX(Invoices!$C$5:$C$104,SMALL(IF(Invoices!$I$5:$I$104=C$5,ROW(Invoices!$C$5:$C$104)-ROW(Invoices!$C$5)+1),ROWS(B$6:B60))),\"\")","v":""},{"$f":"IFERROR(VLOOKUP(B60,Invoices!$C:$L,5,FALSE),\"\")","v":""},{"$f":"IFERROR(VLOOKUP(B60,Invoices!$C:$L,9,FALSE),\"\")","v":""},null,{"$f":"IF(ROWS(F$6:F60)<=G$4,INDEX(Invoices!$C$5:$C$104,SMALL(IF(Invoices!$I$5:$I$104=G$5,ROW(Invoices!$C$5:$C$104)-ROW(Invoices!$C$5)+1),ROWS(F$6:F60))),\"\")","v":""},{"$f":"IFERROR(VLOOKUP(F60,Invoices!$C:$L,5,FALSE),\"\")","v":""},{"$f":"IFERROR(VLOOKUP(F60,Invoices!$C:$L,9,FALSE),\"\")","v":""},null,{"$f":"IF(ROWS(J$6:J60)<=K$4,INDEX(Invoices!$C$5:$C$104,SMALL(IF(Invoices!$I$5:$I$104=K$5,ROW(Invoices!$C$5:$C$104)-ROW(Invoices!$C$5)+1),ROWS(J$6:J60))),\"\")","v":""},{"$f":"IFERROR(VLOOKUP(J60,Invoices!$C:$L,5,FALSE),\"\")","v":""},{"$f":"IFERROR(VLOOKUP(J60,Invoices!$C:$L,9,FALSE),\"\")","v":""},null,{"$f":"IF(ROWS(N$6:N60)<=O$4,INDEX(Invoices!$C$5:$C$104,SMALL(IF(Invoices!$I$5:$I$104=O$5,ROW(Invoices!$C$5:$C$104)-ROW(Invoices!$C$5)+1),ROWS(N$6:N60))),\"\")","v":""},{"$f":"IFERROR(VLOOKUP(N60,Invoices!$C:$L,5,FALSE),\"\")","v":""},{"$f":"IFERROR(VLOOKUP(N60,Invoices!$C:$L,9,FALSE),\"\")","v":""},null,{"$f":"IF(ROWS(R$6:R60)<=S$4,INDEX(Invoices!$C$5:$C$104,SMALL(IF(Invoices!$I$5:$I$104=S$5,ROW(Invoices!$C$5:$C$104)-ROW(Invoices!P59)+1),ROWS(R$6:R60))),\"\")","v":""},{"$f":"IFERROR(VLOOKUP(R60,Invoices!$C:$L,5,FALSE),\"\")","v":""},{"$f":"IFERROR(VLOOKUP(R60,Invoices!$C:$L,11,FALSE),\"\")","v":""}]
[null,{"$f":"IF(ROWS(B$6:B61)<=C$4,INDEX(Invoices!$C$5:$C$104,SMALL(IF(Invoices!$I$5:$I$104=C$5,ROW(Invoices!$C$5:$C$104)-ROW(Invoices!$C$5)+1),ROWS(B$6:B61))),\"\")","v":""},{"$f":"IFERROR(VLOOKUP(B61,Invoices!$C:$L,5,FALSE),\"\")","v":""},{"$f":"IFERROR(VLOOKUP(B61,Invoices!$C:$L,9,FALSE),\"\")","v":""},null,{"$f":"IF(ROWS(F$6:F61)<=G$4,INDEX(Invoices!$C$5:$C$104,SMALL(IF(Invoices!$I$5:$I$104=G$5,ROW(Invoices!$C$5:$C$104)-ROW(Invoices!$C$5)+1),ROWS(F$6:F61))),\"\")","v":""},{"$f":"IFERROR(VLOOKUP(F61,Invoices!$C:$L,5,FALSE),\"\")","v":""},{"$f":"IFERROR(VLOOKUP(F61,Invoices!$C:$L,9,FALSE),\"\")","v":""},null,{"$f":"IF(ROWS(J$6:J61)<=K$4,INDEX(Invoices!$C$5:$C$104,SMALL(IF(Invoices!$I$5:$I$104=K$5,ROW(Invoices!$C$5:$C$104)-ROW(Invoices!$C$5)+1),ROWS(J$6:J61))),\"\")","v":""},{"$f":"IFERROR(VLOOKUP(J61,Invoices!$C:$L,5,FALSE),\"\")","v":""},{"$f":"IFERROR(VLOOKUP(J61,Invoices!$C:$L,9,FALSE),\"\")","v":""},null,{"$f":"IF(ROWS(N$6:N61)<=O$4,INDEX(Invoices!$C$5:$C$104,SMALL(IF(Invoices!$I$5:$I$104=O$5,ROW(Invoices!$C$5:$C$104)-ROW(Invoices!$C$5)+1),ROWS(N$6:N61))),\"\")","v":""},{"$f":"IFERROR(VLOOKUP(N61,Invoices!$C:$L,5,FALSE),\"\")","v":""},{"$f":"IFERROR(VLOOKUP(N61,Invoices!$C:$L,9,FALSE),\"\")","v":""},null,{"$f":"IF(ROWS(R$6:R61)<=S$4,INDEX(Invoices!$C$5:$C$104,SMALL(IF(Invoices!$I$5:$I$104=S$5,ROW(Invoices!$C$5:$C$104)-ROW(Invoices!P60)+1),ROWS(R$6:R61))),\"\")","v":""},{"$f":"IFERROR(VLOOKUP(R61,Invoices!$C:$L,5,FALSE),\"\")","v":""},{"$f":"IFERROR(VLOOKUP(R61,Invoices!$C:$L,11,FALSE),\"\")","v":""}]
[null,{"$f":"IF(ROWS(B$6:B62)<=C$4,INDEX(Invoices!$C$5:$C$104,SMALL(IF(Invoices!$I$5:$I$104=C$5,ROW(Invoices!$C$5:$C$104)-ROW(Invoices!$C$5)+1),ROWS(B$6:B62))),\"\")","v":""},{"$f":"IFERROR(VLOOKUP(B62,Invoices!$C:$L,5,FALSE),\"\")","v":""},{"$f":"IFERROR(VLOOKUP(B62,Invoices!$C:$L,9,FALSE),\"\")","v":""},null,{"$f":"IF(ROWS(F$6:F62)<=G$4,INDEX(Invoices!$C$5:$C$104,SMALL(IF(Invoices!$I$5:$I$104=G$5,ROW(Invoices!$C$5:$C$104)-ROW(Invoices!$C$5)+1),ROWS(F$6:F62))),\"\")","v":""},{"$f":"IFERROR(VLOOKUP(F62,Invoices!$C:$L,5,FALSE),\"\")","v":""},{"$f":"IFERROR(VLOOKUP(F62,Invoices!$C:$L,9,FALSE),\"\")","v":""},null,{"$f":"IF(ROWS(J$6:J62)<=K$4,INDEX(Invoices!$C$5:$C$104,SMALL(IF(Invoices!$I$5:$I$104=K$5,ROW(Invoices!$C$5:$C$104)-ROW(Invoices!$C$5)+1),ROWS(J$6:J62))),\"\")","v":""},{"$f":"IFERROR(VLOOKUP(J62,Invoices!$C:$L,5,FALSE),\"\")","v":""},{"$f":"IFERROR(VLOOKUP(J62,Invoices!$C:$L,9,FALSE),\"\")","v":""},null,{"$f":"IF(ROWS(N$6:N62)<=O$4,INDEX(Invoices!$C$5:$C$104,SMALL(IF(Invoices!$I$5:$I$104=O$5,ROW(Invoices!$C$5:$C$104)-ROW(Invoices!$C$5)+1),ROWS(N$6:N62))),\"\")","v":""},{"$f":"IFERROR(VLOOKUP(N62,Invoices!$C:$L,5,FALSE),\"\")","v":""},{"$f":"IFERROR(VLOOKUP(N62,Invoices!$C:$L,9,FALSE),\"\")","v":""},null,{"$f":"IF(ROWS(R$6:R62)<=S$4,INDEX(Invoices!$C$5:$C$104,SMALL(IF(Invoices!$I$5:$I$104=S$5,ROW(Invoices!$C$5:$C$104)-ROW(Invoices!P61)+1),ROWS(R$6:R62))),\"\")","v":""},{"$f":"IFERROR(VLOOKUP(R62,Invoices!$C:$L,5,FALSE),\"\")","v":""},{"$f":"IFERROR(VLOOKUP(R62,Invoices!$C:$L,11,FALSE),\"\")","v":""}]
[null,{"$f":"IF(ROWS(B$6:B63)<=C$4,INDEX(Invoices!$C$5:$C$104,SMALL(IF(Invoices!$I$5:$I$104=C$5,ROW(Invoices!$C$5:$C$104)-ROW(Invoices!$C$5)+1),ROWS(B$6:B63))),\"\")","v":""},{"$f":"IFERROR(VLOOKUP(B63,Invoices!$C:$L,5,FALSE),\"\")","v":""},{"$f":"IFERROR(VLOOKUP(B63,Invoices!$C:$L,9,FALSE),\"\")","v":""},null,{"$f":"IF(ROWS(F$6:F63)<=G$4,INDEX(Invoices!$C$5:$C$104,SMALL(IF(Invoices!$I$5:$I$104=G$5,ROW(Invoices!$C$5:$C$104)-ROW(Invoices!$C$5)+1),ROWS(F$6:F63))),\"\")","v":""},{"$f":"IFERROR(VLOOKUP(F63,Invoices!$C:$L,5,FALSE),\"\")","v":""},{"$f":"IFERROR(VLOOKUP(F63,Invoices!$C:$L,9,FALSE),\"\")","v":""},null,{"$f":"IF(ROWS(J$6:J63)<=K$4,INDEX(Invoices!$C$5:$C$104,SMALL(IF(Invoices!$I$5:$I$104=K$5,ROW(Invoices!$C$5:$C$104)-ROW(Invoices!$C$5)+1),ROWS(J$6:J63))),\"\")","v":""},{"$f":"IFERROR(VLOOKUP(J63,Invoices!$C:$L,5,FALSE),\"\")","v":""},{"$f":"IFERROR(VLOOKUP(J63,Invoices!$C:$L,9,FALSE),\"\")","v":""},null,{"$f":"IF(ROWS(N$6:N63)<=O$4,INDEX(Invoices!$C$5:$C$104,SMALL(IF(Invoices!$I$5:$I$104=O$5,ROW(Invoices!$C$5:$C$104)-ROW(Invoices!$C$5)+1),ROWS(N$6:N63))),\"\")","v":""},{"$f":"IFERROR(VLOOKUP(N63,Invoices!$C:$L,5,FALSE),\"\")","v":""},{"$f":"IFERROR(VLOOKUP(N63,Invoices!$C:$L,9,FALSE),\"\")","v":""},null,{"$f":"IF(ROWS(R$6:R63)<=S$4,INDEX(Invoices!$C$5:$C$104,SMALL(IF(Invoices!$I$5:$I$104=S$5,ROW(Invoices!$C$5:$C$104)-ROW(Invoices!P62)+1),ROWS(R$6:R63))),\"\")","v":""},{"$f":"IFERROR(VLOOKUP(R63,Invoices!$C:$L,5,FALSE),\"\")","v":""},{"$f":"IFERROR(VLOOKUP(R63,Invoices!$C:$L,11,FALSE),\"\")","v":""}]
[null,{"$f":"IF(ROWS(B$6:B64)<=C$4,INDEX(Invoices!$C$5:$C$104,SMALL(IF(Invoices!$I$5:$I$104=C$5,ROW(Invoices!$C$5:$C$104)-ROW(Invoices!$C$5)+1),ROWS(B$6:B64))),\"\")","v":""},{"$f":"IFERROR(VLOOKUP(B64,Invoices!$C:$L,5,FALSE),\"\")","v":""},{"$f":"IFERROR(VLOOKUP(B64,Invoices!$C:$L,9,FALSE),\"\")","v":""},null,{"$f":"IF(ROWS(F$6:F64)<=G$4,INDEX(Invoices!$C$5:$C$104,SMALL(IF(Invoices!$I$5:$I$104=G$5,ROW(Invoices!$C$5:$C$104)-ROW(Invoices!$C$5)+1),ROWS(F$6:F64))),\"\")","v":""},{"$f":"IFERROR(VLOOKUP(F64,Invoices!$C:$L,5,FALSE),\"\")","v":""},{"$f":"IFERROR(VLOOKUP(F64,Invoices!$C:$L,9,FALSE),\"\")","v":""},null,{"$f":"IF(ROWS(J$6:J64)<=K$4,INDEX(Invoices!$C$5:$C$104,SMALL(IF(Invoices!$I$5:$I$104=K$5,ROW(Invoices!$C$5:$C$104)-ROW(Invoices!$C$5)+1),ROWS(J$6:J64))),\"\")","v":""},{"$f":"IFERROR(VLOOKUP(J64,Invoices!$C:$L,5,FALSE),\"\")","v":""},{"$f":"IFERROR(VLOOKUP(J64,Invoices!$C:$L,9,FALSE),\"\")","v":""},null,{"$f":"IF(ROWS(N$6:N64)<=O$4,INDEX(Invoices!$C$5:$C$104,SMALL(IF(Invoices!$I$5:$I$104=O$5,ROW(Invoices!$C$5:$C$104)-ROW(Invoices!$C$5)+1),ROWS(N$6:N64))),\"\")","v":""},{"$f":"IFERROR(VLOOKUP(N64,Invoices!$C:$L,5,FALSE),\"\")","v":""},{"$f":"IFERROR(VLOOKUP(N64,Invoices!$C:$L,9,FALSE),\"\")","v":""},null,{"$f":"IF(ROWS(R$6:R64)<=S$4,INDEX(Invoices!$C$5:$C$104,SMALL(IF(Invoices!$I$5:$I$104=S$5,ROW(Invoices!$C$5:$C$104)-ROW(Invoices!P63)+1),ROWS(R$6:R64))),\"\")","v":""},{"$f":"IFERROR(VLOOKUP(R64,Invoices!$C:$L,5,FALSE),\"\")","v":""},{"$f":"IFERROR(VLOOKUP(R64,Invoices!$C:$L,11,FALSE),\"\")","v":""}]
[null,{"$f":"IF(ROWS(B$6:B65)<=C$4,INDEX(Invoices!$C$5:$C$104,SMALL(IF(Invoices!$I$5:$I$104=C$5,ROW(Invoices!$C$5:$C$104)-ROW(Invoices!$C$5)+1),ROWS(B$6:B65))),\"\")","v":""},{"$f":"IFERROR(VLOOKUP(B65,Invoices!$C:$L,5,FALSE),\"\")","v":""},{"$f":"IFERROR(VLOOKUP(B65,Invoices!$C:$L,9,FALSE),\"\")","v":""},null,{"$f":"IF(ROWS(F$6:F65)<=G$4,INDEX(Invoices!$C$5:$C$104,SMALL(IF(Invoices!$I$5:$I$104=G$5,ROW(Invoices!$C$5:$C$104)-ROW(Invoices!$C$5)+1),ROWS(F$6:F65))),\"\")","v":""},{"$f":"IFERROR(VLOOKUP(F65,Invoices!$C:$L,5,FALSE),\"\")","v":""},{"$f":"IFERROR(VLOOKUP(F65,Invoices!$C:$L,9,FALSE),\"\")","v":""},null,{"$f":"IF(ROWS(J$6:J65)<=K$4,INDEX(Invoices!$C$5:$C$104,SMALL(IF(Invoices!$I$5:$I$104=K$5,ROW(Invoices!$C$5:$C$104)-ROW(Invoices!$C$5)+1),ROWS(J$6:J65))),\"\")","v":""},{"$f":"IFERROR(VLOOKUP(J65,Invoices!$C:$L,5,FALSE),\"\")","v":""},{"$f":"IFERROR(VLOOKUP(J65,Invoices!$C:$L,9,FALSE),\"\")","v":""},null,{"$f":"IF(ROWS(N$6:N65)<=O$4,INDEX(Invoices!$C$5:$C$104,SMALL(IF(Invoices!$I$5:$I$104=O$5,ROW(Invoices!$C$5:$C$104)-ROW(Invoices!$C$5)+1),ROWS(N$6:N65))),\"\")","v":""},{"$f":"IFERROR(VLOOKUP(N65,Invoices!$C:$L,5,FALSE),\"\")","v":""},{"$f":"IFERROR(VLOOKUP(N65,Invoices!$C:$L,9,FALSE),\"\")","v":""},null,{"$f":"IF(ROWS(R$6:R65)<=S$4,INDEX(Invoices!$C$5:$C$104,SMALL(IF(Invoices!$I$5:$I$104=S$5,ROW(Invoices!$C$5:$C$104)-ROW(Invoices!P64)+1),ROWS(R$6:R65))),\"\")","v":""},{"$f":"IFERROR(VLOOKUP(R65,Invoices!$C:$L,5,FALSE),\"\")","v":""},{"$f":"IFERROR(VLOOKUP(R65,Invoices!$C:$L,11,FALSE),\"\")","v":""}]
[null,{"$f":"IF(ROWS(B$6:B66)<=C$4,INDEX(Invoices!$C$5:$C$104,SMALL(IF(Invoices!$I$5:$I$104=C$5,ROW(Invoices!$C$5:$C$104)-ROW(Invoices!$C$5)+1),ROWS(B$6:B66))),\"\")","v":""},{"$f":"IFERROR(VLOOKUP(B66,Invoices!$C:$L,5,FALSE),\"\")","v":""},{"$f":"IFERROR(VLOOKUP(B66,Invoices!$C:$L,9,FALSE),\"\")","v":""},null,{"$f":"IF(ROWS(F$6:F66)<=G$4,INDEX(Invoices!$C$5:$C$104,SMALL(IF(Invoices!$I$5:$I$104=G$5,ROW(Invoices!$C$5:$C$104)-ROW(Invoices!$C$5)+1),ROWS(F$6:F66))),\"\")","v":""},{"$f":"IFERROR(VLOOKUP(F66,Invoices!$C:$L,5,FALSE),\"\")","v":""},{"$f":"IFERROR(VLOOKUP(F66,Invoices!$C:$L,9,FALSE),\"\")","v":""},null,{"$f":"IF(ROWS(J$6:J66)<=K$4,INDEX(Invoices!$C$5:$C$104,SMALL(IF(Invoices!$I$5:$I$104=K$5,ROW(Invoices!$C$5:$C$104)-ROW(Invoices!$C$5)+1),ROWS(J$6:J66))),\"\")","v":""},{"$f":"IFERROR(VLOOKUP(J66,Invoices!$C:$L,5,FALSE),\"\")","v":""},{"$f":"IFERROR(VLOOKUP(J66,Invoices!$C:$L,9,FALSE),\"\")","v":""},null,{"$f":"IF(ROWS(N$6:N66)<=O$4,INDEX(Invoices!$C$5:$C$104,SMALL(IF(Invoices!$I$5:$I$104=O$5,ROW(Invoices!$C$5:$C$104)-ROW(Invoices!$C$5)+1),ROWS(N$6:N66))),\"\")","v":""},{"$f":"IFERROR(VLOOKUP(N66,Invoices!$C:$L,5,FALSE),\"\")","v":""},{"$f":"IFERROR(VLOOKUP(N66,Invoices!$C:$L,9,FALSE),\"\")","v":""},null,{"$f":"IF(ROWS(R$6:R66)<=S$4,INDEX(Invoices!$C$5:$C$104,SMALL(IF(Invoices!$I$5:$I$104=S$5,ROW(Invoices!$C$5:$C$104)-ROW(Invoices!P65)+1),ROWS(R$6:R66))),\"\")","v":""},{"$f":"IFERROR(VLOOKUP(R66,Invoices!$C:$L,5,FALSE),\"\")","v":""},{"$f":"IFERROR(VLOOKUP(R66,Invoices!$C:$L,11,FALSE),\"\")","v":""}]
[null,{"$f":"IF(ROWS(B$6:B67)<=C$4,INDEX(Invoices!$C$5:$C$104,SMALL(IF(Invoices!$I$5:$I$104=C$5,ROW(Invoices!$C$5:$C$104)-ROW(Invoices!$C$5)+1),ROWS(B$6:B67))),\"\")","v":""},{"$f":"IFERROR(VLOOKUP(B67,Invoices!$C:$L,5,FALSE),\"\")","v":""},{"$f":"IFERROR(VLOOKUP(B67,Invoices!$C:$L,9,FALSE),\"\")","v":""},null,{"$f":"IF(ROWS(F$6:F67)<=G$4,INDEX(Invoices!$C$5:$C$104,SMALL(IF(Invoices!$I$5:$I$104=G$5,ROW(Invoices!$C$5:$C$104)-ROW(Invoices!$C$5)+1),ROWS(F$6:F67))),\"\")","v":""},{"$f":"IFERROR(VLOOKUP(F67,Invoices!$C:$L,5,FALSE),\"\")","v":""},{"$f":"IFERROR(VLOOKUP(F67,Invoices!$C:$L,9,FALSE),\"\")","v":""},null,{"$f":"IF(ROWS(J$6:J67)<=K$4,INDEX(Invoices!$C$5:$C$104,SMALL(IF(Invoices!$I$5:$I$104=K$5,ROW(Invoices!$C$5:$C$104)-ROW(Invoices!$C$5)+1),ROWS(J$6:J67))),\"\")","v":""},{"$f":"IFERROR(VLOOKUP(J67,Invoices!$C:$L,5,FALSE),\"\")","v":""},{"$f":"IFERROR(VLOOKUP(J67,Invoices!$C:$L,9,FALSE),\"\")","v":""},null,{"$f":"IF(ROWS(N$6:N67)<=O$4,INDEX(Invoices!$C$5:$C$104,SMALL(IF(Invoices!$I$5:$I$104=O$5,ROW(Invoices!$C$5:$C$104)-ROW(Invoices!$C$5)+1),ROWS(N$6:N67))),\"\")","v":""},{"$f":"IFERROR(VLOOKUP(N67,Invoices!$C:$L,5,FALSE),\"\")","v":""},{"$f":"IFERROR(VLOOKUP(N67,Invoices!$C:$L,9,FALSE),\"\")","v":""},null,{"$f":"IF(ROWS(R$6:R67)<=S$4,INDEX(Invoices!$C$5:$C$104,SMALL(IF(Invoices!$I$5:$I$104=S$5,ROW(Invoices!$C$5:$C$104)-ROW(Invoices!P66)+1),ROWS(R$6:R67))),\"\")","v":""},{"$f":"IFERROR(VLOOKUP(R67,Invoices!$C:$L,5,FALSE),\"\")","v":""},{"$f":"IFERROR(VLOOKUP(R67,Invoices!$C:$L,11,FALSE),\"\")","v":""}]
[null,{"$f":"IF(ROWS(B$6:B68)<=C$4,INDEX(Invoices!$C$5:$C$104,SMALL(IF(Invoices!$I$5:$I$104=C$5,ROW(Invoices!$C$5:$C$104)-ROW(Invoices!$C$5)+1),ROWS(B$6:B68))),\"\")","v":""},{"$f":"IFERROR(VLOOKUP(B68,Invoices!$C:$L,5,FALSE),\"\")","v":""},{"$f":"IFERROR(VLOOKUP(B68,Invoices!$C:$L,9,FALSE),\"\")","v":""},null,{"$f":"IF(ROWS(F$6:F68)<=G$4,INDEX(Invoices!$C$5:$C$104,SMALL(IF(Invoices!$I$5:$I$104=G$5,ROW(Invoices!$C$5:$C$104)-ROW(Invoices!$C$5)+1),ROWS(F$6:F68))),\"\")","v":""},{"$f":"IFERROR(VLOOKUP(F68,Invoices!$C:$L,5,FALSE),\"\")","v":""},{"$f":"IFERROR(VLOOKUP(F68,Invoices!$C:$L,9,FALSE),\"\")","v":""},null,{"$f":"IF(ROWS(J$6:J68)<=K$4,INDEX(Invoices!$C$5:$C$104,SMALL(IF(Invoices!$I$5:$I$104=K$5,ROW(Invoices!$C$5:$C$104)-ROW(Invoices!$C$5)+1),ROWS(J$6:J68))),\"\")","v":""},{"$f":"IFERROR(VLOOKUP(J68,Invoices!$C:$L,5,FALSE),\"\")","v":""},{"$f":"IFERROR(VLOOKUP(J68,Invoices!$C:$L,9,FALSE),\"\")","v":""},null,{"$f":"IF(ROWS(N$6:N68)<=O$4,INDEX(Invoices!$C$5:$C$104,SMALL(IF(Invoices!$I$5:$I$104=O$5,ROW(Invoices!$C$5:$C$104)-ROW(Invoices!$C$5)+1),ROWS(N$6:N68))),\"\")","v":""},{"$f":"IFERROR(VLOOKUP(N68,Invoices!$C:$L,5,FALSE),\"\")","v":""},{"$f":"IFERROR(VLOOKUP(N68,Invoices!$C:$L,9,FALSE),\"\")","v":""},null,{"$f":"IF(ROWS(R$6:R68)<=S$4,INDEX(Invoices!$C$5:$C$104,SMALL(IF(Invoices!$I$5:$I$104=S$5,ROW(Invoices!$C$5:$C$104)-ROW(Invoices!P67)+1),ROWS(R$6:R68))),\"\")","v":""},{"$f":"IFERROR(VLOOKUP(R68,Invoices!$C:$L,5,FALSE),\"\")","v":""},{"$f":"IFERROR(VLOOKUP(R68,Invoices!$C:$L,11,FALSE),\"\")","v":""}]
[null,{"$f":"IF(ROWS(B$6:B69)<=C$4,INDEX(Invoices!$C$5:$C$104,SMALL(IF(Invoices!$I$5:$I$104=C$5,ROW(Invoices!$C$5:$C$104)-ROW(Invoices!$C$5)+1),ROWS(B$6:B69))),\"\")","v":""},{"$f":"IFERROR(VLOOKUP(B69,Invoices!$C:$L,5,FALSE),\"\")","v":""},{"$f":"IFERROR(VLOOKUP(B69,Invoices!$C:$L,9,FALSE),\"\")","v":""},null,{"$f":"IF(ROWS(F$6:F69)<=G$4,INDEX(Invoices!$C$5:$C$104,SMALL(IF(Invoices!$I$5:$I$104=G$5,ROW(Invoices!$C$5:$C$104)-ROW(Invoices!$C$5)+1),ROWS(F$6:F69))),\"\")","v":""},{"$f":"IFERROR(VLOOKUP(F69,Invoices!$C:$L,5,FALSE),\"\")","v":""},{"$f":"IFERROR(VLOOKUP(F69,Invoices!$C:$L,9,FALSE),\"\")","v":""},null,{"$f":"IF(ROWS(J$6:J69)<=K$4,INDEX(Invoices!$C$5:$C$104,SMALL(IF(Invoices!$I$5:$I$104=K$5,ROW(Invoices!$C$5:$C$104)-ROW(Invoices!$C$5)+1),ROWS(J$6:J69))),\"\")","v":""},{"$f":"IFERROR(VLOOKUP(J69,Invoices!$C:$L,5,FALSE),\"\")","v":""},{"$f":"IFERROR(VLOOKUP(J69,Invoices!$C:$L,9,FALSE),\"\")","v":""},null,{"$f":"IF(ROWS(N$6:N69)<=O$4,INDEX(Invoices!$C$5:$C$104,SMALL(IF(Invoices!$I$5:$I$104=O$5,ROW(Invoices!$C$5:$C$104)-ROW(Invoices!$C$5)+1),ROWS(N$6:N69))),\"\")","v":""},{"$f":"IFERROR(VLOOKUP(N69,Invoices!$C:$L,5,FALSE),\"\")","v":""},{"$f":"IFERROR(VLOOKUP(N69,Invoices!$C:$L,9,FALSE),\"\")","v":""},null,{"$f":"IF(ROWS(R$6:R69)<=S$4,INDEX(Invoices!$C$5:$C$104,SMALL(IF(Invoices!$I$5:$I$104=S$5,ROW(Invoices!$C$5:$C$104)-ROW(Invoices!P68)+1),ROWS(R$6:R69))),\"\")","v":""},{"$f":"IFERROR(VLOOKUP(R69,Invoices!$C:$L,5,FALSE),\"\")","v":""},{"$f":"IFERROR(VLOOKUP(R69,Invoices!$C:$L,11,FALSE),\"\")","v":""}]
[null,{"$f":"IF(ROWS(B$6:B70)<=C$4,INDEX(Invoices!$C$5:$C$104,SMALL(IF(Invoices!$I$5:$I$104=C$5,ROW(Invoices!$C$5:$C$104)-ROW(Invoices!$C$5)+1),ROWS(B$6:B70))),\"\")","v":""},{"$f":"IFERROR(VLOOKUP(B70,Invoices!$C:$L,5,FALSE),\"\")","v":""},{"$f":"IFERROR(VLOOKUP(B70,Invoices!$C:$L,9,FALSE),\"\")","v":""},null,{"$f":"IF(ROWS(F$6:F70)<=G$4,INDEX(Invoices!$C$5:$C$104,SMALL(IF(Invoices!$I$5:$I$104=G$5,ROW(Invoices!$C$5:$C$104)-ROW(Invoices!$C$5)+1),ROWS(F$6:F70))),\"\")","v":""},{"$f":"IFERROR(VLOOKUP(F70,Invoices!$C:$L,5,FALSE),\"\")","v":""},{"$f":"IFERROR(VLOOKUP(F70,Invoices!$C:$L,9,FALSE),\"\")","v":""},null,{"$f":"IF(ROWS(J$6:J70)<=K$4,INDEX(Invoices!$C$5:$C$104,SMALL(IF(Invoices!$I$5:$I$104=K$5,ROW(Invoices!$C$5:$C$104)-ROW(Invoices!$C$5)+1),ROWS(J$6:J70))),\"\")","v":""},{"$f":"IFERROR(VLOOKUP(J70,Invoices!$C:$L,5,FALSE),\"\")","v":""},{"$f":"IFERROR(VLOOKUP(J70,Invoices!$C:$L,9,FALSE),\"\")","v":""},null,{"$f":"IF(ROWS(N$6:N70)<=O$4,INDEX(Invoices!$C$5:$C$104,SMALL(IF(Invoices!$I$5:$I$104=O$5,ROW(Invoices!$C$5:$C$104)-ROW(Invoices!$C$5)+1),ROWS(N$6:N70))),\"\")","v":""},{"$f":"IFERROR(VLOOKUP(N70,Invoices!$C:$L,5,FALSE),\"\")","v":""},{"$f":"IFERROR(VLOOKUP(N70,Invoices!$C:$L,9,FALSE),\"\")","v":""},null,{"$f":"IF(ROWS(R$6:R70)<=S$4,INDEX(Invoices!$C$5:$C$104,SMALL(IF(Invoices!$I$5:$I$104=S$5,ROW(Invoices!$C$5:$C$104)-ROW(Invoices!P69)+1),ROWS(R$6:R70))),\"\")","v":""},{"$f":"IFERROR(VLOOKUP(R70,Invoices!$C:$L,5,FALSE),\"\")","v":""},{"$f":"IFERROR(VLOOKUP(R70,Invoices!$C:$L,11,FALSE),\"\")","v":""}]
[null,{"$f":"IF(ROWS(B$6:B71)<=C$4,INDEX(Invoices!$C$5:$C$104,SMALL(IF(Invoices!$I$5:$I$104=C$5,ROW(Invoices!$C$5:$C$104)-ROW(Invoices!$C$5)+1),ROWS(B$6:B71))),\"\")","v":""},{"$f":"IFERROR(VLOOKUP(B71,Invoices!$C:$L,5,FALSE),\"\")","v":""},{"$f":"IFERROR(VLOOKUP(B71,Invoices!$C:$L,9,FALSE),\"\")","v":""},null,{"$f":"IF(ROWS(F$6:F71)<=G$4,INDEX(Invoices!$C$5:$C$104,SMALL(IF(Invoices!$I$5:$I$104=G$5,ROW(Invoices!$C$5:$C$104)-ROW(Invoices!$C$5)+1),ROWS(F$6:F71))),\"\")","v":""},{"$f":"IFERROR(VLOOKUP(F71,Invoices!$C:$L,5,FALSE),\"\")","v":""},{"$f":"IFERROR(VLOOKUP(F71,Invoices!$C:$L,9,FALSE),\"\")","v":""},null,{"$f":"IF(ROWS(J$6:J71)<=K$4,INDEX(Invoices!$C$5:$C$104,SMALL(IF(Invoices!$I$5:$I$104=K$5,ROW(Invoices!$C$5:$C$104)-ROW(Invoices!$C$5)+1),ROWS(J$6:J71))),\"\")","v":""},{"$f":"IFERROR(VLOOKUP(J71,Invoices!$C:$L,5,FALSE),\"\")","v":""},{"$f":"IFERROR(VLOOKUP(J71,Invoices!$C:$L,9,FALSE),\"\")","v":""},null,{"$f":"IF(ROWS(N$6:N71)<=O$4,INDEX(Invoices!$C$5:$C$104,SMALL(IF(Invoices!$I$5:$I$104=O$5,ROW(Invoices!$C$5:$C$104)-ROW(Invoices!$C$5)+1),ROWS(N$6:N71))),\"\")","v":""},{"$f":"IFERROR(VLOOKUP(N71,Invoices!$C:$L,5,FALSE),\"\")","v":""},{"$f":"IFERROR(VLOOKUP(N71,Invoices!$C:$L,9,FALSE),\"\")","v":""},null,{"$f":"IF(ROWS(R$6:R71)<=S$4,INDEX(Invoices!$C$5:$C$104,SMALL(IF(Invoices!$I$5:$I$104=S$5,ROW(Invoices!$C$5:$C$104)-ROW(Invoices!P70)+1),ROWS(R$6:R71))),\"\")","v":""},{"$f":"IFERROR(VLOOKUP(R71,Invoices!$C:$L,5,FALSE),\"\")","v":""},{"$f":"IFERROR(VLOOKUP(R71,Invoices!$C:$L,11,FALSE),\"\")","v":""}]
[null,{"$f":"IF(ROWS(B$6:B72)<=C$4,INDEX(Invoices!$C$5:$C$104,SMALL(IF(Invoices!$I$5:$I$104=C$5,ROW(Invoices!$C$5:$C$104)-ROW(Invoices!$C$5)+1),ROWS(B$6:B72))),\"\")","v":""},{"$f":"IFERROR(VLOOKUP(B72,Invoices!$C:$L,5,FALSE),\"\")","v":""},{"$f":"IFERROR(VLOOKUP(B72,Invoices!$C:$L,9,FALSE),\"\")","v":""},null,{"$f":"IF(ROWS(F$6:F72)<=G$4,INDEX(Invoices!$C$5:$C$104,SMALL(IF(Invoices!$I$5:$I$104=G$5,ROW(Invoices!$C$5:$C$104)-ROW(Invoices!$C$5)+1),ROWS(F$6:F72))),\"\")","v":""},{"$f":"IFERROR(VLOOKUP(F72,Invoices!$C:$L,5,FALSE),\"\")","v":""},{"$f":"IFERROR(VLOOKUP(F72,Invoices!$C:$L,9,FALSE),\"\")","v":""},null,{"$f":"IF(ROWS(J$6:J72)<=K$4,INDEX(Invoices!$C$5:$C$104,SMALL(IF(Invoices!$I$5:$I$104=K$5,ROW(Invoices!$C$5:$C$104)-ROW(Invoices!$C$5)+1),ROWS(J$6:J72))),\"\")","v":""},{"$f":"IFERROR(VLOOKUP(J72,Invoices!$C:$L,5,FALSE),\"\")","v":""},{"$f":"IFERROR(VLOOKUP(J72,Invoices!$C:$L,9,FALSE),\"\")","v":""},null,{"$f":"IF(ROWS(N$6:N72)<=O$4,INDEX(Invoices!$C$5:$C$104,SMALL(IF(Invoices!$I$5:$I$104=O$5,ROW(Invoices!$C$5:$C$104)-ROW(Invoices!$C$5)+1),ROWS(N$6:N72))),\"\")","v":""},{"$f":"IFERROR(VLOOKUP(N72,Invoices!$C:$L,5,FALSE),\"\")","v":""},{"$f":"IFERROR(VLOOKUP(N72,Invoices!$C:$L,9,FALSE),\"\")","v":""},null,{"$f":"IF(ROWS(R$6:R72)<=S$4,INDEX(Invoices!$C$5:$C$104,SMALL(IF(Invoices!$I$5:$I$104=S$5,ROW(Invoices!$C$5:$C$104)-ROW(Invoices!P71)+1),ROWS(R$6:R72))),\"\")","v":""},{"$f":"IFERROR(VLOOKUP(R72,Invoices!$C:$L,5,FALSE),\"\")","v":""},{"$f":"IFERROR(VLOOKUP(R72,Invoices!$C:$L,11,FALSE),\"\")","v":""}]
[null,{"$f":"IF(ROWS(B$6:B73)<=C$4,INDEX(Invoices!$C$5:$C$104,SMALL(IF(Invoices!$I$5:$I$104=C$5,ROW(Invoices!$C$5:$C$104)-ROW(Invoices!$C$5)+1),ROWS(B$6:B73))),\"\")","v":""},{"$f":"IFERROR(VLOOKUP(B73,Invoices!$C:$L,5,FALSE),\"\")","v":""},{"$f":"IFERROR(VLOOKUP(B73,Invoices!$C:$L,9,FALSE),\"\")","v":""},null,{"$f":"IF(ROWS(F$6:F73)<=G$4,INDEX(Invoices!$C$5:$C$104,SMALL(IF(Invoices!$I$5:$I$104=G$5,ROW(Invoices!$C$5:$C$104)-ROW(Invoices!$C$5)+1),ROWS(F$6:F73))),\"\")","v":""},{"$f":"IFERROR(VLOOKUP(F73,Invoices!$C:$L,5,FALSE),\"\")","v":""},{"$f":"IFERROR(VLOOKUP(F73,Invoices!$C:$L,9,FALSE),\"\")","v":""},null,{"$f":"IF(ROWS(J$6:J73)<=K$4,INDEX(Invoices!$C$5:$C$104,SMALL(IF(Invoices!$I$5:$I$104=K$5,ROW(Invoices!$C$5:$C$104)-ROW(Invoices!$C$5)+1),ROWS(J$6:J73))),\"\")","v":""},{"$f":"IFERROR(VLOOKUP(J73,Invoices!$C:$L,5,FALSE),\"\")","v":""},{"$f":"IFERROR(VLOOKUP(J73,Invoices!$C:$L,9,FALSE),\"\")","v":""},null,{"$f":"IF(ROWS(N$6:N73)<=O$4,INDEX(Invoices!$C$5:$C$104,SMALL(IF(Invoices!$I$5:$I$104=O$5,ROW(Invoices!$C$5:$C$104)-ROW(Invoices!$C$5)+1),ROWS(N$6:N73))),\"\")","v":""},{"$f":"IFERROR(VLOOKUP(N73,Invoices!$C:$L,5,FALSE),\"\")","v":""},{"$f":"IFERROR(VLOOKUP(N73,Invoices!$C:$L,9,FALSE),\"\")","v":""},null,{"$f":"IF(ROWS(R$6:R73)<=S$4,INDEX(Invoices!$C$5:$C$104,SMALL(IF(Invoices!$I$5:$I$104=S$5,ROW(Invoices!$C$5:$C$104)-ROW(Invoices!P72)+1),ROWS(R$6:R73))),\"\")","v":""},{"$f":"IFERROR(VLOOKUP(R73,Invoices!$C:$L,5,FALSE),\"\")","v":""},{"$f":"IFERROR(VLOOKUP(R73,Invoices!$C:$L,11,FALSE),\"\")","v":""}]
[null,{"$f":"IF(ROWS(B$6:B74)<=C$4,INDEX(Invoices!$C$5:$C$104,SMALL(IF(Invoices!$I$5:$I$104=C$5,ROW(Invoices!$C$5:$C$104)-ROW(Invoices!$C$5)+1),ROWS(B$6:B74))),\"\")","v":""},{"$f":"IFERROR(VLOOKUP(B74,Invoices!$C:$L,5,FALSE),\"\")","v":""},{"$f":"IFERROR(VLOOKUP(B74,Invoices!$C:$L,9,FALSE),\"\")","v":""},null,{"$f":"IF(ROWS(F$6:F74)<=G$4,INDEX(Invoices!$C$5:$C$104,SMALL(IF(Invoices!$I$5:$I$104=G$5,ROW(Invoices!$C$5:$C$104)-ROW(Invoices!$C$5)+1),ROWS(F$6:F74))),\"\")","v":""},{"$f":"IFERROR(VLOOKUP(F74,Invoices!$C:$L,5,FALSE),\"\")","v":""},{"$f":"IFERROR(VLOOKUP(F74,Invoices!$C:$L,9,FALSE),\"\")","v":""},null,{"$f":"IF(ROWS(J$6:J74)<=K$4,INDEX(Invoices!$C$5:$C$104,SMALL(IF(Invoices!$I$5:$I$104=K$5,ROW(Invoices!$C$5:$C$104)-ROW(Invoices!$C$5)+1),ROWS(J$6:J74))),\"\")","v":""},{"$f":"IFERROR(VLOOKUP(J74,Invoices!$C:$L,5,FALSE),\"\")","v":""},{"$f":"IFERROR(VLOOKUP(J74,Invoices!$C:$L,9,FALSE),\"\")","v":""},null,{"$f":"IF(ROWS(N$6:N74)<=O$4,INDEX(Invoices!$C$5:$C$104,SMALL(IF(Invoices!$I$5:$I$104=O$5,ROW(Invoices!$C$5:$C$104)-ROW(Invoices!$C$5)+1),ROWS(N$6:N74))),\"\")","v":""},{"$f":"IFERROR(VLOOKUP(N74,Invoices!$C:$L,5,FALSE),\"\")","v":""},{"$f":"IFERROR(VLOOKUP(N74,Invoices!$C:$L,9,FALSE),\"\")","v":""},null,{"$f":"IF(ROWS(R$6:R74)<=S$4,INDEX(Invoices!$C$5:$C$104,SMALL(IF(Invoices!$I$5:$I$104=S$5,ROW(Invoices!$C$5:$C$104)-ROW(Invoices!P73)+1),ROWS(R$6:R74))),\"\")","v":""},{"$f":"IFERROR(VLOOKUP(R74,Invoices!$C:$L,5,FALSE),\"\")","v":""},{"$f":"IFERROR(VLOOKUP(R74,Invoices!$C:$L,11,FALSE),\"\")","v":""}]
[null,{"$f":"IF(ROWS(B$6:B75)<=C$4,INDEX(Invoices!$C$5:$C$104,SMALL(IF(Invoices!$I$5:$I$104=C$5,ROW(Invoices!$C$5:$C$104)-ROW(Invoices!$C$5)+1),ROWS(B$6:B75))),\"\")","v":""},{"$f":"IFERROR(VLOOKUP(B75,Invoices!$C:$L,5,FALSE),\"\")","v":""},{"$f":"IFERROR(VLOOKUP(B75,Invoices!$C:$L,9,FALSE),\"\")","v":""},null,{"$f":"IF(ROWS(F$6:F75)<=G$4,INDEX(Invoices!$C$5:$C$104,SMALL(IF(Invoices!$I$5:$I$104=G$5,ROW(Invoices!$C$5:$C$104)-ROW(Invoices!$C$5)+1),ROWS(F$6:F75))),\"\")","v":""},{"$f":"IFERROR(VLOOKUP(F75,Invoices!$C:$L,5,FALSE),\"\")","v":""},{"$f":"IFERROR(VLOOKUP(F75,Invoices!$C:$L,9,FALSE),\"\")","v":""},null,{"$f":"IF(ROWS(J$6:J75)<=K$4,INDEX(Invoices!$C$5:$C$104,SMALL(IF(Invoices!$I$5:$I$104=K$5,ROW(Invoices!$C$5:$C$104)-ROW(Invoices!$C$5)+1),ROWS(J$6:J75))),\"\")","v":""},{"$f":"IFERROR(VLOOKUP(J75,Invoices!$C:$L,5,FALSE),\"\")","v":""},{"$f":"IFERROR(VLOOKUP(J75,Invoices!$C:$L,9,FALSE),\"\")","v":""},null,{"$f":"IF(ROWS(N$6:N75)<=O$4,INDEX(Invoices!$C$5:$C$104,SMALL(IF(Invoices!$I$5:$I$104=O$5,ROW(Invoices!$C$5:$C$104)-ROW(Invoices!$C$5)+1),ROWS(N$6:N75))),\"\")","v":""},{"$f":"IFERROR(VLOOKUP(N75,Invoices!$C:$L,5,FALSE),\"\")","v":""},{"$f":"IFERROR(VLOOKUP(N75,Invoices!$C:$L,9,FALSE),\"\")","v":""},null,{"$f":"IF(ROWS(R$6:R75)<=S$4,INDEX(Invoices!$C$5:$C$104,SMALL(IF(Invoices!$I$5:$I$104=S$5,ROW(Invoices!$C$5:$C$104)-ROW(Invoices!P74)+1),ROWS(R$6:R75))),\"\")","v":""},{"$f":"IFERROR(VLOOKUP(R75,Invoices!$C:$L,5,FALSE),\"\")","v":""},{"$f":"IFERROR(VLOOKUP(R75,Invoices!$C:$L,11,FALSE),\"\")","v":""}]
[null,{"$f":"IF(ROWS(B$6:B76)<=C$4,INDEX(Invoices!$C$5:$C$104,SMALL(IF(Invoices!$I$5:$I$104=C$5,ROW(Invoices!$C$5:$C$104)-ROW(Invoices!$C$5)+1),ROWS(B$6:B76))),\"\")","v":""},{"$f":"IFERROR(VLOOKUP(B76,Invoices!$C:$L,5,FALSE),\"\")","v":""},{"$f":"IFERROR(VLOOKUP(B76,Invoices!$C:$L,9,FALSE),\"\")","v":""},null,{"$f":"IF(ROWS(F$6:F76)<=G$4,INDEX(Invoices!$C$5:$C$104,SMALL(IF(Invoices!$I$5:$I$104=G$5,ROW(Invoices!$C$5:$C$104)-ROW(Invoices!$C$5)+1),ROWS(F$6:F76))),\"\")","v":""},{"$f":"IFERROR(VLOOKUP(F76,Invoices!$C:$L,5,FALSE),\"\")","v":""},{"$f":"IFERROR(VLOOKUP(F76,Invoices!$C:$L,9,FALSE),\"\")","v":""},null,{"$f":"IF(ROWS(J$6:J76)<=K$4,INDEX(Invoices!$C$5:$C$104,SMALL(IF(Invoices!$I$5:$I$104=K$5,ROW(Invoices!$C$5:$C$104)-ROW(Invoices!$C$5)+1),ROWS(J$6:J76))),\"\")","v":""},{"$f":"IFERROR(VLOOKUP(J76,Invoices!$C:$L,5,FALSE),\"\")","v":""},{"$f":"IFERROR(VLOOKUP(J76,Invoices!$C:$L,9,FALSE),\"\")","v":""},null,{"$f":"IF(ROWS(N$6:N76)<=O$4,INDEX(Invoices!$C$5:$C$104,SMALL(IF(Invoices!$I$5:$I$104=O$5,ROW(Invoices!$C$5:$C$104)-ROW(Invoices!$C$5)+1),ROWS(N$6:N76))),\"\")","v":""},{"$f":"IFERROR(VLOOKUP(N76,Invoices!$C:$L,5,FALSE),\"\")","v":""},{"$f":"IFERROR(VLOOKUP(N76,Invoices!$C:$L,9,FALSE),\"\")","v":""},null,{"$f":"IF(ROWS(R$6:R76)<=S$4,INDEX(Invoices!$C$5:$C$104,SMALL(IF(Invoices!$I$5:$I$104=S$5,ROW(Invoices!$C$5:$C$104)-ROW(Invoices!P75)+1),ROWS(R$6:R76))),\"\")","v":""},{"$f":"IFERROR(VLOOKUP(R76,Invoices!$C:$L,5,FALSE),\"\")","v":""},{"$f":"IFERROR(VLOOKUP(R76,Invoices!$C:$L,11,FALSE),\"\")","v":""}]
[null,{"$f":"IF(ROWS(B$6:B77)<=C$4,INDEX(Invoices!$C$5:$C$104,SMALL(IF(Invoices!$I$5:$I$104=C$5,ROW(Invoices!$C$5:$C$104)-ROW(Invoices!$C$5)+1),ROWS(B$6:B77))),\"\")","v":""},{"$f":"IFERROR(VLOOKUP(B77,Invoices!$C:$L,5,FALSE),\"\")","v":""},{"$f":"IFERROR(VLOOKUP(B77,Invoices!$C:$L,9,FALSE),\"\")","v":""},null,{"$f":"IF(ROWS(F$6:F77)<=G$4,INDEX(Invoices!$C$5:$C$104,SMALL(IF(Invoices!$I$5:$I$104=G$5,ROW(Invoices!$C$5:$C$104)-ROW(Invoices!$C$5)+1),ROWS(F$6:F77))),\"\")","v":""},{"$f":"IFERROR(VLOOKUP(F77,Invoices!$C:$L,5,FALSE),\"\")","v":""},{"$f":"IFERROR(VLOOKUP(F77,Invoices!$C:$L,9,FALSE),\"\")","v":""},null,{"$f":"IF(ROWS(J$6:J77)<=K$4,INDEX(Invoices!$C$5:$C$104,SMALL(IF(Invoices!$I$5:$I$104=K$5,ROW(Invoices!$C$5:$C$104)-ROW(Invoices!$C$5)+1),ROWS(J$6:J77))),\"\")","v":""},{"$f":"IFERROR(VLOOKUP(J77,Invoices!$C:$L,5,FALSE),\"\")","v":""},{"$f":"IFERROR(VLOOKUP(J77,Invoices!$C:$L,9,FALSE),\"\")","v":""},null,{"$f":"IF(ROWS(N$6:N77)<=O$4,INDEX(Invoices!$C$5:$C$104,SMALL(IF(Invoices!$I$5:$I$104=O$5,ROW(Invoices!$C$5:$C$104)-ROW(Invoices!$C$5)+1),ROWS(N$6:N77))),\"\")","v":""},{"$f":"IFERROR(VLOOKUP(N77,Invoices!$C:$L,5,FALSE),\"\")","v":""},{"$f":"IFERROR(VLOOKUP(N77,Invoices!$C:$L,9,FALSE),\"\")","v":""},null,{"$f":"IF(ROWS(R$6:R77)<=S$4,INDEX(Invoices!$C$5:$C$104,SMALL(IF(Invoices!$I$5:$I$104=S$5,ROW(Invoices!$C$5:$C$104)-ROW(Invoices!P76)+1),ROWS(R$6:R77))),\"\")","v":""},{"$f":"IFERROR(VLOOKUP(R77,Invoices!$C:$L,5,FALSE),\"\")","v":""},{"$f":"IFERROR(VLOOKUP(R77,Invoices!$C:$L,11,FALSE),\"\")","v":""}]
[null,{"$f":"IF(ROWS(B$6:B78)<=C$4,INDEX(Invoices!$C$5:$C$104,SMALL(IF(Invoices!$I$5:$I$104=C$5,ROW(Invoices!$C$5:$C$104)-ROW(Invoices!$C$5)+1),ROWS(B$6:B78))),\"\")","v":""},{"$f":"IFERROR(VLOOKUP(B78,Invoices!$C:$L,5,FALSE),\"\")","v":""},{"$f":"IFERROR(VLOOKUP(B78,Invoices!$C:$L,9,FALSE),\"\")","v":""},null,{"$f":"IF(ROWS(F$6:F78)<=G$4,INDEX(Invoices!$C$5:$C$104,SMALL(IF(Invoices!$I$5:$I$104=G$5,ROW(Invoices!$C$5:$C$104)-ROW(Invoices!$C$5)+1),ROWS(F$6:F78))),\"\")","v":""},{"$f":"IFERROR(VLOOKUP(F78,Invoices!$C:$L,5,FALSE),\"\")","v":""},{"$f":"IFERROR(VLOOKUP(F78,Invoices!$C:$L,9,FALSE),\"\")","v":""},null,{"$f":"IF(ROWS(J$6:J78)<=K$4,INDEX(Invoices!$C$5:$C$104,SMALL(IF(Invoices!$I$5:$I$104=K$5,ROW(Invoices!$C$5:$C$104)-ROW(Invoices!$C$5)+1),ROWS(J$6:J78))),\"\")","v":""},{"$f":"IFERROR(VLOOKUP(J78,Invoices!$C:$L,5,FALSE),\"\")","v":""},{"$f":"IFERROR(VLOOKUP(J78,Invoices!$C:$L,9,FALSE),\"\")","v":""},null,{"$f":"IF(ROWS(N$6:N78)<=O$4,INDEX(Invoices!$C$5:$C$104,SMALL(IF(Invoices!$I$5:$I$104=O$5,ROW(Invoices!$C$5:$C$104)-ROW(Invoices!$C$5)+1),ROWS(N$6:N78))),\"\")","v":""},{"$f":"IFERROR(VLOOKUP(N78,Invoices!$C:$L,5,FALSE),\"\")","v":""},{"$f":"IFERROR(VLOOKUP(N78,Invoices!$C:$L,9,FALSE),\"\")","v":""},null,{"$f":"IF(ROWS(R$6:R78)<=S$4,INDEX(Invoices!$C$5:$C$104,SMALL(IF(Invoices!$I$5:$I$104=S$5,ROW(Invoices!$C$5:$C$104)-ROW(Invoices!P77)+1),ROWS(R$6:R78))),\"\")","v":""},{"$f":"IFERROR(VLOOKUP(R78,Invoices!$C:$L,5,FALSE),\"\")","v":""},{"$f":"IFERROR(VLOOKUP(R78,Invoices!$C:$L,11,FALSE),\"\")","v":""}]
[null,{"$f":"IF(ROWS(B$6:B79)<=C$4,INDEX(Invoices!$C$5:$C$104,SMALL(IF(Invoices!$I$5:$I$104=C$5,ROW(Invoices!$C$5:$C$104)-ROW(Invoices!$C$5)+1),ROWS(B$6:B79))),\"\")","v":""},{"$f":"IFERROR(VLOOKUP(B79,Invoices!$C:$L,5,FALSE),\"\")","v":""},{"$f":"IFERROR(VLOOKUP(B79,Invoices!$C:$L,9,FALSE),\"\")","v":""},null,{"$f":"IF(ROWS(F$6:F79)<=G$4,INDEX(Invoices!$C$5:$C$104,SMALL(IF(Invoices!$I$5:$I$104=G$5,ROW(Invoices!$C$5:$C$104)-ROW(Invoices!$C$5)+1),ROWS(F$6:F79))),\"\")","v":""},{"$f":"IFERROR(VLOOKUP(F79,Invoices!$C:$L,5,FALSE),\"\")","v":""},{"$f":"IFERROR(VLOOKUP(F79,Invoices!$C:$L,9,FALSE),\"\")","v":""},null,{"$f":"IF(ROWS(J$6:J79)<=K$4,INDEX(Invoices!$C$5:$C$104,SMALL(IF(Invoices!$I$5:$I$104=K$5,ROW(Invoices!$C$5:$C$104)-ROW(Invoices!$C$5)+1),ROWS(J$6:J79))),\"\")","v":""},{"$f":"IFERROR(VLOOKUP(J79,Invoices!$C:$L,5,FALSE),\"\")","v":""},{"$f":"IFERROR(VLOOKUP(J79,Invoices!$C:$L,9,FALSE),\"\")","v":""},null,{"$f":"IF(ROWS(N$6:N79)<=O$4,INDEX(Invoices!$C$5:$C$104,SMALL(IF(Invoices!$I$5:$I$104=O$5,ROW(Invoices!$C$5:$C$104)-ROW(Invoices!$C$5)+1),ROWS(N$6:N79))),\"\")","v":""},{"$f":"IFERROR(VLOOKUP(N79,Invoices!$C:$L,5,FALSE),\"\")","v":""},{"$f":"IFERROR(VLOOKUP(N79,Invoices!$C:$L,9,FALSE),\"\")","v":""},null,{"$f":"IF(ROWS(R$6:R79)<=S$4,INDEX(Invoices!$C$5:$C$104,SMALL(IF(Invoices!$I$5:$I$104=S$5,ROW(Invoices!$C$5:$C$104)-ROW(Invoices!P78)+1),ROWS(R$6:R79))),\"\")","v":""},{"$f":"IFERROR(VLOOKUP(R79,Invoices!$C:$L,5,FALSE),\"\")","v":""},{"$f":"IFERROR(VLOOKUP(R79,Invoices!$C:$L,11,FALSE),\"\")","v":""}]
[null,{"$f":"IF(ROWS(B$6:B80)<=C$4,INDEX(Invoices!$C$5:$C$104,SMALL(IF(Invoices!$I$5:$I$104=C$5,ROW(Invoices!$C$5:$C$104)-ROW(Invoices!$C$5)+1),ROWS(B$6:B80))),\"\")","v":""},{"$f":"IFERROR(VLOOKUP(B80,Invoices!$C:$L,5,FALSE),\"\")","v":""},{"$f":"IFERROR(VLOOKUP(B80,Invoices!$C:$L,9,FALSE),\"\")","v":""},null,{"$f":"IF(ROWS(F$6:F80)<=G$4,INDEX(Invoices!$C$5:$C$104,SMALL(IF(Invoices!$I$5:$I$104=G$5,ROW(Invoices!$C$5:$C$104)-ROW(Invoices!$C$5)+1),ROWS(F$6:F80))),\"\")","v":""},{"$f":"IFERROR(VLOOKUP(F80,Invoices!$C:$L,5,FALSE),\"\")","v":""},{"$f":"IFERROR(VLOOKUP(F80,Invoices!$C:$L,9,FALSE),\"\")","v":""},null,{"$f":"IF(ROWS(J$6:J80)<=K$4,INDEX(Invoices!$C$5:$C$104,SMALL(IF(Invoices!$I$5:$I$104=K$5,ROW(Invoices!$C$5:$C$104)-ROW(Invoices!$C$5)+1),ROWS(J$6:J80))),\"\")","v":""},{"$f":"IFERROR(VLOOKUP(J80,Invoices!$C:$L,5,FALSE),\"\")","v":""},{"$f":"IFERROR(VLOOKUP(J80,Invoices!$C:$L,9,FALSE),\"\")","v":""},null,{"$f":"IF(ROWS(N$6:N80)<=O$4,INDEX(Invoices!$C$5:$C$104,SMALL(IF(Invoices!$I$5:$I$104=O$5,ROW(Invoices!$C$5:$C$104)-ROW(Invoices!$C$5)+1),ROWS(N$6:N80))),\"\")","v":""},{"$f":"IFERROR(VLOOKUP(N80,Invoices!$C:$L,5,FALSE),\"\")","v":""},{"$f":"IFERROR(VLOOKUP(N80,Invoices!$C:$L,9,FALSE),\"\")","v":""},null,{"$f":"IF(ROWS(R$6:R80)<=S$4,INDEX(Invoices!$C$5:$C$104,SMALL(IF(Invoices!$I$5:$I$104=S$5,ROW(Invoices!$C$5:$C$104)-ROW(Invoices!P79)+1),ROWS(R$6:R80))),\"\")","v":""},{"$f":"IFERROR(VLOOKUP(R80,Invoices!$C:$L,5,FALSE),\"\")","v":""},{"$f":"IFERROR(VLOOKUP(R80,Invoices!$C:$L,11,FALSE),\"\")","v":""}]
[null,{"$f":"IF(ROWS(B$6:B81)<=C$4,INDEX(Invoices!$C$5:$C$104,SMALL(IF(Invoices!$I$5:$I$104=C$5,ROW(Invoices!$C$5:$C$104)-ROW(Invoices!$C$5)+1),ROWS(B$6:B81))),\"\")","v":""},{"$f":"IFERROR(VLOOKUP(B81,Invoices!$C:$L,5,FALSE),\"\")","v":""},{"$f":"IFERROR(VLOOKUP(B81,Invoices!$C:$L,9,FALSE),\"\")","v":""},null,{"$f":"IF(ROWS(F$6:F81)<=G$4,INDEX(Invoices!$C$5:$C$104,SMALL(IF(Invoices!$I$5:$I$104=G$5,ROW(Invoices!$C$5:$C$104)-ROW(Invoices!$C$5)+1),ROWS(F$6:F81))),\"\")","v":""},{"$f":"IFERROR(VLOOKUP(F81,Invoices!$C:$L,5,FALSE),\"\")","v":""},{"$f":"IFERROR(VLOOKUP(F81,Invoices!$C:$L,9,FALSE),\"\")","v":""},null,{"$f":"IF(ROWS(J$6:J81)<=K$4,INDEX(Invoices!$C$5:$C$104,SMALL(IF(Invoices!$I$5:$I$104=K$5,ROW(Invoices!$C$5:$C$104)-ROW(Invoices!$C$5)+1),ROWS(J$6:J81))),\"\")","v":""},{"$f":"IFERROR(VLOOKUP(J81,Invoices!$C:$L,5,FALSE),\"\")","v":""},{"$f":"IFERROR(VLOOKUP(J81,Invoices!$C:$L,9,FALSE),\"\")","v":""},null,{"$f":"IF(ROWS(N$6:N81)<=O$4,INDEX(Invoices!$C$5:$C$104,SMALL(IF(Invoices!$I$5:$I$104=O$5,ROW(Invoices!$C$5:$C$104)-ROW(Invoices!$C$5)+1),ROWS(N$6:N81))),\"\")","v":""},{"$f":"IFERROR(VLOOKUP(N81,Invoices!$C:$L,5,FALSE),\"\")","v":""},{"$f":"IFERROR(VLOOKUP(N81,Invoices!$C:$L,9,FALSE),\"\")","v":""},null,{"$f":"IF(ROWS(R$6:R81)<=S$4,INDEX(Invoices!$C$5:$C$104,SMALL(IF(Invoices!$I$5:$I$104=S$5,ROW(Invoices!$C$5:$C$104)-ROW(Invoices!P80)+1),ROWS(R$6:R81))),\"\")","v":""},{"$f":"IFERROR(VLOOKUP(R81,Invoices!$C:$L,5,FALSE),\"\")","v":""},{"$f":"IFERROR(VLOOKUP(R81,Invoices!$C:$L,11,FALSE),\"\")","v":""}]
[null,{"$f":"IF(ROWS(B$6:B82)<=C$4,INDEX(Invoices!$C$5:$C$104,SMALL(IF(Invoices!$I$5:$I$104=C$5,ROW(Invoices!$C$5:$C$104)-ROW(Invoices!$C$5)+1),ROWS(B$6:B82))),\"\")","v":""},{"$f":"IFERROR(VLOOKUP(B82,Invoices!$C:$L,5,FALSE),\"\")","v":""},{"$f":"IFERROR(VLOOKUP(B82,Invoices!$C:$L,9,FALSE),\"\")","v":""},null,{"$f":"IF(ROWS(F$6:F82)<=G$4,INDEX(Invoices!$C$5:$C$104,SMALL(IF(Invoices!$I$5:$I$104=G$5,ROW(Invoices!$C$5:$C$104)-ROW(Invoices!$C$5)+1),ROWS(F$6:F82))),\"\")","v":""},{"$f":"IFERROR(VLOOKUP(F82,Invoices!$C:$L,5,FALSE),\"\")","v":""},{"$f":"IFERROR(VLOOKUP(F82,Invoices!$C:$L,9,FALSE),\"\")","v":""},null,{"$f":"IF(ROWS(J$6:J82)<=K$4,INDEX(Invoices!$C$5:$C$104,SMALL(IF(Invoices!$I$5:$I$104=K$5,ROW(Invoices!$C$5:$C$104)-ROW(Invoices!$C$5)+1),ROWS(J$6:J82))),\"\")","v":""},{"$f":"IFERROR(VLOOKUP(J82,Invoices!$C:$L,5,FALSE),\"\")","v":""},{"$f":"IFERROR(VLOOKUP(J82,Invoices!$C:$L,9,FALSE),\"\")","v":""},null,{"$f":"IF(ROWS(N$6:N82)<=O$4,INDEX(Invoices!$C$5:$C$104,SMALL(IF(Invoices!$I$5:$I$104=O$5,ROW(Invoices!$C$5:$C$104)-ROW(Invoices!$C$5)+1),ROWS(N$6:N82))),\"\")","v":""},{"$f":"IFERROR(VLOOKUP(N82,Invoices!$C:$L,5,FALSE),\"\")","v":""},{"$f":"IFERROR(VLOOKUP(N82,Invoices!$C:$L,9,FALSE),\"\")","v":""},null,{"$f":"IF(ROWS(R$6:R82)<=S$4,INDEX(Invoices!$C$5:$C$104,SMALL(IF(Invoices!$I$5:$I$104=S$5,ROW(Invoices!$C$5:$C$104)-ROW(Invoices!P81)+1),ROWS(R$6:R82))),\"\")","v":""},{"$f":"IFERROR(VLOOKUP(R82,Invoices!$C:$L,5,FALSE),\"\")","v":""},{"$f":"IFERROR(VLOOKUP(R82,Invoices!$C:$L,11,FALSE),\"\")","v":""}]
[null,{"$f":"IF(ROWS(B$6:B83)<=C$4,INDEX(Invoices!$C$5:$C$104,SMALL(IF(Invoices!$I$5:$I$104=C$5,ROW(Invoices!$C$5:$C$104)-ROW(Invoices!$C$5)+1),ROWS(B$6:B83))),\"\")","v":""},{"$f":"IFERROR(VLOOKUP(B83,Invoices!$C:$L,5,FALSE),\"\")","v":""},{"$f":"IFERROR(VLOOKUP(B83,Invoices!$C:$L,9,FALSE),\"\")","v":""},null,{"$f":"IF(ROWS(F$6:F83)<=G$4,INDEX(Invoices!$C$5:$C$104,SMALL(IF(Invoices!$I$5:$I$104=G$5,ROW(Invoices!$C$5:$C$104)-ROW(Invoices!$C$5)+1),ROWS(F$6:F83))),\"\")","v":""},{"$f":"IFERROR(VLOOKUP(F83,Invoices!$C:$L,5,FALSE),\"\")","v":""},{"$f":"IFERROR(VLOOKUP(F83,Invoices!$C:$L,9,FALSE),\"\")","v":""},null,{"$f":"IF(ROWS(J$6:J83)<=K$4,INDEX(Invoices!$C$5:$C$104,SMALL(IF(Invoices!$I$5:$I$104=K$5,ROW(Invoices!$C$5:$C$104)-ROW(Invoices!$C$5)+1),ROWS(J$6:J83))),\"\")","v":""},{"$f":"IFERROR(VLOOKUP(J83,Invoices!$C:$L,5,FALSE),\"\")","v":""},{"$f":"IFERROR(VLOOKUP(J83,Invoices!$C:$L,9,FALSE),\"\")","v":""},null,{"$f":"IF(ROWS(N$6:N83)<=O$4,INDEX(Invoices!$C$5:$C$104,SMALL(IF(Invoices!$I$5:$I$104=O$5,ROW(Invoices!$C$5:$C$104)-ROW(Invoices!$C$5)+1),ROWS(N$6:N83))),\"\")","v":""},{"$f":"IFERROR(VLOOKUP(N83,Invoices!$C:$L,5,FALSE),\"\")","v":""},{"$f":"IFERROR(VLOOKUP(N83,Invoices!$C:$L,9,FALSE),\"\")","v":""},null,{"$f":"IF(ROWS(R$6:R83)<=S$4,INDEX(Invoices!$C$5:$C$104,SMALL(IF(Invoices!$I$5:$I$104=S$5,ROW(Invoices!$C$5:$C$104)-ROW(Invoices!P82)+1),ROWS(R$6:R83))),\"\")","v":""},{"$f":"IFERROR(VLOOKUP(R83,Invoices!$C:$L,5,FALSE),\"\")","v":""},{"$f":"IFERROR(VLOOKUP(R83,Invoices!$C:$L,11,FALSE),\"\")","v":""}]
[null,{"$f":"IF(ROWS(B$6:B84)<=C$4,INDEX(Invoices!$C$5:$C$104,SMALL(IF(Invoices!$I$5:$I$104=C$5,ROW(Invoices!$C$5:$C$104)-ROW(Invoices!$C$5)+1),ROWS(B$6:B84))),\"\")","v":""},{"$f":"IFERROR(VLOOKUP(B84,Invoices!$C:$L,5,FALSE),\"\")","v":""},{"$f":"IFERROR(VLOOKUP(B84,Invoices!$C:$L,9,FALSE),\"\")","v":""},null,{"$f":"IF(ROWS(F$6:F84)<=G$4,INDEX(Invoices!$C$5:$C$104,SMALL(IF(Invoices!$I$5:$I$104=G$5,ROW(Invoices!$C$5:$C$104)-ROW(Invoices!$C$5)+1),ROWS(F$6:F84))),\"\")","v":""},{"$f":"IFERROR(VLOOKUP(F84,Invoices!$C:$L,5,FALSE),\"\")","v":""},{"$f":"IFERROR(VLOOKUP(F84,Invoices!$C:$L,9,FALSE),\"\")","v":""},null,{"$f":"IF(ROWS(J$6:J84)<=K$4,INDEX(Invoices!$C$5:$C$104,SMALL(IF(Invoices!$I$5:$I$104=K$5,ROW(Invoices!$C$5:$C$104)-ROW(Invoices!$C$5)+1),ROWS(J$6:J84))),\"\")","v":""},{"$f":"IFERROR(VLOOKUP(J84,Invoices!$C:$L,5,FALSE),\"\")","v":""},{"$f":"IFERROR(VLOOKUP(J84,Invoices!$C:$L,9,FALSE),\"\")","v":""},null,{"$f":"IF(ROWS(N$6:N84)<=O$4,INDEX(Invoices!$C$5:$C$104,SMALL(IF(Invoices!$I$5:$I$104=O$5,ROW(Invoices!$C$5:$C$104)-ROW(Invoices!$C$5)+1),ROWS(N$6:N84))),\"\")","v":""},{"$f":"IFERROR(VLOOKUP(N84,Invoices!$C:$L,5,FALSE),\"\")","v":""},{"$f":"IFERROR(VLOOKUP(N84,Invoices!$C:$L,9,FALSE),\"\")","v":""},null,{"$f":"IF(ROWS(R$6:R84)<=S$4,INDEX(Invoices!$C$5:$C$104,SMALL(IF(Invoices!$I$5:$I$104=S$5,ROW(Invoices!$C$5:$C$104)-ROW(Invoices!P83)+1),ROWS(R$6:R84))),\"\")","v":""},{"$f":"IFERROR(VLOOKUP(R84,Invoices!$C:$L,5,FALSE),\"\")","v":""},{"$f":"IFERROR(VLOOKUP(R84,Invoices!$C:$L,11,FALSE),\"\")","v":""}]
[null,{"$f":"IF(ROWS(B$6:B85)<=C$4,INDEX(Invoices!$C$5:$C$104,SMALL(IF(Invoices!$I$5:$I$104=C$5,ROW(Invoices!$C$5:$C$104)-ROW(Invoices!$C$5)+1),ROWS(B$6:B85))),\"\")","v":""},{"$f":"IFERROR(VLOOKUP(B85,Invoices!$C:$L,5,FALSE),\"\")","v":""},{"$f":"IFERROR(VLOOKUP(B85,Invoices!$C:$L,9,FALSE),\"\")","v":""},null,{"$f":"IF(ROWS(F$6:F85)<=G$4,INDEX(Invoices!$C$5:$C$104,SMALL(IF(Invoices!$I$5:$I$104=G$5,ROW(Invoices!$C$5:$C$104)-ROW(Invoices!$C$5)+1),ROWS(F$6:F85))),\"\")","v":""},{"$f":"IFERROR(VLOOKUP(F85,Invoices!$C:$L,5,FALSE),\"\")","v":""},{"$f":"IFERROR(VLOOKUP(F85,Invoices!$C:$L,9,FALSE),\"\")","v":""},null,{"$f":"IF(ROWS(J$6:J85)<=K$4,INDEX(Invoices!$C$5:$C$104,SMALL(IF(Invoices!$I$5:$I$104=K$5,ROW(Invoices!$C$5:$C$104)-ROW(Invoices!$C$5)+1),ROWS(J$6:J85))),\"\")","v":""},{"$f":"IFERROR(VLOOKUP(J85,Invoices!$C:$L,5,FALSE),\"\")","v":""},{"$f":"IFERROR(VLOOKUP(J85,Invoices!$C:$L,9,FALSE),\"\")","v":""},null,{"$f":"IF(ROWS(N$6:N85)<=O$4,INDEX(Invoices!$C$5:$C$104,SMALL(IF(Invoices!$I$5:$I$104=O$5,ROW(Invoices!$C$5:$C$104)-ROW(Invoices!$C$5)+1),ROWS(N$6:N85))),\"\")","v":""},{"$f":"IFERROR(VLOOKUP(N85,Invoices!$C:$L,5,FALSE),\"\")","v":""},{"$f":"IFERROR(VLOOKUP(N85,Invoices!$C:$L,9,FALSE),\"\")","v":""},null,{"$f":"IF(ROWS(R$6:R85)<=S$4,INDEX(Invoices!$C$5:$C$104,SMALL(IF(Invoices!$I$5:$I$104=S$5,ROW(Invoices!$C$5:$C$104)-ROW(Invoices!P84)+1),ROWS(R$6:R85))),\"\")","v":""},{"$f":"IFERROR(VLOOKUP(R85,Invoices!$C:$L,5,FALSE),\"\")","v":""},{"$f":"IFERROR(VLOOKUP(R85,Invoices!$C:$L,11,FALSE),\"\")","v":""}]
[null,{"$f":"IF(ROWS(B$6:B86)<=C$4,INDEX(Invoices!$C$5:$C$104,SMALL(IF(Invoices!$I$5:$I$104=C$5,ROW(Invoices!$C$5:$C$104)-ROW(Invoices!$C$5)+1),ROWS(B$6:B86))),\"\")","v":""},{"$f":"IFERROR(VLOOKUP(B86,Invoices!$C:$L,5,FALSE),\"\")","v":""},{"$f":"IFERROR(VLOOKUP(B86,Invoices!$C:$L,9,FALSE),\"\")","v":""},null,{"$f":"IF(ROWS(F$6:F86)<=G$4,INDEX(Invoices!$C$5:$C$104,SMALL(IF(Invoices!$I$5:$I$104=G$5,ROW(Invoices!$C$5:$C$104)-ROW(Invoices!$C$5)+1),ROWS(F$6:F86))),\"\")","v":""},{"$f":"IFERROR(VLOOKUP(F86,Invoices!$C:$L,5,FALSE),\"\")","v":""},{"$f":"IFERROR(VLOOKUP(F86,Invoices!$C:$L,9,FALSE),\"\")","v":""},null,{"$f":"IF(ROWS(J$6:J86)<=K$4,INDEX(Invoices!$C$5:$C$104,SMALL(IF(Invoices!$I$5:$I$104=K$5,ROW(Invoices!$C$5:$C$104)-ROW(Invoices!$C$5)+1),ROWS(J$6:J86))),\"\")","v":""},{"$f":"IFERROR(VLOOKUP(J86,Invoices!$C:$L,5,FALSE),\"\")","v":""},{"$f":"IFERROR(VLOOKUP(J86,Invoices!$C:$L,9,FALSE),\"\")","v":""},null,{"$f":"IF(ROWS(N$6:N86)<=O$4,INDEX(Invoices!$C$5:$C$104,SMALL(IF(Invoices!$I$5:$I$104=O$5,ROW(Invoices!$C$5:$C$104)-ROW(Invoices!$C$5)+1),ROWS(N$6:N86))),\"\")","v":""},{"$f":"IFERROR(VLOOKUP(N86,Invoices!$C:$L,5,FALSE),\"\")","v":""},{"$f":"IFERROR(VLOOKUP(N86,Invoices!$C:$L,9,FALSE),\"\")","v":""},null,{"$f":"IF(ROWS(R$6:R86)<=S$4,INDEX(Invoices!$C$5:$C$104,SMALL(IF(Invoices!$I$5:$I$104=S$5,ROW(Invoices!$C$5:$C$104)-ROW(Invoices!P85)+1),ROWS(R$6:R86))),\"\")","v":""},{"$f":"IFERROR(VLOOKUP(R86,Invoices!$C:$L,5,FALSE),\"\")","v":""},{"$f":"IFERROR(VLOOKUP(R86,Invoices!$C:$L,11,FALSE),\"\")","v":""}]
[null,{"$f":"IF(ROWS(B$6:B87)<=C$4,INDEX(Invoices!$C$5:$C$104,SMALL(IF(Invoices!$I$5:$I$104=C$5,ROW(Invoices!$C$5:$C$104)-ROW(Invoices!$C$5)+1),ROWS(B$6:B87))),\"\")","v":""},{"$f":"IFERROR(VLOOKUP(B87,Invoices!$C:$L,5,FALSE),\"\")","v":""},{"$f":"IFERROR(VLOOKUP(B87,Invoices!$C:$L,9,FALSE),\"\")","v":""},null,{"$f":"IF(ROWS(F$6:F87)<=G$4,INDEX(Invoices!$C$5:$C$104,SMALL(IF(Invoices!$I$5:$I$104=G$5,ROW(Invoices!$C$5:$C$104)-ROW(Invoices!$C$5)+1),ROWS(F$6:F87))),\"\")","v":""},{"$f":"IFERROR(VLOOKUP(F87,Invoices!$C:$L,5,FALSE),\"\")","v":""},{"$f":"IFERROR(VLOOKUP(F87,Invoices!$C:$L,9,FALSE),\"\")","v":""},null,{"$f":"IF(ROWS(J$6:J87)<=K$4,INDEX(Invoices!$C$5:$C$104,SMALL(IF(Invoices!$I$5:$I$104=K$5,ROW(Invoices!$C$5:$C$104)-ROW(Invoices!$C$5)+1),ROWS(J$6:J87))),\"\")","v":""},{"$f":"IFERROR(VLOOKUP(J87,Invoices!$C:$L,5,FALSE),\"\")","v":""},{"$f":"IFERROR(VLOOKUP(J87,Invoices!$C:$L,9,FALSE),\"\")","v":""},null,{"$f":"IF(ROWS(N$6:N87)<=O$4,INDEX(Invoices!$C$5:$C$104,SMALL(IF(Invoices!$I$5:$I$104=O$5,ROW(Invoices!$C$5:$C$104)-ROW(Invoices!$C$5)+1),ROWS(N$6:N87))),\"\")","v":""},{"$f":"IFERROR(VLOOKUP(N87,Invoices!$C:$L,5,FALSE),\"\")","v":""},{"$f":"IFERROR(VLOOKUP(N87,Invoices!$C:$L,9,FALSE),\"\")","v":""},null,{"$f":"IF(ROWS(R$6:R87)<=S$4,INDEX(Invoices!$C$5:$C$104,SMALL(IF(Invoices!$I$5:$I$104=S$5,ROW(Invoices!$C$5:$C$104)-ROW(Invoices!P86)+1),ROWS(R$6:R87))),\"\")","v":""},{"$f":"IFERROR(VLOOKUP(R87,Invoices!$C:$L,5,FALSE),\"\")","v":""},{"$f":"IFERROR(VLOOKUP(R87,Invoices!$C:$L,11,FALSE),\"\")","v":""}]
[null,{"$f":"IF(ROWS(B$6:B88)<=C$4,INDEX(Invoices!$C$5:$C$104,SMALL(IF(Invoices!$I$5:$I$104=C$5,ROW(Invoices!$C$5:$C$104)-ROW(Invoices!$C$5)+1),ROWS(B$6:B88))),\"\")","v":""},{"$f":"IFERROR(VLOOKUP(B88,Invoices!$C:$L,5,FALSE),\"\")","v":""},{"$f":"IFERROR(VLOOKUP(B88,Invoices!$C:$L,9,FALSE),\"\")","v":""},null,{"$f":"IF(ROWS(F$6:F88)<=G$4,INDEX(Invoices!$C$5:$C$104,SMALL(IF(Invoices!$I$5:$I$104=G$5,ROW(Invoices!$C$5:$C$104)-ROW(Invoices!$C$5)+1),ROWS(F$6:F88))),\"\")","v":""},{"$f":"IFERROR(VLOOKUP(F88,Invoices!$C:$L,5,FALSE),\"\")","v":""},{"$f":"IFERROR(VLOOKUP(F88,Invoices!$C:$L,9,FALSE),\"\")","v":""},null,{"$f":"IF(ROWS(J$6:J88)<=K$4,INDEX(Invoices!$C$5:$C$104,SMALL(IF(Invoices!$I$5:$I$104=K$5,ROW(Invoices!$C$5:$C$104)-ROW(Invoices!$C$5)+1),ROWS(J$6:J88))),\"\")","v":""},{"$f":"IFERROR(VLOOKUP(J88,Invoices!$C:$L,5,FALSE),\"\")","v":""},{"$f":"IFERROR(VLOOKUP(J88,Invoices!$C:$L,9,FALSE),\"\")","v":""},null,{"$f":"IF(ROWS(N$6:N88)<=O$4,INDEX(Invoices!$C$5:$C$104,SMALL(IF(Invoices!$I$5:$I$104=O$5,ROW(Invoices!$C$5:$C$104)-ROW(Invoices!$C$5)+1),ROWS(N$6:N88))),\"\")","v":""},{"$f":"IFERROR(VLOOKUP(N88,Invoices!$C:$L,5,FALSE),\"\")","v":""},{"$f":"IFERROR(VLOOKUP(N88,Invoices!$C:$L,9,FALSE),\"\")","v":""},null,{"$f":"IF(ROWS(R$6:R88)<=S$4,INDEX(Invoices!$C$5:$C$104,SMALL(IF(Invoices!$I$5:$I$104=S$5,ROW(Invoices!$C$5:$C$104)-ROW(Invoices!P87)+1),ROWS(R$6:R88))),\"\")","v":""},{"$f":"IFERROR(VLOOKUP(R88,Invoices!$C:$L,5,FALSE),\"\")","v":""},{"$f":"IFERROR(VLOOKUP(R88,Invoices!$C:$L,11,FALSE),\"\")","v":""}]
[null,{"$f":"IF(ROWS(B$6:B89)<=C$4,INDEX(Invoices!$C$5:$C$104,SMALL(IF(Invoices!$I$5:$I$104=C$5,ROW(Invoices!$C$5:$C$104)-ROW(Invoices!$C$5)+1),ROWS(B$6:B89))),\"\")","v":""},{"$f":"IFERROR(VLOOKUP(B89,Invoices!$C:$L,5,FALSE),\"\")","v":""},{"$f":"IFERROR(VLOOKUP(B89,Invoices!$C:$L,9,FALSE),\"\")","v":""},null,{"$f":"IF(ROWS(F$6:F89)<=G$4,INDEX(Invoices!$C$5:$C$104,SMALL(IF(Invoices!$I$5:$I$104=G$5,ROW(Invoices!$C$5:$C$104)-ROW(Invoices!$C$5)+1),ROWS(F$6:F89))),\"\")","v":""},{"$f":"IFERROR(VLOOKUP(F89,Invoices!$C:$L,5,FALSE),\"\")","v":""},{"$f":"IFERROR(VLOOKUP(F89,Invoices!$C:$L,9,FALSE),\"\")","v":""},null,{"$f":"IF(ROWS(J$6:J89)<=K$4,INDEX(Invoices!$C$5:$C$104,SMALL(IF(Invoices!$I$5:$I$104=K$5,ROW(Invoices!$C$5:$C$104)-ROW(Invoices!$C$5)+1),ROWS(J$6:J89))),\"\")","v":""},{"$f":"IFERROR(VLOOKUP(J89,Invoices!$C:$L,5,FALSE),\"\")","v":""},{"$f":"IFERROR(VLOOKUP(J89,Invoices!$C:$L,9,FALSE),\"\")","v":""},null,{"$f":"IF(ROWS(N$6:N89)<=O$4,INDEX(Invoices!$C$5:$C$104,SMALL(IF(Invoices!$I$5:$I$104=O$5,ROW(Invoices!$C$5:$C$104)-ROW(Invoices!$C$5)+1),ROWS(N$6:N89))),\"\")","v":""},{"$f":"IFERROR(VLOOKUP(N89,Invoices!$C:$L,5,FALSE),\"\")","v":""},{"$f":"IFERROR(VLOOKUP(N89,Invoices!$C:$L,9,FALSE),\"\")","v":""},null,{"$f":"IF(ROWS(R$6:R89)<=S$4,INDEX(Invoices!$C$5:$C$104,SMALL(IF(Invoices!$I$5:$I$104=S$5,ROW(Invoices!$C$5:$C$104)-ROW(Invoices!P88)+1),ROWS(R$6:R89))),\"\")","v":""},{"$f":"IFERROR(VLOOKUP(R89,Invoices!$C:$L,5,FALSE),\"\")","v":""},{"$f":"IFERROR(VLOOKUP(R89,Invoices!$C:$L,11,FALSE),\"\")","v":""}]
[null,{"$f":"IF(ROWS(B$6:B90)<=C$4,INDEX(Invoices!$C$5:$C$104,SMALL(IF(Invoices!$I$5:$I$104=C$5,ROW(Invoices!$C$5:$C$104)-ROW(Invoices!$C$5)+1),ROWS(B$6:B90))),\"\")","v":""},{"$f":"IFERROR(VLOOKUP(B90,Invoices!$C:$L,5,FALSE),\"\")","v":""},{"$f":"IFERROR(VLOOKUP(B90,Invoices!$C:$L,9,FALSE),\"\")","v":""},null,{"$f":"IF(ROWS(F$6:F90)<=G$4,INDEX(Invoices!$C$5:$C$104,SMALL(IF(Invoices!$I$5:$I$104=G$5,ROW(Invoices!$C$5:$C$104)-ROW(Invoices!$C$5)+1),ROWS(F$6:F90))),\"\")","v":""},{"$f":"IFERROR(VLOOKUP(F90,Invoices!$C:$L,5,FALSE),\"\")","v":""},{"$f":"IFERROR(VLOOKUP(F90,Invoices!$C:$L,9,FALSE),\"\")","v":""},null,{"$f":"IF(ROWS(J$6:J90)<=K$4,INDEX(Invoices!$C$5:$C$104,SMALL(IF(Invoices!$I$5:$I$104=K$5,ROW(Invoices!$C$5:$C$104)-ROW(Invoices!$C$5)+1),ROWS(J$6:J90))),\"\")","v":""},{"$f":"IFERROR(VLOOKUP(J90,Invoices!$C:$L,5,FALSE),\"\")","v":""},{"$f":"IFERROR(VLOOKUP(J90,Invoices!$C:$L,9,FALSE),\"\")","v":""},null,{"$f":"IF(ROWS(N$6:N90)<=O$4,INDEX(Invoices!$C$5:$C$104,SMALL(IF(Invoices!$I$5:$I$104=O$5,ROW(Invoices!$C$5:$C$104)-ROW(Invoices!$C$5)+1),ROWS(N$6:N90))),\"\")","v":""},{"$f":"IFERROR(VLOOKUP(N90,Invoices!$C:$L,5,FALSE),\"\")","v":""},{"$f":"IFERROR(VLOOKUP(N90,Invoices!$C:$L,9,FALSE),\"\")","v":""},null,{"$f":"IF(ROWS(R$6:R90)<=S$4,INDEX(Invoices!$C$5:$C$104,SMALL(IF(Invoices!$I$5:$I$104=S$5,ROW(Invoices!$C$5:$C$104)-ROW(Invoices!P89)+1),ROWS(R$6:R90))),\"\")","v":""},{"$f":"IFERROR(VLOOKUP(R90,Invoices!$C:$L,5,FALSE),\"\")","v":""},{"$f":"IFERROR(VLOOKUP(R90,Invoices!$C:$L,11,FALSE),\"\")","v":""}]
[null,{"$f":"IF(ROWS(B$6:B91)<=C$4,INDEX(Invoices!$C$5:$C$104,SMALL(IF(Invoices!$I$5:$I$104=C$5,ROW(Invoices!$C$5:$C$104)-ROW(Invoices!$C$5)+1),ROWS(B$6:B91))),\"\")","v":""},{"$f":"IFERROR(VLOOKUP(B91,Invoices!$C:$L,5,FALSE),\"\")","v":""},{"$f":"IFERROR(VLOOKUP(B91,Invoices!$C:$L,9,FALSE),\"\")","v":""},null,{"$f":"IF(ROWS(F$6:F91)<=G$4,INDEX(Invoices!$C$5:$C$104,SMALL(IF(Invoices!$I$5:$I$104=G$5,ROW(Invoices!$C$5:$C$104)-ROW(Invoices!$C$5)+1),ROWS(F$6:F91))),\"\")","v":""},{"$f":"IFERROR(VLOOKUP(F91,Invoices!$C:$L,5,FALSE),\"\")","v":""},{"$f":"IFERROR(VLOOKUP(F91,Invoices!$C:$L,9,FALSE),\"\")","v":""},null,{"$f":"IF(ROWS(J$6:J91)<=K$4,INDEX(Invoices!$C$5:$C$104,SMALL(IF(Invoices!$I$5:$I$104=K$5,ROW(Invoices!$C$5:$C$104)-ROW(Invoices!$C$5)+1),ROWS(J$6:J91))),\"\")","v":""},{"$f":"IFERROR(VLOOKUP(J91,Invoices!$C:$L,5,FALSE),\"\")","v":""},{"$f":"IFERROR(VLOOKUP(J91,Invoices!$C:$L,9,FALSE),\"\")","v":""},null,{"$f":"IF(ROWS(N$6:N91)<=O$4,INDEX(Invoices!$C$5:$C$104,SMALL(IF(Invoices!$I$5:$I$104=O$5,ROW(Invoices!$C$5:$C$104)-ROW(Invoices!$C$5)+1),ROWS(N$6:N91))),\"\")","v":""},{"$f":"IFERROR(VLOOKUP(N91,Invoices!$C:$L,5,FALSE),\"\")","v":""},{"$f":"IFERROR(VLOOKUP(N91,Invoices!$C:$L,9,FALSE),\"\")","v":""},null,{"$f":"IF(ROWS(R$6:R91)<=S$4,INDEX(Invoices!$C$5:$C$104,SMALL(IF(Invoices!$I$5:$I$104=S$5,ROW(Invoices!$C$5:$C$104)-ROW(Invoices!P90)+1),ROWS(R$6:R91))),\"\")","v":""},{"$f":"IFERROR(VLOOKUP(R91,Invoices!$C:$L,5,FALSE),\"\")","v":""},{"$f":"IFERROR(VLOOKUP(R91,Invoices!$C:$L,11,FALSE),\"\")","v":""}]
[null,{"$f":"IF(ROWS(B$6:B92)<=C$4,INDEX(Invoices!$C$5:$C$104,SMALL(IF(Invoices!$I$5:$I$104=C$5,ROW(Invoices!$C$5:$C$104)-ROW(Invoices!$C$5)+1),ROWS(B$6:B92))),\"\")","v":""},{"$f":"IFERROR(VLOOKUP(B92,Invoices!$C:$L,5,FALSE),\"\")","v":""},{"$f":"IFERROR(VLOOKUP(B92,Invoices!$C:$L,9,FALSE),\"\")","v":""},null,{"$f":"IF(ROWS(F$6:F92)<=G$4,INDEX(Invoices!$C$5:$C$104,SMALL(IF(Invoices!$I$5:$I$104=G$5,ROW(Invoices!$C$5:$C$104)-ROW(Invoices!$C$5)+1),ROWS(F$6:F92))),\"\")","v":""},{"$f":"IFERROR(VLOOKUP(F92,Invoices!$C:$L,5,FALSE),\"\")","v":""},{"$f":"IFERROR(VLOOKUP(F92,Invoices!$C:$L,9,FALSE),\"\")","v":""},null,{"$f":"IF(ROWS(J$6:J92)<=K$4,INDEX(Invoices!$C$5:$C$104,SMALL(IF(Invoices!$I$5:$I$104=K$5,ROW(Invoices!$C$5:$C$104)-ROW(Invoices!$C$5)+1),ROWS(J$6:J92))),\"\")","v":""},{"$f":"IFERROR(VLOOKUP(J92,Invoices!$C:$L,5,FALSE),\"\")","v":""},{"$f":"IFERROR(VLOOKUP(J92,Invoices!$C:$L,9,FALSE),\"\")","v":""},null,{"$f":"IF(ROWS(N$6:N92)<=O$4,INDEX(Invoices!$C$5:$C$104,SMALL(IF(Invoices!$I$5:$I$104=O$5,ROW(Invoices!$C$5:$C$104)-ROW(Invoices!$C$5)+1),ROWS(N$6:N92))),\"\")","v":""},{"$f":"IFERROR(VLOOKUP(N92,Invoices!$C:$L,5,FALSE),\"\")","v":""},{"$f":"IFERROR(VLOOKUP(N92,Invoices!$C:$L,9,FALSE),\"\")","v":""},null,{"$f":"IF(ROWS(R$6:R92)<=S$4,INDEX(Invoices!$C$5:$C$104,SMALL(IF(Invoices!$I$5:$I$104=S$5,ROW(Invoices!$C$5:$C$104)-ROW(Invoices!P91)+1),ROWS(R$6:R92))),\"\")","v":""},{"$f":"IFERROR(VLOOKUP(R92,Invoices!$C:$L,5,FALSE),\"\")","v":""},{"$f":"IFERROR(VLOOKUP(R92,Invoices!$C:$L,11,FALSE),\"\")","v":""}]
[null,{"$f":"IF(ROWS(B$6:B93)<=C$4,INDEX(Invoices!$C$5:$C$104,SMALL(IF(Invoices!$I$5:$I$104=C$5,ROW(Invoices!$C$5:$C$104)-ROW(Invoices!$C$5)+1),ROWS(B$6:B93))),\"\")","v":""},{"$f":"IFERROR(VLOOKUP(B93,Invoices!$C:$L,5,FALSE),\"\")","v":""},{"$f":"IFERROR(VLOOKUP(B93,Invoices!$C:$L,9,FALSE),\"\")","v":""},null,{"$f":"IF(ROWS(F$6:F93)<=G$4,INDEX(Invoices!$C$5:$C$104,SMALL(IF(Invoices!$I$5:$I$104=G$5,ROW(Invoices!$C$5:$C$104)-ROW(Invoices!$C$5)+1),ROWS(F$6:F93))),\"\")","v":""},{"$f":"IFERROR(VLOOKUP(F93,Invoices!$C:$L,5,FALSE),\"\")","v":""},{"$f":"IFERROR(VLOOKUP(F93,Invoices!$C:$L,9,FALSE),\"\")","v":""},null,{"$f":"IF(ROWS(J$6:J93)<=K$4,INDEX(Invoices!$C$5:$C$104,SMALL(IF(Invoices!$I$5:$I$104=K$5,ROW(Invoices!$C$5:$C$104)-ROW(Invoices!$C$5)+1),ROWS(J$6:J93))),\"\")","v":""},{"$f":"IFERROR(VLOOKUP(J93,Invoices!$C:$L,5,FALSE),\"\")","v":""},{"$f":"IFERROR(VLOOKUP(J93,Invoices!$C:$L,9,FALSE),\"\")","v":""},null,{"$f":"IF(ROWS(N$6:N93)<=O$4,INDEX(Invoices!$C$5:$C$104,SMALL(IF(Invoices!$I$5:$I$104=O$5,ROW(Invoices!$C$5:$C$104)-ROW(Invoices!$C$5)+1),ROWS(N$6:N93))),\"\")","v":""},{"$f":"IFERROR(VLOOKUP(N93,Invoices!$C:$L,5,FALSE),\"\")","v":""},{"$f":"IFERROR(VLOOKUP(N93,Invoices!$C:$L,9,FALSE),\"\")","v":""},null,{"$f":"IF(ROWS(R$6:R93)<=S$4,INDEX(Invoices!$C$5:$C$104,SMALL(IF(Invoices!$I$5:$I$104=S$5,ROW(Invoices!$C$5:$C$104)-ROW(Invoices!P92)+1),ROWS(R$6:R93))),\"\")","v":""},{"$f":"IFERROR(VLOOKUP(R93,Invoices!$C:$L,5,FALSE),\"\")","v":""},{"$f":"IFERROR(VLOOKUP(R93,Invoices!$C:$L,11,FALSE),\"\")","v":""}]
[null,{"$f":"IF(ROWS(B$6:B94)<=C$4,INDEX(Invoices!$C$5:$C$104,SMALL(IF(Invoices!$I$5:$I$104=C$5,ROW(Invoices!$C$5:$C$104)-ROW(Invoices!$C$5)+1),ROWS(B$6:B94))),\"\")","v":""},{"$f":"IFERROR(VLOOKUP(B94,Invoices!$C:$L,5,FALSE),\"\")","v":""},{"$f":"IFERROR(VLOOKUP(B94,Invoices!$C:$L,9,FALSE),\"\")","v":""},null,{"$f":"IF(ROWS(F$6:F94)<=G$4,INDEX(Invoices!$C$5:$C$104,SMALL(IF(Invoices!$I$5:$I$104=G$5,ROW(Invoices!$C$5:$C$104)-ROW(Invoices!$C$5)+1),ROWS(F$6:F94))),\"\")","v":""},{"$f":"IFERROR(VLOOKUP(F94,Invoices!$C:$L,5,FALSE),\"\")","v":""},{"$f":"IFERROR(VLOOKUP(F94,Invoices!$C:$L,9,FALSE),\"\")","v":""},null,{"$f":"IF(ROWS(J$6:J94)<=K$4,INDEX(Invoices!$C$5:$C$104,SMALL(IF(Invoices!$I$5:$I$104=K$5,ROW(Invoices!$C$5:$C$104)-ROW(Invoices!$C$5)+1),ROWS(J$6:J94))),\"\")","v":""},{"$f":"IFERROR(VLOOKUP(J94,Invoices!$C:$L,5,FALSE),\"\")","v":""},{"$f":"IFERROR(VLOOKUP(J94,Invoices!$C:$L,9,FALSE),\"\")","v":""},null,{"$f":"IF(ROWS(N$6:N94)<=O$4,INDEX(Invoices!$C$5:$C$104,SMALL(IF(Invoices!$I$5:$I$104=O$5,ROW(Invoices!$C$5:$C$104)-ROW(Invoices!$C$5)+1),ROWS(N$6:N94))),\"\")","v":""},{"$f":"IFERROR(VLOOKUP(N94,Invoices!$C:$L,5,FALSE),\"\")","v":""},{"$f":"IFERROR(VLOOKUP(N94,Invoices!$C:$L,9,FALSE),\"\")","v":""},null,{"$f":"IF(ROWS(R$6:R94)<=S$4,INDEX(Invoices!$C$5:$C$104,SMALL(IF(Invoices!$I$5:$I$104=S$5,ROW(Invoices!$C$5:$C$104)-ROW(Invoices!P93)+1),ROWS(R$6:R94))),\"\")","v":""},{"$f":"IFERROR(VLOOKUP(R94,Invoices!$C:$L,5,FALSE),\"\")","v":""},{"$f":"IFERROR(VLOOKUP(R94,Invoices!$C:$L,11,FALSE),\"\")","v":""}]
[null,{"$f":"IF(ROWS(B$6:B95)<=C$4,INDEX(Invoices!$C$5:$C$104,SMALL(IF(Invoices!$I$5:$I$104=C$5,ROW(Invoices!$C$5:$C$104)-ROW(Invoices!$C$5)+1),ROWS(B$6:B95))),\"\")","v":""},{"$f":"IFERROR(VLOOKUP(B95,Invoices!$C:$L,5,FALSE),\"\")","v":""},{"$f":"IFERROR(VLOOKUP(B95,Invoices!$C:$L,9,FALSE),\"\")","v":""},null,{"$f":"IF(ROWS(F$6:F95)<=G$4,INDEX(Invoices!$C$5:$C$104,SMALL(IF(Invoices!$I$5:$I$104=G$5,ROW(Invoices!$C$5:$C$104)-ROW(Invoices!$C$5)+1),ROWS(F$6:F95))),\"\")","v":""},{"$f":"IFERROR(VLOOKUP(F95,Invoices!$C:$L,5,FALSE),\"\")","v":""},{"$f":"IFERROR(VLOOKUP(F95,Invoices!$C:$L,9,FALSE),\"\")","v":""},null,{"$f":"IF(ROWS(J$6:J95)<=K$4,INDEX(Invoices!$C$5:$C$104,SMALL(IF(Invoices!$I$5:$I$104=K$5,ROW(Invoices!$C$5:$C$104)-ROW(Invoices!$C$5)+1),ROWS(J$6:J95))),\"\")","v":""},{"$f":"IFERROR(VLOOKUP(J95,Invoices!$C:$L,5,FALSE),\"\")","v":""},{"$f":"IFERROR(VLOOKUP(J95,Invoices!$C:$L,9,FALSE),\"\")","v":""},null,{"$f":"IF(ROWS(N$6:N95)<=O$4,INDEX(Invoices!$C$5:$C$104,SMALL(IF(Invoices!$I$5:$I$104=O$5,ROW(Invoices!$C$5:$C$104)-ROW(Invoices!$C$5)+1),ROWS(N$6:N95))),\"\")","v":""},{"$f":"IFERROR(VLOOKUP(N95,Invoices!$C:$L,5,FALSE),\"\")","v":""},{"$f":"IFERROR(VLOOKUP(N95,Invoices!$C:$L,9,FALSE),\"\")","v":""},null,{"$f":"IF(ROWS(R$6:R95)<=S$4,INDEX(Invoices!$C$5:$C$104,SMALL(IF(Invoices!$I$5:$I$104=S$5,ROW(Invoices!$C$5:$C$104)-ROW(Invoices!P94)+1),ROWS(R$6:R95))),\"\")","v":""},{"$f":"IFERROR(VLOOKUP(R95,Invoices!$C:$L,5,FALSE),\"\")","v":""},{"$f":"IFERROR(VLOOKUP(R95,Invoices!$C:$L,11,FALSE),\"\")","v":""}]
[null,{"$f":"IF(ROWS(B$6:B96)<=C$4,INDEX(Invoices!$C$5:$C$104,SMALL(IF(Invoices!$I$5:$I$104=C$5,ROW(Invoices!$C$5:$C$104)-ROW(Invoices!$C$5)+1),ROWS(B$6:B96))),\"\")","v":""},{"$f":"IFERROR(VLOOKUP(B96,Invoices!$C:$L,5,FALSE),\"\")","v":""},{"$f":"IFERROR(VLOOKUP(B96,Invoices!$C:$L,9,FALSE),\"\")","v":""},null,{"$f":"IF(ROWS(F$6:F96)<=G$4,INDEX(Invoices!$C$5:$C$104,SMALL(IF(Invoices!$I$5:$I$104=G$5,ROW(Invoices!$C$5:$C$104)-ROW(Invoices!$C$5)+1),ROWS(F$6:F96))),\"\")","v":""},{"$f":"IFERROR(VLOOKUP(F96,Invoices!$C:$L,5,FALSE),\"\")","v":""},{"$f":"IFERROR(VLOOKUP(F96,Invoices!$C:$L,9,FALSE),\"\")","v":""},null,{"$f":"IF(ROWS(J$6:J96)<=K$4,INDEX(Invoices!$C$5:$C$104,SMALL(IF(Invoices!$I$5:$I$104=K$5,ROW(Invoices!$C$5:$C$104)-ROW(Invoices!$C$5)+1),ROWS(J$6:J96))),\"\")","v":""},{"$f":"IFERROR(VLOOKUP(J96,Invoices!$C:$L,5,FALSE),\"\")","v":""},{"$f":"IFERROR(VLOOKUP(J96,Invoices!$C:$L,9,FALSE),\"\")","v":""},null,{"$f":"IF(ROWS(N$6:N96)<=O$4,INDEX(Invoices!$C$5:$C$104,SMALL(IF(Invoices!$I$5:$I$104=O$5,ROW(Invoices!$C$5:$C$104)-ROW(Invoices!$C$5)+1),ROWS(N$6:N96))),\"\")","v":""},{"$f":"IFERROR(VLOOKUP(N96,Invoices!$C:$L,5,FALSE),\"\")","v":""},{"$f":"IFERROR(VLOOKUP(N96,Invoices!$C:$L,9,FALSE),\"\")","v":""},null,{"$f":"IF(ROWS(R$6:R96)<=S$4,INDEX(Invoices!$C$5:$C$104,SMALL(IF(Invoices!$I$5:$I$104=S$5,ROW(Invoices!$C$5:$C$104)-ROW(Invoices!P95)+1),ROWS(R$6:R96))),\"\")","v":""},{"$f":"IFERROR(VLOOKUP(R96,Invoices!$C:$L,5,FALSE),\"\")","v":""},{"$f":"IFERROR(VLOOKUP(R96,Invoices!$C:$L,11,FALSE),\"\")","v":""}]
[null,{"$f":"IF(ROWS(B$6:B97)<=C$4,INDEX(Invoices!$C$5:$C$104,SMALL(IF(Invoices!$I$5:$I$104=C$5,ROW(Invoices!$C$5:$C$104)-ROW(Invoices!$C$5)+1),ROWS(B$6:B97))),\"\")","v":""},{"$f":"IFERROR(VLOOKUP(B97,Invoices!$C:$L,5,FALSE),\"\")","v":""},{"$f":"IFERROR(VLOOKUP(B97,Invoices!$C:$L,9,FALSE),\"\")","v":""},null,{"$f":"IF(ROWS(F$6:F97)<=G$4,INDEX(Invoices!$C$5:$C$104,SMALL(IF(Invoices!$I$5:$I$104=G$5,ROW(Invoices!$C$5:$C$104)-ROW(Invoices!$C$5)+1),ROWS(F$6:F97))),\"\")","v":""},{"$f":"IFERROR(VLOOKUP(F97,Invoices!$C:$L,5,FALSE),\"\")","v":""},{"$f":"IFERROR(VLOOKUP(F97,Invoices!$C:$L,9,FALSE),\"\")","v":""},null,{"$f":"IF(ROWS(J$6:J97)<=K$4,INDEX(Invoices!$C$5:$C$104,SMALL(IF(Invoices!$I$5:$I$104=K$5,ROW(Invoices!$C$5:$C$104)-ROW(Invoices!$C$5)+1),ROWS(J$6:J97))),\"\")","v":""},{"$f":"IFERROR(VLOOKUP(J97,Invoices!$C:$L,5,FALSE),\"\")","v":""},{"$f":"IFERROR(VLOOKUP(J97,Invoices!$C:$L,9,FALSE),\"\")","v":""},null,{"$f":"IF(ROWS(N$6:N97)<=O$4,INDEX(Invoices!$C$5:$C$104,SMALL(IF(Invoices!$I$5:$I$104=O$5,ROW(Invoices!$C$5:$C$104)-ROW(Invoices!$C$5)+1),ROWS(N$6:N97))),\"\")","v":""},{"$f":"IFERROR(VLOOKUP(N97,Invoices!$C:$L,5,FALSE),\"\")","v":""},{"$f":"IFERROR(VLOOKUP(N97,Invoices!$C:$L,9,FALSE),\"\")","v":""},null,{"$f":"IF(ROWS(R$6:R97)<=S$4,INDEX(Invoices!$C$5:$C$104,SMALL(IF(Invoices!$I$5:$I$104=S$5,ROW(Invoices!$C$5:$C$104)-ROW(Invoices!P96)+1),ROWS(R$6:R97))),\"\")","v":""},{"$f":"IFERROR(VLOOKUP(R97,Invoices!$C:$L,5,FALSE),\"\")","v":""},{"$f":"IFERROR(VLOOKUP(R97,Invoices!$C:$L,11,FALSE),\"\")","v":""}]
[null,{"$f":"IF(ROWS(B$6:B98)<=C$4,INDEX(Invoices!$C$5:$C$104,SMALL(IF(Invoices!$I$5:$I$104=C$5,ROW(Invoices!$C$5:$C$104)-ROW(Invoices!$C$5)+1),ROWS(B$6:B98))),\"\")","v":""},{"$f":"IFERROR(VLOOKUP(B98,Invoices!$C:$L,5,FALSE),\"\")","v":""},{"$f":"IFERROR(VLOOKUP(B98,Invoices!$C:$L,9,FALSE),\"\")","v":""},null,{"$f":"IF(ROWS(F$6:F98)<=G$4,INDEX(Invoices!$C$5:$C$104,SMALL(IF(Invoices!$I$5:$I$104=G$5,ROW(Invoices!$C$5:$C$104)-ROW(Invoices!$C$5)+1),ROWS(F$6:F98))),\"\")","v":""},{"$f":"IFERROR(VLOOKUP(F98,Invoices!$C:$L,5,FALSE),\"\")","v":""},{"$f":"IFERROR(VLOOKUP(F98,Invoices!$C:$L,9,FALSE),\"\")","v":""},null,{"$f":"IF(ROWS(J$6:J98)<=K$4,INDEX(Invoices!$C$5:$C$104,SMALL(IF(Invoices!$I$5:$I$104=K$5,ROW(Invoices!$C$5:$C$104)-ROW(Invoices!$C$5)+1),ROWS(J$6:J98))),\"\")","v":""},{"$f":"IFERROR(VLOOKUP(J98,Invoices!$C:$L,5,FALSE),\"\")","v":""},{"$f":"IFERROR(VLOOKUP(J98,Invoices!$C:$L,9,FALSE),\"\")","v":""},null,{"$f":"IF(ROWS(N$6:N98)<=O$4,INDEX(Invoices!$C$5:$C$104,SMALL(IF(Invoices!$I$5:$I$104=O$5,ROW(Invoices!$C$5:$C$104)-ROW(Invoices!$C$5)+1),ROWS(N$6:N98))),\"\")","v":""},{"$f":"IFERROR(VLOOKUP(N98,Invoices!$C:$L,5,FALSE),\"\")","v":""},{"$f":"IFERROR(VLOOKUP(N98,Invoices!$C:$L,9,FALSE),\"\")","v":""},null,{"$f":"IF(ROWS(R$6:R98)<=S$4,INDEX(Invoices!$C$5:$C$104,SMALL(IF(Invoices!$I$5:$I$104=S$5,ROW(Invoices!$C$5:$C$104)-ROW(Invoices!P97)+1),ROWS(R$6:R98))),\"\")","v":""},{"$f":"IFERROR(VLOOKUP(R98,Invoices!$C:$L,5,FALSE),\"\")","v":""},{"$f":"IFERROR(VLOOKUP(R98,Invoices!$C:$L,11,FALSE),\"\")","v":""}]
[null,{"$f":"IF(ROWS(B$6:B99)<=C$4,INDEX(Invoices!$C$5:$C$104,SMALL(IF(Invoices!$I$5:$I$104=C$5,ROW(Invoices!$C$5:$C$104)-ROW(Invoices!$C$5)+1),ROWS(B$6:B99))),\"\")","v":""},{"$f":"IFERROR(VLOOKUP(B99,Invoices!$C:$L,5,FALSE),\"\")","v":""},{"$f":"IFERROR(VLOOKUP(B99,Invoices!$C:$L,9,FALSE),\"\")","v":""},null,{"$f":"IF(ROWS(F$6:F99)<=G$4,INDEX(Invoices!$C$5:$C$104,SMALL(IF(Invoices!$I$5:$I$104=G$5,ROW(Invoices!$C$5:$C$104)-ROW(Invoices!$C$5)+1),ROWS(F$6:F99))),\"\")","v":""},{"$f":"IFERROR(VLOOKUP(F99,Invoices!$C:$L,5,FALSE),\"\")","v":""},{"$f":"IFERROR(VLOOKUP(F99,Invoices!$C:$L,9,FALSE),\"\")","v":""},null,{"$f":"IF(ROWS(J$6:J99)<=K$4,INDEX(Invoices!$C$5:$C$104,SMALL(IF(Invoices!$I$5:$I$104=K$5,ROW(Invoices!$C$5:$C$104)-ROW(Invoices!$C$5)+1),ROWS(J$6:J99))),\"\")","v":""},{"$f":"IFERROR(VLOOKUP(J99,Invoices!$C:$L,5,FALSE),\"\")","v":""},{"$f":"IFERROR(VLOOKUP(J99,Invoices!$C:$L,9,FALSE),\"\")","v":""},null,{"$f":"IF(ROWS(N$6:N99)<=O$4,INDEX(Invoices!$C$5:$C$104,SMALL(IF(Invoices!$I$5:$I$104=O$5,ROW(Invoices!$C$5:$C$104)-ROW(Invoices!$C$5)+1),ROWS(N$6:N99))),\"\")","v":""},{"$f":"IFERROR(VLOOKUP(N99,Invoices!$C:$L,5,FALSE),\"\")","v":""},{"$f":"IFERROR(VLOOKUP(N99,Invoices!$C:$L,9,FALSE),\"\")","v":""},null,{"$f":"IF(ROWS(R$6:R99)<=S$4,INDEX(Invoices!$C$5:$C$104,SMALL(IF(Invoices!$I$5:$I$104=S$5,ROW(Invoices!$C$5:$C$104)-ROW(Invoices!P98)+1),ROWS(R$6:R99))),\"\")","v":""},{"$f":"IFERROR(VLOOKUP(R99,Invoices!$C:$L,5,FALSE),\"\")","v":""},{"$f":"IFERROR(VLOOKUP(R99,Invoices!$C:$L,11,FALSE),\"\")","v":""}]
[null,{"$f":"IF(ROWS(B$6:B100)<=C$4,INDEX(Invoices!$C$5:$C$104,SMALL(IF(Invoices!$I$5:$I$104=C$5,ROW(Invoices!$C$5:$C$104)-ROW(Invoices!$C$5)+1),ROWS(B$6:B100))),\"\")","v":""},{"$f":"IFERROR(VLOOKUP(B100,Invoices!$C:$L,5,FALSE),\"\")","v":""},{"$f":"IFERROR(VLOOKUP(B100,Invoices!$C:$L,9,FALSE),\"\")","v":""},null,{"$f":"IF(ROWS(F$6:F100)<=G$4,INDEX(Invoices!$C$5:$C$104,SMALL(IF(Invoices!$I$5:$I$104=G$5,ROW(Invoices!$C$5:$C$104)-ROW(Invoices!$C$5)+1),ROWS(F$6:F100))),\"\")","v":""},{"$f":"IFERROR(VLOOKUP(F100,Invoices!$C:$L,5,FALSE),\"\")","v":""},{"$f":"IFERROR(VLOOKUP(F100,Invoices!$C:$L,9,FALSE),\"\")","v":""},null,{"$f":"IF(ROWS(J$6:J100)<=K$4,INDEX(Invoices!$C$5:$C$104,SMALL(IF(Invoices!$I$5:$I$104=K$5,ROW(Invoices!$C$5:$C$104)-ROW(Invoices!$C$5)+1),ROWS(J$6:J100))),\"\")","v":""},{"$f":"IFERROR(VLOOKUP(J100,Invoices!$C:$L,5,FALSE),\"\")","v":""},{"$f":"IFERROR(VLOOKUP(J100,Invoices!$C:$L,9,FALSE),\"\")","v":""},null,{"$f":"IF(ROWS(N$6:N100)<=O$4,INDEX(Invoices!$C$5:$C$104,SMALL(IF(Invoices!$I$5:$I$104=O$5,ROW(Invoices!$C$5:$C$104)-ROW(Invoices!$C$5)+1),ROWS(N$6:N100))),\"\")","v":""},{"$f":"IFERROR(VLOOKUP(N100,Invoices!$C:$L,5,FALSE),\"\")","v":""},{"$f":"IFERROR(VLOOKUP(N100,Invoices!$C:$L,9,FALSE),\"\")","v":""},null,{"$f":"IF(ROWS(R$6:R100)<=S$4,INDEX(Invoices!$C$5:$C$104,SMALL(IF(Invoices!$I$5:$I$104=S$5,ROW(Invoices!$C$5:$C$104)-ROW(Invoices!P99)+1),ROWS(R$6:R100))),\"\")","v":""},{"$f":"IFERROR(VLOOKUP(R100,Invoices!$C:$L,5,FALSE),\"\")","v":""},{"$f":"IFERROR(VLOOKUP(R100,Invoices!$C:$L,11,FALSE),\"\")","v":""}]
[null,{"$f":"IF(ROWS(B$6:B101)<=C$4,INDEX(Invoices!$C$5:$C$104,SMALL(IF(Invoices!$I$5:$I$104=C$5,ROW(Invoices!$C$5:$C$104)-ROW(Invoices!$C$5)+1),ROWS(B$6:B101))),\"\")","v":""},{"$f":"IFERROR(VLOOKUP(B101,Invoices!$C:$L,5,FALSE),\"\")","v":""},{"$f":"IFERROR(VLOOKUP(B101,Invoices!$C:$L,9,FALSE),\"\")","v":""},null,{"$f":"IF(ROWS(F$6:F101)<=G$4,INDEX(Invoices!$C$5:$C$104,SMALL(IF(Invoices!$I$5:$I$104=G$5,ROW(Invoices!$C$5:$C$104)-ROW(Invoices!$C$5)+1),ROWS(F$6:F101))),\"\")","v":""},{"$f":"IFERROR(VLOOKUP(F101,Invoices!$C:$L,5,FALSE),\"\")","v":""},{"$f":"IFERROR(VLOOKUP(F101,Invoices!$C:$L,9,FALSE),\"\")","v":""},null,{"$f":"IF(ROWS(J$6:J101)<=K$4,INDEX(Invoices!$C$5:$C$104,SMALL(IF(Invoices!$I$5:$I$104=K$5,ROW(Invoices!$C$5:$C$104)-ROW(Invoices!$C$5)+1),ROWS(J$6:J101))),\"\")","v":""},{"$f":"IFERROR(VLOOKUP(J101,Invoices!$C:$L,5,FALSE),\"\")","v":""},{"$f":"IFERROR(VLOOKUP(J101,Invoices!$C:$L,9,FALSE),\"\")","v":""},null,{"$f":"IF(ROWS(N$6:N101)<=O$4,INDEX(Invoices!$C$5:$C$104,SMALL(IF(Invoices!$I$5:$I$104=O$5,ROW(Invoices!$C$5:$C$104)-ROW(Invoices!$C$5)+1),ROWS(N$6:N101))),\"\")","v":""},{"$f":"IFERROR(VLOOKUP(N101,Invoices!$C:$L,5,FALSE),\"\")","v":""},{"$f":"IFERROR(VLOOKUP(N101,Invoices!$C:$L,9,FALSE),\"\")","v":""},null,{"$f":"IF(ROWS(R$6:R101)<=S$4,INDEX(Invoices!$C$5:$C$104,SMALL(IF(Invoices!$I$5:$I$104=S$5,ROW(Invoices!$C$5:$C$104)-ROW(Invoices!P100)+1),ROWS(R$6:R101))),\"\")","v":""},{"$f":"IFERROR(VLOOKUP(R101,Invoices!$C:$L,5,FALSE),\"\")","v":""},{"$f":"IFERROR(VLOOKUP(R101,Invoices!$C:$L,11,FALSE),\"\")","v":""}]
[null,{"$f":"IF(ROWS(B$6:B102)<=C$4,INDEX(Invoices!$C$5:$C$104,SMALL(IF(Invoices!$I$5:$I$104=C$5,ROW(Invoices!$C$5:$C$104)-ROW(Invoices!$C$5)+1),ROWS(B$6:B102))),\"\")","v":""},{"$f":"IFERROR(VLOOKUP(B102,Invoices!$C:$L,5,FALSE),\"\")","v":""},{"$f":"IFERROR(VLOOKUP(B102,Invoices!$C:$L,9,FALSE),\"\")","v":""},null,{"$f":"IF(ROWS(F$6:F102)<=G$4,INDEX(Invoices!$C$5:$C$104,SMALL(IF(Invoices!$I$5:$I$104=G$5,ROW(Invoices!$C$5:$C$104)-ROW(Invoices!$C$5)+1),ROWS(F$6:F102))),\"\")","v":""},{"$f":"IFERROR(VLOOKUP(F102,Invoices!$C:$L,5,FALSE),\"\")","v":""},{"$f":"IFERROR(VLOOKUP(F102,Invoices!$C:$L,9,FALSE),\"\")","v":""},null,{"$f":"IF(ROWS(J$6:J102)<=K$4,INDEX(Invoices!$C$5:$C$104,SMALL(IF(Invoices!$I$5:$I$104=K$5,ROW(Invoices!$C$5:$C$104)-ROW(Invoices!$C$5)+1),ROWS(J$6:J102))),\"\")","v":""},{"$f":"IFERROR(VLOOKUP(J102,Invoices!$C:$L,5,FALSE),\"\")","v":""},{"$f":"IFERROR(VLOOKUP(J102,Invoices!$C:$L,9,FALSE),\"\")","v":""},null,{"$f":"IF(ROWS(N$6:N102)<=O$4,INDEX(Invoices!$C$5:$C$104,SMALL(IF(Invoices!$I$5:$I$104=O$5,ROW(Invoices!$C$5:$C$104)-ROW(Invoices!$C$5)+1),ROWS(N$6:N102))),\"\")","v":""},{"$f":"IFERROR(VLOOKUP(N102,Invoices!$C:$L,5,FALSE),\"\")","v":""},{"$f":"IFERROR(VLOOKUP(N102,Invoices!$C:$L,9,FALSE),\"\")","v":""},null,{"$f":"IF(ROWS(R$6:R102)<=S$4,INDEX(Invoices!$C$5:$C$104,SMALL(IF(Invoices!$I$5:$I$104=S$5,ROW(Invoices!$C$5:$C$104)-ROW(Invoices!P101)+1),ROWS(R$6:R102))),\"\")","v":""},{"$f":"IFERROR(VLOOKUP(R102,Invoices!$C:$L,5,FALSE),\"\")","v":""},{"$f":"IFERROR(VLOOKUP(R102,Invoices!$C:$L,11,FALSE),\"\")","v":""}]
[null,{"$f":"IF(ROWS(B$6:B103)<=C$4,INDEX(Invoices!$C$5:$C$104,SMALL(IF(Invoices!$I$5:$I$104=C$5,ROW(Invoices!$C$5:$C$104)-ROW(Invoices!$C$5)+1),ROWS(B$6:B103))),\"\")","v":""},{"$f":"IFERROR(VLOOKUP(B103,Invoices!$C:$L,5,FALSE),\"\")","v":""},{"$f":"IFERROR(VLOOKUP(B103,Invoices!$C:$L,9,FALSE),\"\")","v":""},null,{"$f":"IF(ROWS(F$6:F103)<=G$4,INDEX(Invoices!$C$5:$C$104,SMALL(IF(Invoices!$I$5:$I$104=G$5,ROW(Invoices!$C$5:$C$104)-ROW(Invoices!$C$5)+1),ROWS(F$6:F103))),\"\")","v":""},{"$f":"IFERROR(VLOOKUP(F103,Invoices!$C:$L,5,FALSE),\"\")","v":""},{"$f":"IFERROR(VLOOKUP(F103,Invoices!$C:$L,9,FALSE),\"\")","v":""},null,{"$f":"IF(ROWS(J$6:J103)<=K$4,INDEX(Invoices!$C$5:$C$104,SMALL(IF(Invoices!$I$5:$I$104=K$5,ROW(Invoices!$C$5:$C$104)-ROW(Invoices!$C$5)+1),ROWS(J$6:J103))),\"\")","v":""},{"$f":"IFERROR(VLOOKUP(J103,Invoices!$C:$L,5,FALSE),\"\")","v":""},{"$f":"IFERROR(VLOOKUP(J103,Invoices!$C:$L,9,FALSE),\"\")","v":""},null,{"$f":"IF(ROWS(N$6:N103)<=O$4,INDEX(Invoices!$C$5:$C$104,SMALL(IF(Invoices!$I$5:$I$104=O$5,ROW(Invoices!$C$5:$C$104)-ROW(Invoices!$C$5)+1),ROWS(N$6:N103))),\"\")","v":""},{"$f":"IFERROR(VLOOKUP(N103,Invoices!$C:$L,5,FALSE),\"\")","v":""},{"$f":"IFERROR(VLOOKUP(N103,Invoices!$C:$L,9,FALSE),\"\")","v":""},null,{"$f":"IF(ROWS(R$6:R103)<=S$4,INDEX(Invoices!$C$5:$C$104,SMALL(IF(Invoices!$I$5:$I$104=S$5,ROW(Invoices!$C$5:$C$104)-ROW(Invoices!P102)+1),ROWS(R$6:R103))),\"\")","v":""},{"$f":"IFERROR(VLOOKUP(R103,Invoices!$C:$L,5,FALSE),\"\")","v":""},{"$f":"IFERROR(VLOOKUP(R103,Invoices!$C:$L,11,FALSE),\"\")","v":""}]
[null,{"$f":"IF(ROWS(B$6:B104)<=C$4,INDEX(Invoices!$C$5:$C$104,SMALL(IF(Invoices!$I$5:$I$104=C$5,ROW(Invoices!$C$5:$C$104)-ROW(Invoices!$C$5)+1),ROWS(B$6:B104))),\"\")","v":""},{"$f":"IFERROR(VLOOKUP(B104,Invoices!$C:$L,5,FALSE),\"\")","v":""},{"$f":"IFERROR(VLOOKUP(B104,Invoices!$C:$L,9,FALSE),\"\")","v":""},null,{"$f":"IF(ROWS(F$6:F104)<=G$4,INDEX(Invoices!$C$5:$C$104,SMALL(IF(Invoices!$I$5:$I$104=G$5,ROW(Invoices!$C$5:$C$104)-ROW(Invoices!$C$5)+1),ROWS(F$6:F104))),\"\")","v":""},{"$f":"IFERROR(VLOOKUP(F104,Invoices!$C:$L,5,FALSE),\"\")","v":""},{"$f":"IFERROR(VLOOKUP(F104,Invoices!$C:$L,9,FALSE),\"\")","v":""},null,{"$f":"IF(ROWS(J$6:J104)<=K$4,INDEX(Invoices!$C$5:$C$104,SMALL(IF(Invoices!$I$5:$I$104=K$5,ROW(Invoices!$C$5:$C$104)-ROW(Invoices!$C$5)+1),ROWS(J$6:J104))),\"\")","v":""},{"$f":"IFERROR(VLOOKUP(J104,Invoices!$C:$L,5,FALSE),\"\")","v":""},{"$f":"IFERROR(VLOOKUP(J104,Invoices!$C:$L,9,FALSE),\"\")","v":""},null,{"$f":"IF(ROWS(N$6:N104)<=O$4,INDEX(Invoices!$C$5:$C$104,SMALL(IF(Invoices!$I$5:$I$104=O$5,ROW(Invoices!$C$5:$C$104)-ROW(Invoices!$C$5)+1),ROWS(N$6:N104))),\"\")","v":""},{"$f":"IFERROR(VLOOKUP(N104,Invoices!$C:$L,5,FALSE),\"\")","v":""},{"$f":"IFERROR(VLOOKUP(N104,Invoices!$C:$L,9,FALSE),\"\")","v":""},null,{"$f":"IF(ROWS(R$6:R104)<=S$4,INDEX(Invoices!$C$5:$C$104,SMALL(IF(Invoices!$I$5:$I$104=S$5,ROW(Invoices!$C$5:$C$104)-ROW(Invoices!P103)+1),ROWS(R$6:R104))),\"\")","v":""},{"$f":"IFERROR(VLOOKUP(R104,Invoices!$C:$L,5,FALSE),\"\")","v":""},{"$f":"IFERROR(VLOOKUP(R104,Invoices!$C:$L,11,FALSE),\"\")","v":""}]
[null,{"$f":"IF(ROWS(B$6:B105)<=C$4,INDEX(Invoices!$C$5:$C$104,SMALL(IF(Invoices!$I$5:$I$104=C$5,ROW(Invoices!$C$5:$C$104)-ROW(Invoices!$C$5)+1),ROWS(B$6:B105))),\"\")","v":""},{"$f":"IFERROR(VLOOKUP(B105,Invoices!$C:$L,5,FALSE),\"\")","v":""},{"$f":"IFERROR(VLOOKUP(B105,Invoices!$C:$L,9,FALSE),\"\")","v":""},null,{"$f":"IF(ROWS(F$6:F105)<=G$4,INDEX(Invoices!$C$5:$C$104,SMALL(IF(Invoices!$I$5:$I$104=G$5,ROW(Invoices!$C$5:$C$104)-ROW(Invoices!$C$5)+1),ROWS(F$6:F105))),\"\")","v":""},{"$f":"IFERROR(VLOOKUP(F105,Invoices!$C:$L,5,FALSE),\"\")","v":""},{"$f":"IFERROR(VLOOKUP(F105,Invoices!$C:$L,9,FALSE),\"\")","v":""},null,{"$f":"IF(ROWS(J$6:J105)<=K$4,INDEX(Invoices!$C$5:$C$104,SMALL(IF(Invoices!$I$5:$I$104=K$5,ROW(Invoices!$C$5:$C$104)-ROW(Invoices!$C$5)+1),ROWS(J$6:J105))),\"\")","v":""},{"$f":"IFERROR(VLOOKUP(J105,Invoices!$C:$L,5,FALSE),\"\")","v":""},{"$f":"IFERROR(VLOOKUP(J105,Invoices!$C:$L,9,FALSE),\"\")","v":""},null,{"$f":"IF(ROWS(N$6:N105)<=O$4,INDEX(Invoices!$C$5:$C$104,SMALL(IF(Invoices!$I$5:$I$104=O$5,ROW(Invoices!$C$5:$C$104)-ROW(Invoices!$C$5)+1),ROWS(N$6:N105))),\"\")","v":""},{"$f":"IFERROR(VLOOKUP(N105,Invoices!$C:$L,5,FALSE),\"\")","v":""},{"$f":"IFERROR(VLOOKUP(N105,Invoices!$C:$L,9,FALSE),\"\")","v":""},null,{"$f":"IF(ROWS(R$6:R105)<=S$4,INDEX(Invoices!$C$5:$C$104,SMALL(IF(Invoices!$I$5:$I$104=S$5,ROW(Invoices!$C$5:$C$104)-ROW(Invoices!P104)+1),ROWS(R$6:R105))),\"\")","v":""},{"$f":"IFERROR(VLOOKUP(R105,Invoices!$C:$L,5,FALSE),\"\")","v":""},{"$f":"IFERROR(VLOOKUP(R105,Invoices!$C:$L,11,FALSE),\"\")","v":""}]
[null,{"$f":"IF(ROWS(B$6:B106)<=C$4,INDEX(Invoices!$C$5:$C$104,SMALL(IF(Invoices!$I$5:$I$104=C$5,ROW(Invoices!$C$5:$C$104)-ROW(Invoices!$C$5)+1),ROWS(B$6:B106))),\"\")","v":""},{"$f":"IFERROR(VLOOKUP(B106,Invoices!$C:$L,5,FALSE),\"\")","v":""},{"$f":"IFERROR(VLOOKUP(B106,Invoices!$C:$L,9,FALSE),\"\")","v":""},null,{"$f":"IF(ROWS(F$6:F106)<=G$4,INDEX(Invoices!$C$5:$C$104,SMALL(IF(Invoices!$I$5:$I$104=G$5,ROW(Invoices!$C$5:$C$104)-ROW(Invoices!$C$5)+1),ROWS(F$6:F106))),\"\")","v":""},{"$f":"IFERROR(VLOOKUP(F106,Invoices!$C:$L,5,FALSE),\"\")","v":""},{"$f":"IFERROR(VLOOKUP(F106,Invoices!$C:$L,9,FALSE),\"\")","v":""},null,{"$f":"IF(ROWS(J$6:J106)<=K$4,INDEX(Invoices!$C$5:$C$104,SMALL(IF(Invoices!$I$5:$I$104=K$5,ROW(Invoices!$C$5:$C$104)-ROW(Invoices!$C$5)+1),ROWS(J$6:J106))),\"\")","v":""},{"$f":"IFERROR(VLOOKUP(J106,Invoices!$C:$L,5,FALSE),\"\")","v":""},{"$f":"IFERROR(VLOOKUP(J106,Invoices!$C:$L,9,FALSE),\"\")","v":""},null,{"$f":"IF(ROWS(N$6:N106)<=O$4,INDEX(Invoices!$C$5:$C$104,SMALL(IF(Invoices!$I$5:$I$104=O$5,ROW(Invoices!$C$5:$C$104)-ROW(Invoices!$C$5)+1),ROWS(N$6:N106))),\"\")","v":""},{"$f":"IFERROR(VLOOKUP(N106,Invoices!$C:$L,5,FALSE),\"\")","v":""},{"$f":"IFERROR(VLOOKUP(N106,Invoices!$C:$L,9,FALSE),\"\")","v":""},null,{"$f":"IF(ROWS(R$6:R106)<=S$4,INDEX(Invoices!$C$5:$C$104,SMALL(IF(Invoices!$I$5:$I$104=S$5,ROW(Invoices!$C$5:$C$104)-ROW(Invoices!P105)+1),ROWS(R$6:R106))),\"\")","v":""},{"$f":"IFERROR(VLOOKUP(R106,Invoices!$C:$L,5,FALSE),\"\")","v":""},{"$f":"IFERROR(VLOOKUP(R106,Invoices!$C:$L,11,FALSE),\"\")","v":""}]
[null,null,"Total ",{"$f":"SUM(D6:D106)","v":0},null,null,"Total ",{"$f":"SUM(H6:H106)","v":0},null,null,"Total ",{"$f":"SUM(L6:L106)","v":0},null,null,"Total ",{"$f":"SUM(P6:P106)","v":0},null,null,"Total ",{"$f":"SUM(T6:T106)","v":0}]
[]
[null,null,"Total Reimbursement ",{"$f":"D107+H107+L107+P107+T107","v":0}]

{"sheet":"Eligible Costs","index":4,"n_rows":7,"n_cols":1,"rows_kept":7,"cut":false,"hidden":true,"merged":[]}
[]
["Remodeling"]
["Deferred Maintenance"]
["Installation"]
["Materials"]
["Maintaining/Repairing Common Areas"]
["Ineligible Costs"]

{"sheet":"All schools","index":5,"n_rows":348,"n_cols":3,"rows_kept":348,"cut":false,"hidden":true,"merged":[]}
["CDS Code","Name of Charter School ","Charter #"]
[39686270128553,"Acacia Elementary Charter",1518]
[39686270128546,"Acacia Middle Charter",1519]
[19101990109926,"Academia Avance Charter",738]
[19647336119929,"Academia Semillas del Pueblo (Xinaxcalmecac )",447]
[19647330126185,"Academy of Science and Engineering",1411]
[23656152330454,"Accelerated Achievement Academy ",439]
[19647330100743,"Accelerated Elementary Charter",539]
[37683380111898,"Albert Einstein Academy Charter Middle",773]
[19647330121285,"Alliance Cindy and Bill Simon Technology Academy High",1161]
[19647330123141,"Alliance College-Ready Academy High No. 16",1164]
[19647330124941,"Alliance College-Ready Academy High No. 18",1356]
[19647330127217,"Alliance College-Ready Academy High No. 20",1164]
[19647330111492,"Alliance College-Ready Academy High No. 5",789]
[19647330128058,"Alliance College-Ready Middle Academy No. 12",1533]
[19647330120030,"Alliance College-Ready Middle Academy No. 4",1096]
[19647330120048,"Alliance College-Ready Middle Academy No. 5",1097]
[19647330121277,"Alliance College-Ready Middle Academy No. 7",1160]
[19647330128033,"Alliance College-Ready Middle Academy No. 8",1530]
[19647330128041,"Alliance College-Ready Middle Academy No. 9",1531]
[19647330108936,"Alliance Collins Family College-Ready High",718]
[19647330117606,"Alliance Environmental Science and Technology High",929]
[19647330106864,"Alliance Gertz-Ressler Richard Merkin 6-12 Complex",645]
[19647330117598,"Alliance Health Services Academy High",927]
[19647330111518,"Alliance Jack H. Skirball Middle",779]
[19647330108894,"Alliance Judy Ivie Burton Technology Academy High",714]
[19647330111658,"Alliance Marc & Eva Stern Math and Science",788]
[19647330116509,"Alliance Media Arts and Entertainment Design High",928]
[19647330111641,"Alliance Ouchi-O'Donovan 6-12 Complex",784]
[19647330124891,"Alliance Renee and Meyer Luskin Academy High",1343]
[19647330123133,"Alliance Susan and Eric Smidt Technology High",1163]
[40688250125807,"Almond Acres Charter Academy",1395]
[37683380124206,"America's Finest Charter",1301]
[19647330129270,"Animo Avalon Charter Middle",1624]
[19647330123992,"Animo Charter Middle No. 1",1286]
[19647330124008,"Animo Charter Middle No. 2",1287]
[19646341996586,"Animo Inglewood Charter High",432]
[19647330122481,"Animo Jefferson Charter Middle",1216]
[19647330106849,"Animo Pat Brown",649]
[19647330111575,"Animo Ralph Bunche High",781]
[19647330102434,"Animo South Los Angeles Charter",602]
[19647330111625,"Animo Watts College Preparatory Academy",783]
[19647330122499,"Animo Westside Charter Middle",1217]
[7616480115063,"Antioch Charter Academy II",909]
[1612590115238,"ARISE High",837]
[19647330123158,"Arts In Action Community Charter",1218]
[34674470120469,"Aspire Alexander Twilight College Preparatory Academy",1554]
[34674470121467,"Aspire Alexander Twilight Secondary Academy",1555]
[19101990109660,"Aspire Antonio Maria Lugo Academy",694]
[39686760121541,"Aspire APEX Academy",1552]
[1100170118489,"Aspire California College Preparatory Academy",1049]
[34674390102343,"Aspire Capitol Heights Academy",598]
[19647330126797,"Aspire Centennial College Preparatory Academy",1436]
[1612590128413,"Aspire College Academy",1577]
[41689996114953,"Aspire East Palo Alto Charter School",1022]
[1612590120188,"Aspire ERES Academy",1115]
[1612590118224,"Aspire Golden State College Preparatory Academy",1023]
[19647330117960,"Aspire Huntington Park Charter",1035]
[19647330114884,"Aspire Junior Collegiate Academy",854]
[39686760118497,"Aspire Langston Hughes Academy",1048]
[1612590130666,"Aspire Lionel Wilson College Preparatory Academy",465]
[1612596117568,"Aspire Monarch Academy",252]
[19647330122721,"Aspire Pacific Academy",1230]
[39686760114876,"Aspire Port City Academy",1553]
[50710430112292,"Aspire Summit Charter Academy",812]
[19647330120477,"Aspire Titan Academy",1550]
[50712900118125,"Aspire University Charter",1026]
[39685856116594,"Aspire Vincent Shalvey Academy",178]
[19648810113464,"Aveson Global Leadership Academy",847]
[13631230118455,"Ballington Academy for the Arts and Sciences",1030]
[37684520128223,"Bella Mente Montessori Academy",1515]
[19647330106872,"Bert Corona Charter",654]
[10101080119628,"Big Picture High School - Fresno",1085]
[4614246119523,"Blue Oak Charter",415]
[19647336118194,"California Academy for Liberal Studies (PUC) ",331]
[26102640125633,"California Heritage Youthbuild Academy",1388]
[19647330109553,"CALS Early College High School (PUC)",710]
[19647336117667,"Camino Nuevo Charter Academy",293]
[19647330122564,"Camino Nuevo Elementary No. 3",1212]
[19647330127910,"Camino Nuevo High No. 2",1540]
[44697990117804,"Ceiba College Preparatory Academy",1004]
[19647330115766,"Celerity Dyad Charter",958]
[19648810127126,"Celerity Exa Charter",1461]
[19647330108910,"Celerity Nascent Charter",716]
[19101990124925,"Celerity Sirius Charter",1353]
[19647330115782,"Celerity Troika Charter",961]
[19647330115139,"Center for Advanced Learning",937]
[19647330100800,"Central City Value",534]
[19647090112250,"Century Academy for Excellence",809]
[19647090107508,"Century Community Charter",672]
[19647330108878,"CHAMPS - Charter HS of Arts-Multimedia & Performing",712]
[19646340121186,"Children of Promise Preparatory Academy",1137]
[19647330126177,"Citizens of the World 2",1413]
[37683380124347,"City Heights Preparatory Charter",1312]
[1612590115386,"Civicorps Corpsmember Academy",948]
[14101400128454,"College Bridge Academy",1593]
[19647330109876,"Community Charter Early College High (PUC)",733]
[19647330129619,"Community Charter Elementary (PUC)","1657"]
[19647336116750,"Community Charter Middle (PUC)",213]
[19647330129874,"Community Preparatory Academy","1656"]
[11101160130807,"Conservation Corps of Long Beach, Gateway Cities Charter School","1676"]
[1612590114454,"Conservatory of Vocal/Instrumental Arts",864]
[34674130114660,"Delta Elementary Charter",853]
[19647330115253,"Discovery Charter Preparatory No. 2",949]
[19647336119903,"Downtown Value",448]
[39686760117853,"Dr. Lewis Dolphin Stallworth Sr. Charter",1027]
[37683380127647,"e3 Civic High",1302]
[19647330124933,"Early College Academy for Leaders and Scholars (ECALS)",1354]
[1612590100123,"East Oakland Leadership Academy",499]
[30666706119127,"El Sol Santa Ana Science and Arts Academy",365]
[36750440116707,"Encore Jr./Sr. High School for the Performing and Visual Arts",971]
[19646911996438,"Environmental Charter High",353]
[19101990121772,"Environmental Charter Middle",1204]
[19101990127498,"Environmental Charter Middle - Inglewood",1501]
[1100170112607,"Envision Academy for Arts & Technology",811]
[1612590129403,"Epic Charter",1632]
[29102980130823,"EPIC de Cesar Chavez"]
[37683380126151,"Epiphany Prep Charter",1426]
[19647330119982,"Equitas Academy Charter",1093]
[37681063731023,"Escondido Charter High",109]
[43694274330726,"Escuela Popular Accelerated Family Learning",502]
[37683380121145,"Evangeline Roberts Institute of Learning",1151]
[19647330112201,"Excel Charter Academy (PUC)",798]
[36678760121343,"Excel Prep Charter",1153]
[19647330127852,"Executive Preparatory Academy of Finance",1525]
[20652430107938,"Ezequiel Tafoya Alvarado Academy",676]
[19647330115048,"Fenton Primary Center",911]
[34103480124651,"Fortune School",1313]
[19647330117952,"Frederick Douglass Academy Elementary",1037]
[19647330112557,"Frederick Douglass Academy High",833]
[19647330112433,"Frederick Douglass Academy Middle",814]
[10621660115196,"Fresno Academy for Civic and Entrepreneurial Leadership",875]
[19647330114967,"Global Education Academy",934]
[19647330128116,"Global Education Academy Middle",1561]
[19646340128991,"Grace Hopper STEM Academy",1612]
[15101570124040,"Grimmway Academy",1292]
[36678760122317,"Hardy Brown College Prep",1155]
[39686760123802,"Health Careers Academy",1283]
[37683380114462,"Health Science High",876]
[37683380128066,"Health Science Middle",1517]
[37680980128769,"Heritage Digital Academy Charter Middle",1603]
[37680980101535,"Heritage K-8 Charter",556]
[39686270126755,"Humphreys College Academy of Business, Law & Education",1448]
[19646340120303,"ICEF Inglewood Elementary Charter Academy",1121]
[19646340120311,"ICEF Inglewood Middle Charter Academy",1122]
[19647330117937,"ICEF Vista Elementary Academy",1039]
[19647330115287,"ICEF Vista Middle Academy",953]
[13631230121855,"Imagine Schools at Imperial Valley",1044]
[33103300125385,"Imagine Schools, Riverside County",1369]
[19647330129593,"Inspire Charter Academy (PUC)",1626]
[19647330128389,"Ivy Bound Academy Math, Science, and Technology Charter Middle #2",1570]
[19647330109884,"James Jordan Middle",734]
[10621660127514,"Kepler Neighborhood",1503]
[49709126116958,"Kid Street Learning Center Charter",215]
[37683380118851,"King-Chavez Community High",1015]
[37683380111906,"King-Chavez Preparatory Academy",772]
[19647330101444,"KIPP Academy of Opportunity",530]
[38684780101337,"KIPP Bayview Academy",549]
[19647330121707,"KIPP Comienza Community Prep",1196]
[19647330129460,"KIPP Vida Preparatory Academy",1587]
[19647330121699,"KIPP Empower Academy",1195]
[19647330127670,"KIPP Iluminar Academy",1379]
[19647330100867,"KIPP Los Angeles College Preparatory",531]
[19647330125609,"KIPP Philosophers Academy",1378]
[19647330117903,"KIPP Raices Academy",1010]
[19647330125625,"KIPP Scholar Academy",1377]
[19647330125641,"KIPP Sol Academy",1195]
[8100820109777,"Klamath River Early College of the Redwoods",722]
[54105465430327,"La Sierra High",341]
[17640550108340,"Lake County International Charter",681]
[19647330102442,"Lakeview Charter Academy (PUC)",603]
[19647330122606,"Lakeview Charter High (PUC)",1241]
[19647330108928,"Larchmont Charter",717]
[1611920108670,"Leadership Public Schools-Hayward",684]
[38684783830429,"Life Learning Academy Charter ",140]
[19646670123174,"Life Source International Charter",1225]
[19764970115725,"Lifeline Education Charter",963]
[1612590130633,"Lighthouse Community Charter",413]
[1612590108944,"Lighthouse Community Charter High",700]
[37103716119119,"Literacy First Charter ",405]
[49708546119036,"Live Oak Charter",382]
[19647330110304,"Los Angeles Academy of Arts & Enterprise Charter",675]
[19647330122762,"Los Angeles Big Picture High",1239]
[19101990109942,"Los Angeles International Charter High",741]
[19647331996610,"Los Angeles Leadership Academy",461]
[19647330124818,"Los Angeles Leadership Primary Academy",1333]
[19647330112235,"Los Feliz Charter School for the Arts",827]
[19647330112227,"Lou Dantzler Preparatory Charter Middle",831]
[37684113731304,"MAAC Community Charter",303]
[19647336119945,"Magnolia Science Academy",438]
[19647330117648,"Magnolia Science Academy 6",988]
[19647330117655,"Magnolia Science Academy 7",989]
[7100740114470,"Making Waves Academy",868]
[7617966118368,"Manzanita Middle",333]
[37683386113211,"McGill School of Success",95]
[19647330127977,"Metro Charter",1535]
[19647330102426,"Milagro Charter (PUC)",600]
[27102720125765,"Millennium Charter High ",1392]
[38767520123505,"Mission Preparatory ",1270]
[19647336018204,"Montague Charter Academy",15]
[29102982930147,"Muir Charter (John)",255]
[19647336119044,"Multicultural Learning Center",388]
[37683386115570,"Museum School",81]
[19647330100289,"N.E.W. Academy of Science and Arts",521]
[19647256118269,"New City",291]
[19647330102541,"New Designs Charter",601]
[19647330120071,"New Designs Charter School-Watts",1120]
[19647330111211,"New Heights Charter",761]
[19647330128371,"New Horizons Charter Academy",1567]
[19647330117614,"New Los Angeles Charter",998]
[19643520128496,"New Opportunities Charter",1557]
[10101080125260,"New Spirit Charter Academy",1365]
[19647330111484,"New Village Girls Academy",791]
[36678760120006,"New Vision Middle",1089]
[19756636120158,"New West Charter",431]
[37684520114264,"North County Trade Tech High",884]
[1612596117972,"North Oakland Community Charter",302]
[19647330100776,"North Valley Military Institute College Preparatory Academy",540]
[19647330120055,"Nueva Esperanza Charter Academy (PUC)",1092]
[1612596111660,"Oakland Charter Academy",14]
[1612590114868,"Oakland Charter High",883]
[1612593030772,"Oakland School for the Arts",340]
[1612590100065,"Oakland Unity High",510]
[27659616119663,"Oasis Charter Public",412]
[19647330102335,"Ocean Charter",569]
[37683380123778,"Old Town Academy K-8 Charter",1279]
[26102640126698,"Orange County Conservation Corps Charter",1433]
[30666700109066,"Orange County Educational Arts Academy",701]
[30666703030723,"Orange County School of the Arts (OCSA)",290]
[37683380120709,"Pacific American Academy",1108]
[9765960119537,"Pacific Technology School Santa Ana",1069]
[19647336120489,"Para Los Niño's Charter",475]
[58727360121632,"Paragon Collegiate Academy",1182]
[15101570119669,"Paramount Academy",1078]
[15636280128504,"Peak to Peak Mountain Charter",1575]
[19647330107755,"Port of Los Angeles High",542]
[36678760109850,"Public Safety Academy of San Bernardino",731]
[19647336120471,"Puente Charter School",473]
[1611430122689,"REALM Charter Middle",1254]
[1612596117394,"Reems (Ernestine C.) Academy of Technology and Art",218]
[19647330101683,"Renaissance Arts Academy",579]
["Pending","Resolute Academy"]
[7617960126805,"Richmond Charter Academy",1441]
[7617960110973,"Richmond College Preparatory",755]
[19647330124222,"Rise Kohyang Middle",1315]
[43104390125799,"Rocketship Alma Academy",1394]
[43104390125781,"Rocketship Brilliant Minds",1393]
[43104390123281,"Rocketship Discovery Prep",1193]
[43104390120642,"Rocketship Los Suenos Academy",1127]
[43104390113704,"Rocketship Mateo Sheedy Elementary",850]
[43694500123299,"Rocketship Mosaic Elementary",1192]
[43104390119024,"Rocketship Si Se Puede Academy",1061]
[43694500128108,"Rocketship Spark Academy",1526]
[49709040101923,"Roseland Charter",558]
[19734520129031,"Rowland Heights Charter Academy",1611]
[37683380121681,"San Diego Global Vision Academy",1190]
[43694274330676,"San Jose Conservation Corps Charter",425]
[19647330119974,"Santa Rosa Charter Academy (PUC)",1091]
[19753090129411,"SCALE Leadership Academy",1636]
[19756971996693,"School of Arts and Enterprise",505]
[10621661030642,"School of Unlimited Learning",149]
[20652430100016,"Sherman Thomas Charter",507]
[37684520106120,"SIA Tech, Inc.",627]
[19101991996008,"Soledad Enrichment Action Charter High",124]
[19647330100669,"Stella Middle Charter Academy",535]
[37684110128082,"Stephen W. Hawkings II Science, Technology, Engineering, Art and Math Charter",1524]
[39686760120725,"Stockton Collegiate International Elementary",1142]
[39686760120733,"Stockton Collegiate International Secondary",1143]
[4615070129577,"STREAM Charter",1616]
[43104390128090,"Summit Public School: Denali",1516]
[43104390123794,"Summit Public School: Tahoma",1282]
[7768100125815,"Synergy",1372]
[36678760126706,"Taft T. Newman Leadership Academy",1437]
[39686760124958,"TEAM Charter",1360]
[30103060126037,"The Academy",1419]
[14101400128447,"The Education Corps",1594]
[19648576119580,"The Guidance Charter School",427]
[23655650123737,"Three Rivers Charter",1275]
[19767370102020,"Today's Fresh Start Charter",597]
[19646340119552,"Today's Fresh Start Charter School-Inglewood",1075]
[23656156117386,"Tree of Life Charter",276]
[12629760115154,"Trillium Charter",891]
[19647330112193,"Triumph Academy (PUC)",797]
[19647330122598,"Triumph Charter High (PUC)",1233]
[51714640107318,"Twin Rivers Charter",639]
[43104390113431,"University Preparatory Academy Charter",844]
[26102640124990,"Urban Corps of San Diego County Charter",1355]
[37683380118000,"Urban Discovery Academy Charter",1008]
[19647330125864,"USC Hybrid High",1401]
[10621660111633,"Valley Arts and Science Academy (VASA)",792]
[19647330122754,"Valley Charter Elementary",1237]
[54105460124057,"Valley Life Charter",1293]
[10621660106740,"Valley Preparatory Academy Charter",662]
[19647330120022,"Valor Academy Middle",1095]
[19647330129858,"Everest Value","1638"]
[19647336117048,"View Park Preparatory Accelerated Charter",190]
[19647330101196,"View Park Preparatory Accelerated High",543]
[19647330129866,"Village Charter Academy","1639"]
[1612590123711,"Vincent Academy",1271]
[19647330122739,"Vista Charter Middle",1234]
[11101160124909,"Walden Academy",1350]
[19647336114912,"Watts Learning Center",131]
[19646340101667,"Wilder's Preparatory Academy Charter",582]
[19646340116822,"Wilder's Preparatory Academy Charter Middle",977]
[23656230125658,"Willits Elementary Charter",1373]
[19101990112730,"Wisdom Academy for Young Scientists",839]
[57105790124305,"Woodland Polytechnic Academy",1307]
[36678760126714,"Woodward Leadership Academy",1438]
[14101400117994,"YouthBuild Charter School of California",1012]
[14101400121301,"YouthBuild Charter School of California Central",1165]
[1100170124172,"Yu Ming Charter",1296]
[51714645130125,"Yuba City Charter",289]
[43104390116814,"ACE Empower Academy",972]
[58727365830138,"Marysville Charter Academy for the Arts",306]
[30666700106567,"Nova Academy-Santa Ana",632]
[33736760121673,"NOVA Academy - Coachella","1188"]
[1612596113807,"American Indian Public Charter",108]
[1612590111856,"American Indian Public High",765]
[34765050101766,"Community Outreach Academy",561]
[23656072330272,"Eel River Charter",32]
[1611190130625,"Alternatives in Action",398]
[33670820120675,"Western Center Academy",1144]
[58105870117242,"Yuba Environmental Science Charter Academy","0990"]
[4100410430090,"Learning Community Charter School",110]
[4614400121509,"Ipakanni Early College Charter School",1170]
[43104390131110,"Rocketship Fuerza Community Prep",1687]
[19647330128512,"KIPP Academy of Innovation",1586]
[1612590130732,"Aspire Triumph Technology Academy",1663]
[7617960129643,"Richmond Charter Elementary",1660]
[1612590129635,"Downtown Charter Academy",1661]
[43694274330668,"Latino College Preparatory Academy",414]
[23656150115055,"River Oak Charter School",910]
[37683380101345,"KIPP Adelante Preparatory Academy",550]
[37683386119168,"San Diego Cooperative Charter School",396]
[41689240127548,"Summit Public School: Shasta",1500]
[29102980114330,"Nevada City School of the Arts",869]
[37683380129395,"Elevate Elementary",1633]
[43104390123257,"Downtown College Prep -Alum Rock",1268]
[19647330126193,"Citizens of the World 3",1414]
[37683380129387,"Empower Charter School",634]
[37684523730942,"Guajome Park Academy",50]
[37684520124917,"Guajome Learning Center - WITHDRAWN",1351]
[33672150126128,"REACH Leadership Academy",1409]
[37769010131193,"Thrive Public School",1696]
[19646670125559,"iLead Lancaster Charter School",1376]
[43104390111880,"Discovery Charter School",767]
[29102980114314,"Bitney College Prep APPEAL",871]
[23656232330363,"Willits Charter School",166]

{"sheet":"Instructions","index":6,"n_rows":0,"n_cols":0,"rows_kept":0,"cut":false,"hidden":false,"merged":[]}

{"sheet":"FAQ","index":7,"n_rows":0,"n_cols":0,"rows_kept":0,"cut":false,"hidden":false,"merged":[]}